[INFO] cloning repository https://github.com/LuganoPlanB/swissledger-foundry
[INFO] running `Command { std: "git" "-c" "credential.helper=" "-c" "credential.helper=/workspace/cargo-home/bin/git-credential-null" "clone" "--bare" "https://github.com/LuganoPlanB/swissledger-foundry" "/workspace/cache/git-repos/https%3A%2F%2Fgithub.com%2FLuganoPlanB%2Fswissledger-foundry", kill_on_drop: false }`
[INFO] [stderr] Cloning into bare repository '/workspace/cache/git-repos/https%3A%2F%2Fgithub.com%2FLuganoPlanB%2Fswissledger-foundry'...
[INFO] running `Command { std: "git" "rev-parse" "HEAD", kill_on_drop: false }`
[INFO] [stdout] 7ac07c5731c9a768edcab2b8506047e4d9dc587c
[INFO] checking LuganoPlanB/swissledger-foundry against 40527f3e444fde1deb361751bdef9b9e11d1b971+rustflags=--cfg crater_hack --force-warn invalid-c-variadic-arguments for pr-162478
[INFO] running `Command { std: "git" "clone" "/workspace/cache/git-repos/https%3A%2F%2Fgithub.com%2FLuganoPlanB%2Fswissledger-foundry" "/workspace/builds/worker-2-tc2/source", kill_on_drop: false }`
[INFO] [stderr] Cloning into '/workspace/builds/worker-2-tc2/source'...
[INFO] [stderr] done.
[INFO] removed /workspace/builds/worker-2-tc2/source/.cargo/config.toml
[INFO] started tweaking git repo https://github.com/LuganoPlanB/swissledger-foundry
[INFO] finished tweaking git repo https://github.com/LuganoPlanB/swissledger-foundry
[INFO] tweaked toml for git repo https://github.com/LuganoPlanB/swissledger-foundry written to /workspace/builds/worker-2-tc2/source/Cargo.toml
[INFO] validating manifest of git repo https://github.com/LuganoPlanB/swissledger-foundry on toolchain 40527f3e444fde1deb361751bdef9b9e11d1b971
[INFO] running `Command { std: CARGO_HOME="/workspace/cargo-home" RUSTUP_HOME="/workspace/rustup-home" "/workspace/cargo-home/bin/cargo" "+40527f3e444fde1deb361751bdef9b9e11d1b971" "metadata" "--manifest-path" "Cargo.toml" "--no-deps", kill_on_drop: false }`
[INFO] crate git repo https://github.com/LuganoPlanB/swissledger-foundry already has a lockfile, it will not be regenerated
[INFO] running `Command { std: CARGO_HOME="/workspace/cargo-home" RUSTUP_HOME="/workspace/rustup-home" "/workspace/cargo-home/bin/cargo" "+40527f3e444fde1deb361751bdef9b9e11d1b971" "fetch" "--manifest-path" "Cargo.toml", kill_on_drop: false }`
[INFO] [stderr] warning: unused workspace dependency `cast`
[INFO] [stderr]    --> Cargo.toml:595:25
[INFO] [stderr]     |
[INFO] [stderr] 595 | [workspace.dependencies.cast]
[INFO] [stderr]     |                         ^^^^
[INFO] [stderr]     |
[INFO] [stderr]     = note: `cargo::unused_workspace_dependencies` is set to `warn` by default
[INFO] [stderr] help: consider removing the workspace dependency `cast`
[INFO] [stderr] warning: unused workspace dependency `chisel`
[INFO] [stderr]    --> Cargo.toml:598:25
[INFO] [stderr]     |
[INFO] [stderr] 598 | [workspace.dependencies.chisel]
[INFO] [stderr]     |                         ^^^^^^
[INFO] [stderr]     |
[INFO] [stderr] help: consider removing the workspace dependency `chisel`
[INFO] [stderr] warning: unused workspace dependency `forge`
[INFO] [stderr]    --> Cargo.toml:619:25
[INFO] [stderr]     |
[INFO] [stderr] 619 | [workspace.dependencies.forge]
[INFO] [stderr]     |                         ^^^^^
[INFO] [stderr]     |
[INFO] [stderr] help: consider removing the workspace dependency `forge`
[INFO] [stderr] warning: workspace (manifest) generated 3 warnings
[INFO] [stderr] warning: missing `[lints]` to inherit `[workspace.lints]`
[INFO] [stderr]   --> crates/wallets/Cargo.toml
[INFO] [stderr]    = note: `cargo::missing_lints_inheritance` is set to `warn` by default
[INFO] [stderr] help: to inherit `workspace.lints, add:
[INFO] [stderr]    |
[INFO] [stderr] 52 ~ tokio = { version = "1", features = ["rt-multi-thread", "macros"] }
[INFO] [stderr] 53 + [lints]
[INFO] [stderr] 54 + workspace = true
[INFO] [stderr]    |
[INFO] [stderr] help: to clarify your intent to not inherit, add:
[INFO] [stderr]    |
[INFO] [stderr] 52 ~ tokio = { version = "1", features = ["rt-multi-thread", "macros"] }
[INFO] [stderr] 53 + [lints]
[INFO] [stderr]    |
[INFO] [stderr] warning: `foundry-wallets` (manifest) generated 1 warning
[INFO] [stderr] warning: missing `[lints]` to inherit `[workspace.lints]`
[INFO] [stderr]   --> crates/tempo-contracts-stub/Cargo.toml
[INFO] [stderr]    = note: `cargo::missing_lints_inheritance` is set to `warn` by default
[INFO] [stderr] help: to inherit `workspace.lints, add:
[INFO] [stderr]    |
[INFO] [stderr] 21 ~ std = []
[INFO] [stderr] 22 + [lints]
[INFO] [stderr] 23 + workspace = true
[INFO] [stderr]    |
[INFO] [stderr] help: to clarify your intent to not inherit, add:
[INFO] [stderr]    |
[INFO] [stderr] 21 ~ std = []
[INFO] [stderr] 22 + [lints]
[INFO] [stderr]    |
[INFO] [stderr] warning: `tempo-contracts` (manifest) generated 1 warning
[INFO] running `Command { std: "docker" "create" "-v" "/var/lib/crater-agent-workspace/builds/worker-2-tc2/source:/opt/rustwide/workdir:ro,Z" "-v" "/var/lib/crater-agent-workspace/builds/worker-2-tc2/target:/opt/rustwide/target:rw,Z" "-v" "/var/lib/crater-agent-workspace/cargo-home:/opt/rustwide/cargo-home:ro,Z" "-v" "/var/lib/crater-agent-workspace/rustup-home:/opt/rustwide/rustup-home:ro,Z" "-m" "1610612736" "--network" "none" "ghcr.io/rust-lang/crates-build-env/linux@sha256:8683fc1fc2eb5c9ac98e0d076ab094b2ffac7f99da555d2b6a2e27f346de2ec7" "sleep" "infinity", kill_on_drop: false }`
[INFO] [stdout] bb5ff20b9a1f2cc3466e140925c2332f93a6fe3a75ad0253ec39acf0a3d05e71
[INFO] running `Command { std: "docker" "start" "bb5ff20b9a1f2cc3466e140925c2332f93a6fe3a75ad0253ec39acf0a3d05e71", kill_on_drop: false }`
[INFO] running `Command { std: "docker" "inspect" "bb5ff20b9a1f2cc3466e140925c2332f93a6fe3a75ad0253ec39acf0a3d05e71", kill_on_drop: false }`
[INFO] running `Command { std: "docker" "exec" "-e" "SOURCE_DIR=/opt/rustwide/workdir" "-e" "CARGO_HOME=/opt/rustwide/cargo-home" "-e" "RUSTUP_HOME=/opt/rustwide/rustup-home" "-e" "CARGO_TARGET_DIR=/opt/rustwide/target" "-w" "/opt/rustwide/workdir" "--user" "0:0" "bb5ff20b9a1f2cc3466e140925c2332f93a6fe3a75ad0253ec39acf0a3d05e71" "/opt/rustwide/cargo-home/bin/cargo" "+40527f3e444fde1deb361751bdef9b9e11d1b971" "metadata" "--no-deps" "--format-version=1", kill_on_drop: false }`
[INFO] running `Command { std: "docker" "inspect" "bb5ff20b9a1f2cc3466e140925c2332f93a6fe3a75ad0253ec39acf0a3d05e71", kill_on_drop: false }`
[INFO] running `Command { std: "docker" "exec" "-e" "SOURCE_DIR=/opt/rustwide/workdir" "-e" "CARGO_HOME=/opt/rustwide/cargo-home" "-e" "RUSTUP_HOME=/opt/rustwide/rustup-home" "-e" "CARGO_TARGET_DIR=/opt/rustwide/target" "-e" "CARGO_INCREMENTAL=0" "-e" "RUST_BACKTRACE=full" "-e" "RUSTFLAGS=--cap-lints=forbid --cfg crater_hack --force-warn invalid-c-variadic-arguments" "-e" "RUSTDOCFLAGS=--cap-lints=forbid" "-w" "/opt/rustwide/workdir" "--user" "0:0" "bb5ff20b9a1f2cc3466e140925c2332f93a6fe3a75ad0253ec39acf0a3d05e71" "/opt/rustwide/cargo-home/bin/cargo" "+40527f3e444fde1deb361751bdef9b9e11d1b971" "check" "--frozen" "--all" "--all-targets" "--message-format=json", kill_on_drop: false }`
[INFO] [stderr] warning: unused workspace dependency `cast`
[INFO] [stderr]    --> Cargo.toml:595:25
[INFO] [stderr]     |
[INFO] [stderr] 595 | [workspace.dependencies.cast]
[INFO] [stderr]     |                         ^^^^
[INFO] [stderr]     |
[INFO] [stderr]     = note: `cargo::unused_workspace_dependencies` is set to `warn` by default
[INFO] [stderr] help: consider removing the workspace dependency `cast`
[INFO] [stderr] warning: unused workspace dependency `chisel`
[INFO] [stderr]    --> Cargo.toml:598:25
[INFO] [stderr]     |
[INFO] [stderr] 598 | [workspace.dependencies.chisel]
[INFO] [stderr]     |                         ^^^^^^
[INFO] [stderr]     |
[INFO] [stderr] help: consider removing the workspace dependency `chisel`
[INFO] [stderr] warning: unused workspace dependency `forge`
[INFO] [stderr]    --> Cargo.toml:619:25
[INFO] [stderr]     |
[INFO] [stderr] 619 | [workspace.dependencies.forge]
[INFO] [stderr]     |                         ^^^^^
[INFO] [stderr]     |
[INFO] [stderr] help: consider removing the workspace dependency `forge`
[INFO] [stderr] warning: workspace (manifest) generated 3 warnings
[INFO] [stderr] warning: missing `[lints]` to inherit `[workspace.lints]`
[INFO] [stderr]   --> crates/tempo-contracts-stub/Cargo.toml
[INFO] [stderr]    = note: `cargo::missing_lints_inheritance` is set to `warn` by default
[INFO] [stderr] help: to inherit `workspace.lints, add:
[INFO] [stderr]    |
[INFO] [stderr] 21 ~ std = []
[INFO] [stderr] 22 + [lints]
[INFO] [stderr] 23 + workspace = true
[INFO] [stderr]    |
[INFO] [stderr] help: to clarify your intent to not inherit, add:
[INFO] [stderr]    |
[INFO] [stderr] 21 ~ std = []
[INFO] [stderr] 22 + [lints]
[INFO] [stderr]    |
[INFO] [stderr] warning: `tempo-contracts` (manifest) generated 1 warning
[INFO] [stderr] warning: missing `[lints]` to inherit `[workspace.lints]`
[INFO] [stderr]   --> crates/wallets/Cargo.toml
[INFO] [stderr]    = note: `cargo::missing_lints_inheritance` is set to `warn` by default
[INFO] [stderr] help: to inherit `workspace.lints, add:
[INFO] [stderr]    |
[INFO] [stderr] 52 ~ tokio = { version = "1", features = ["rt-multi-thread", "macros"] }
[INFO] [stderr] 53 + [lints]
[INFO] [stderr] 54 + workspace = true
[INFO] [stderr]    |
[INFO] [stderr] help: to clarify your intent to not inherit, add:
[INFO] [stderr]    |
[INFO] [stderr] 52 ~ tokio = { version = "1", features = ["rt-multi-thread", "macros"] }
[INFO] [stderr] 53 + [lints]
[INFO] [stderr]    |
[INFO] [stderr] warning: `foundry-wallets` (manifest) generated 1 warning
[INFO] [stderr]    Compiling proc-macro2 v1.0.106
[INFO] [stderr]    Compiling quote v1.0.46
[INFO] [stderr]    Compiling unicode-ident v1.0.24
[INFO] [stderr]    Compiling serde_core v1.0.228
[INFO] [stderr]     Checking cfg-if v1.0.4
[INFO] [stderr]    Compiling libc v0.2.186
[INFO] [stderr]    Compiling serde v1.0.228
[INFO] [stderr]    Compiling version_check v0.9.5
[INFO] [stderr]     Checking typenum v1.20.1
[INFO] [stderr]    Compiling portable-atomic v1.13.1
[INFO] [stderr]     Checking critical-section v1.2.0
[INFO] [stderr]    Compiling shlex v2.0.1
[INFO] [stderr]    Compiling find-msvc-tools v0.1.9
[INFO] [stderr]     Checking allocator-api2 v0.2.21
[INFO] [stderr]    Compiling generic-array v0.14.7
[INFO] [stderr]    Compiling syn v2.0.118
[INFO] [stderr]     Checking equivalent v1.0.2
[INFO] [stderr]     Checking foldhash v0.2.0
[INFO] [stderr]     Checking memchr v2.8.2
[INFO] [stderr]     Checking once_cell v1.21.4
[INFO] [stderr]     Checking subtle v2.6.1
[INFO] [stderr]    Compiling jobserver v0.1.34
[INFO] [stderr]     Checking itoa v1.0.18
[INFO] [stderr]     Checking const-oid v0.9.6
[INFO] [stderr]    Compiling zerocopy v0.8.52
[INFO] [stderr]    Compiling autocfg v1.5.1
[INFO] [stderr]    Compiling cc v1.2.65
[INFO] [stderr]     Checking getrandom v0.2.17
[INFO] [stderr]     Checking value-bag v1.12.0
[INFO] [stderr]     Checking cpufeatures v0.2.17
[INFO] [stderr]     Checking rand_core v0.6.4
[INFO] [stderr]     Checking regex-syntax v0.8.11
[INFO] [stderr]    Compiling libm v0.2.16
[INFO] [stderr]    Compiling num-traits v0.2.19
[INFO] [stderr]    Compiling unicode-xid v0.2.6
[INFO] [stderr]     Checking log v0.4.33
[INFO] [stderr]    Compiling paste v1.0.15
[INFO] [stderr]    Compiling rustix v1.1.4
[INFO] [stderr]    Compiling getrandom v0.3.4
[INFO] [stderr]    Compiling thiserror v2.0.18
[INFO] [stderr]     Checking linux-raw-sys v0.12.1
[INFO] [stderr]    Compiling unicode-segmentation v1.13.3
[INFO] [stderr]    Compiling convert_case v0.10.0
[INFO] [stderr]    Compiling getrandom v0.4.3
[INFO] [stderr]     Checking pin-project-lite v0.2.17
[INFO] [stderr]     Checking fnv v1.0.7
[INFO] [stderr]    Compiling zmij v1.0.21
[INFO] [stderr]    Compiling ruint-macro v1.2.1
[INFO] [stderr]     Checking bitflags v2.13.0
[INFO] [stderr]     Checking hashbrown v0.17.1
[INFO] [stderr]     Checking hybrid-array v0.4.12
[INFO] [stderr]     Checking base64ct v1.8.3
[INFO] [stderr]     Checking const-hex v1.19.1
[INFO] [stderr]     Checking num-integer v0.1.46
[INFO] [stderr]     Checking base16ct v0.2.0
[INFO] [stderr]     Checking pem-rfc7468 v0.7.0
[INFO] [stderr]     Checking ff v0.13.1
[INFO] [stderr]     Checking fastrand v2.4.1
[INFO] [stderr]     Checking keccak v0.2.0
[INFO] [stderr]     Checking group v0.13.0
[INFO] [stderr]    Compiling serde_json v1.0.150
[INFO] [stderr]     Checking const-oid v0.10.2
[INFO] [stderr]     Checking wait-timeout v0.2.1
[INFO] [stderr]     Checking bit-vec v0.8.0
[INFO] [stderr]     Checking quick-error v1.2.3
[INFO] [stderr]     Checking crypto-common v0.2.2
[INFO] [stderr]     Checking block-buffer v0.12.1
[INFO] [stderr]    Compiling secp256k1-sys v0.11.0
[INFO] [stderr]     Checking bit-set v0.8.0
[INFO] [stderr]    Compiling sha3-asm v0.1.8
[INFO] [stderr]     Checking unarray v0.1.4
[INFO] [stderr]     Checking tracing-core v0.1.36
[INFO] [stderr]    Compiling dunce v1.0.5
[INFO] [stderr]    Compiling winnow v1.0.3
[INFO] [stderr]    Compiling heck v0.5.0
[INFO] [stderr]    Compiling parking_lot_core v0.9.12
[INFO] [stderr]    Compiling rustversion v1.0.22
[INFO] [stderr]     Checking digest v0.11.3
[INFO] [stderr]     Checking sha3 v0.11.0
[INFO] [stderr]     Checking tempfile v3.27.0
[INFO] [stderr]    Compiling ident_case v1.0.1
[INFO] [stderr]    Compiling strsim v0.11.1
[INFO] [stderr]     Checking base64 v0.22.1
[INFO] [stderr]     Checking rusty-fork v0.3.1
[INFO] [stderr]    Compiling indexmap v2.14.0
[INFO] [stderr]    Compiling synstructure v0.13.2
[INFO] [stderr]     Checking scopeguard v1.2.0
[INFO] [stderr]     Checking lock_api v0.4.14
[INFO] [stderr]    Compiling toml_parser v1.1.2+spec-1.1.0
[INFO] [stderr]    Compiling cmake v0.1.58
[INFO] [stderr]    Compiling fs_extra v1.3.0
[INFO] [stderr]    Compiling serde_derive v1.0.228
[INFO] [stderr]    Compiling zeroize_derive v1.5.0
[INFO] [stderr]    Compiling derive_arbitrary v1.4.2
[INFO] [stderr]    Compiling zerocopy-derive v0.8.52
[INFO] [stderr]    Compiling thiserror-impl v2.0.18
[INFO] [stderr]    Compiling derive_more-impl v2.1.1
[INFO] [stderr]     Checking zeroize v1.9.0
[INFO] [stderr]     Checking arrayvec v0.7.7
[INFO] [stderr]     Checking arbitrary v1.4.2
[INFO] [stderr]     Checking der v0.7.10
[INFO] [stderr]     Checking crypto-common v0.1.7
[INFO] [stderr]     Checking block-buffer v0.10.4
[INFO] [stderr]     Checking digest v0.10.7
[INFO] [stderr]     Checking sha2 v0.10.9
[INFO] [stderr]     Checking hmac v0.12.1
[INFO] [stderr]     Checking crypto-bigint v0.5.5
[INFO] [stderr]     Checking spki v0.7.3
[INFO] [stderr]     Checking signature v2.2.0
[INFO] [stderr]     Checking pkcs8 v0.10.2
[INFO] [stderr]     Checking rfc6979 v0.4.0
[INFO] [stderr]    Compiling alloy-rlp-derive v0.3.15
[INFO] [stderr]     Checking keccak-asm v0.1.8
[INFO] [stderr]    Compiling proptest-derive v0.8.0
[INFO] [stderr]    Compiling tracing-attributes v0.1.31
[INFO] [stderr]    Compiling zerofrom-derive v0.1.7
[INFO] [stderr]    Compiling auto_impl v1.3.0
[INFO] [stderr]     Checking tracing v0.1.44
[INFO] [stderr]    Compiling yoke-derive v0.8.2
[INFO] [stderr]    Compiling zerovec-derive v0.11.3
[INFO] [stderr]    Compiling displaydoc v0.2.6
[INFO] [stderr]     Checking bytes v1.12.0
[INFO] [stderr]     Checking smallvec v1.15.2
[INFO] [stderr]     Checking rand_core v0.9.5
[INFO] [stderr]     Checking serdect v0.2.0
[INFO] [stderr]     Checking rand_xorshift v0.4.0
[INFO] [stderr]     Checking sec1 v0.7.3
[INFO] [stderr]     Checking either v1.16.0
[INFO] [stderr]     Checking elliptic-curve v0.13.8
[INFO] [stderr]     Checking alloy-rlp v0.3.15
[INFO] [stderr]     Checking parking_lot v0.12.5
[INFO] [stderr]    Compiling darling_core v0.23.0
[INFO] [stderr]     Checking alloy-sol-type-parser v1.6.0
[INFO] [stderr]     Checking hex v0.4.3
[INFO] [stderr]     Checking ecdsa v0.16.9
[INFO] [stderr]    Compiling crossbeam-utils v0.8.21
[INFO] [stderr]    Compiling aws-lc-sys v0.41.0
[INFO] [stderr]     Checking errno v0.3.14
[INFO] [stderr]    Compiling toml_datetime v1.1.1+spec-1.1.0
[INFO] [stderr]     Checking futures-core v0.3.32
[INFO] [stderr]     Checking k256 v0.13.4
[INFO] [stderr]     Checking signal-hook-registry v1.4.8
[INFO] [stderr]    Compiling toml_edit v0.25.12+spec-1.1.0
[INFO] [stderr]     Checking derive_more v2.1.1
[INFO] [stderr]    Compiling blst v0.3.16
[INFO] [stderr]     Checking mio v1.2.1
[INFO] [stderr]    Compiling proc-macro-error-attr2 v2.0.0
[INFO] [stderr]    Compiling ruint v1.18.0
[INFO] [stderr]    Compiling proc-macro-crate v3.5.0
[INFO] [stderr]     Checking num_cpus v1.17.0
[INFO] [stderr]     Checking stable_deref_trait v1.2.1
[INFO] [stderr]    Compiling rustc-hash v2.1.2
[INFO] [stderr]     Checking threadpool v1.8.1
[INFO] [stderr]     Checking itertools v0.14.0
[INFO] [stderr]    Compiling c-kzg v2.1.7
[INFO] [stderr]    Compiling icu_properties_data v2.0.1
[INFO] [stderr]    Compiling icu_normalizer_data v2.0.0
[INFO] [stderr]    Compiling alloy-primitives v1.6.0
[INFO] [stderr]     Checking crc-catalog v2.5.0
[INFO] [stderr]     Checking ppv-lite86 v0.2.21
[INFO] [stderr]     Checking crc v3.4.0
[INFO] [stderr]    Compiling proc-macro-error2 v2.0.1
[INFO] [stderr]    Compiling darling_macro v0.23.0
[INFO] [stderr]    Compiling tokio-macros v2.7.0
[INFO] [stderr]     Checking rand_chacha v0.3.1
[INFO] [stderr]     Checking rand v0.8.6
[INFO] [stderr]     Checking rand_chacha v0.9.0
[INFO] [stderr]    Compiling darling v0.23.0
[INFO] [stderr]    Compiling macro-string v0.2.0
[INFO] [stderr]     Checking rand v0.9.4
[INFO] [stderr]    Compiling syn-solidity v1.6.0
[INFO] [stderr]     Checking socket2 v0.6.4
[INFO] [stderr]     Checking futures-sink v0.3.32
[INFO] [stderr]     Checking tokio v1.52.3
[INFO] [stderr]    Compiling serde_with_macros v3.21.0
[INFO] [stderr]    Compiling alloy-json-abi v1.6.0
[INFO] [stderr]     Checking http v1.4.2
[INFO] [stderr]     Checking zerofrom v0.1.8
[INFO] [stderr]     Checking proptest v1.11.0
[INFO] [stderr]     Checking secp256k1 v0.31.1
[INFO] [stderr]     Checking yoke v0.8.3
[INFO] [stderr]     Checking serde_with v3.21.0
[INFO] [stderr]    Compiling secp256k1-sys v0.10.1
[INFO] [stderr]     Checking slab v0.4.12
[INFO] [stderr]     Checking zerovec v0.11.6
[INFO] [stderr]    Compiling alloy-sol-macro-input v1.6.0
[INFO] [stderr]    Compiling alloy-sol-macro-expander v1.6.0
[INFO] [stderr]     Checking futures-channel v0.3.32
[INFO] [stderr]    Compiling num_enum_derive v0.7.6
[INFO] [stderr]     Checking num-bigint v0.4.6
[INFO] [stderr]    Compiling futures-macro v0.3.32
[INFO] [stderr]     Checking nybbles v0.4.8
[INFO] [stderr]     Checking num_enum v0.7.6
[INFO] [stderr]     Checking futures-task v0.3.32
[INFO] [stderr]     Checking futures-io v0.3.32
[INFO] [stderr]    Compiling alloy-tx-macros v2.1.0
[INFO] [stderr]     Checking futures-util v0.3.32
[INFO] [stderr]     Checking tinystr v0.8.3
[INFO] [stderr]     Checking writeable v0.6.3
[INFO] [stderr]     Checking litemap v0.8.2
[INFO] [stderr]     Checking icu_locale_core v2.2.0
[INFO] [stderr]     Checking alloy-eip7702 v0.6.3
[INFO] [stderr]     Checking alloy-eip2930 v0.2.3
[INFO] [stderr]     Checking alloy-eip2124 v0.2.0
[INFO] [stderr]     Checking alloy-serde v2.1.0
[INFO] [stderr]     Checking alloy-eip7928 v0.4.4
[INFO] [stderr]     Checking alloy-trie v0.9.5
[INFO] [stderr]     Checking potential_utf v0.1.5
[INFO] [stderr]     Checking zerotrie v0.2.4
[INFO] [stderr]     Checking percent-encoding v2.3.2
[INFO] [stderr]     Checking secp256k1 v0.30.0
[INFO] [stderr]    Compiling httparse v1.10.1
[INFO] [stderr]     Checking alloy-eips v2.1.0
[INFO] [stderr]     Checking icu_provider v2.2.0
[INFO] [stderr]     Checking icu_collections v2.0.0
[INFO] [stderr]    Compiling aws-lc-rs v1.17.0
[INFO] [stderr]     Checking form_urlencoded v1.2.2
[INFO] [stderr]     Checking icu_normalizer v2.0.1
[INFO] [stderr]     Checking icu_properties v2.0.2
[INFO] [stderr]    Compiling strum_macros v0.27.2
[INFO] [stderr]     Checking untrusted v0.7.1
[INFO] [stderr]     Checking utf8_iter v1.0.4
[INFO] [stderr]    Compiling radium v0.7.0
[INFO] [stderr]     Checking tap v1.0.1
[INFO] [stderr]     Checking wyz v0.5.1
[INFO] [stderr]     Checking funty v2.0.0
[INFO] [stderr]     Checking unicase v2.9.0
[INFO] [stderr]    Compiling alloy-sol-macro v1.6.0
[INFO] [stderr]     Checking revm-primitives v23.0.0
[INFO] [stderr]     Checking bitvec v1.1.1
[INFO] [stderr]     Checking alloy-consensus v2.1.0
[INFO] [stderr]     Checking alloy-eip7928 v0.3.7
[INFO] [stderr]     Checking alloy-sol-types v1.6.0
[INFO] [stderr]     Checking idna_adapter v1.2.1
[INFO] [stderr]     Checking idna v1.1.0
[INFO] [stderr]     Checking tokio-util v0.7.18
[INFO] [stderr]     Checking url v2.5.8
[INFO] [stderr]     Checking tower-service v0.3.3
[INFO] [stderr]     Checking num-rational v0.4.2
[INFO] [stderr]     Checking rustls-pki-types v1.14.1
[INFO] [stderr]    Compiling ring v0.17.14
[INFO] [stderr]     Checking strum v0.27.2
[INFO] [stderr]     Checking sync_wrapper v1.0.2
[INFO] [stderr]     Checking tower-layer v0.3.3
[INFO] [stderr]     Checking http-body v1.0.1
[INFO] [stderr]    Compiling enum-ordinalize-derive v4.3.2
[INFO] [stderr]     Checking untrusted v0.9.0
[INFO] [stderr]     Checking ryu v1.0.23
[INFO] [stderr]     Checking tower v0.5.3
[INFO] [stderr]    Compiling enum-ordinalize v4.3.2
[INFO] [stderr]     Checking alloy-network-primitives v2.1.0
[INFO] [stderr]     Checking alloy-consensus-any v2.1.0
[INFO] [stderr]     Checking revm-bytecode v10.0.0
[INFO] [stderr]     Checking ark-std v0.5.0
[INFO] [stderr]    Compiling ark-serialize-derive v0.5.0
[INFO] [stderr]    Compiling ahash v0.8.12
[INFO] [stderr]    Compiling rustls v0.23.41
[INFO] [stderr]    Compiling educe v0.6.0
[INFO] [stderr]     Checking revm-state v11.0.1
[INFO] [stderr]     Checking itertools v0.13.0
[INFO] [stderr]     Checking ark-serialize v0.5.0
[INFO] [stderr]     Checking alloy-rpc-types-eth v2.1.0
[INFO] [stderr]    Compiling ark-ff-asm v0.5.0
[INFO] [stderr]     Checking httpdate v1.0.3
[INFO] [stderr]     Checking try-lock v0.2.5
[INFO] [stderr]     Checking atomic-waker v1.1.2
[INFO] [stderr]     Checking want v0.3.1
[INFO] [stderr]     Checking h2 v0.4.15
[INFO] [stderr]     Checking revm-database-interface v11.0.1
[INFO] [stderr]    Compiling ark-ff-macros v0.5.0
[INFO] [stderr]     Checking mime v0.3.17
[INFO] [stderr]    Compiling mime_guess v2.0.5
[INFO] [stderr]     Checking http-body-util v0.1.3
[INFO] [stderr]     Checking hashbrown v0.15.5
[INFO] [stderr]     Checking ipnet v2.12.0
[INFO] [stderr]     Checking unicode-width v0.2.2
[INFO] [stderr]     Checking webpki-roots v1.0.8
[INFO] [stderr]     Checking serde_urlencoded v0.7.1
[INFO] [stderr]     Checking crossbeam-epoch v0.9.18
[INFO] [stderr]     Checking http-range-header v0.4.2
[INFO] [stderr]     Checking tower-http v0.6.11
[INFO] [stderr]     Checking alloy-chains v0.2.34
[INFO] [stderr]     Checking crossbeam-deque v0.8.6
[INFO] [stderr]     Checking ripemd v0.1.3
[INFO] [stderr]    Compiling rayon-core v1.13.0
[INFO] [stderr]     Checking ark-ff v0.5.0
[INFO] [stderr]     Checking revm-context-interface v17.0.1
[INFO] [stderr]     Checking futures-executor v0.3.32
[INFO] [stderr]     Checking primeorder v0.13.6
[INFO] [stderr]     Checking num-iter v0.1.45
[INFO] [stderr]     Checking num-complex v0.4.6
[INFO] [stderr]     Checking arrayref v0.3.9
[INFO] [stderr]     Checking p256 v0.13.2
[INFO] [stderr]     Checking futures v0.3.32
[INFO] [stderr]     Checking rayon v1.12.0
[INFO] [stderr]     Checking revm-database v13.0.1
[INFO] [stderr]     Checking num v0.4.3
[INFO] [stderr]     Checking alloy-json-rpc v2.1.0
[INFO] [stderr]     Checking aho-corasick v1.1.4
[INFO] [stderr]     Checking futures-utils-wasm v0.1.0
[INFO] [stderr]     Checking openssl-probe v0.2.1
[INFO] [stderr]     Checking rustls-native-certs v0.8.4
[INFO] [stderr]     Checking aurora-engine-modexp v1.2.0
[INFO] [stderr]    Compiling derive-where v1.6.1
[INFO] [stderr]     Checking hyper v1.10.1
[INFO] [stderr]     Checking raw-cpuid v11.6.0
[INFO] [stderr]     Checking regex-automata v0.4.14
[INFO] [stderr]     Checking dyn-clone v1.0.20
[INFO] [stderr]     Checking revm-interpreter v35.0.1
[INFO] [stderr]     Checking alloy-genesis v2.1.0
[INFO] [stderr]     Checking revm-context v16.0.1
[INFO] [stderr]     Checking hyper-util v0.1.20
[INFO] [stderr]    Compiling async-trait v0.1.89
[INFO] [stderr]     Checking hashbrown v0.14.5
[INFO] [stderr]     Checking quanta v0.12.6
[INFO] [stderr]    Compiling num-conv v0.2.2
[INFO] [stderr]     Checking reth-primitives-traits v0.3.0 (https://github.com/paradigmxyz/reth-core?rev=6b12498#6b124988)
[INFO] [stderr]    Compiling time-core v0.1.9
[INFO] [stderr]     Checking alloy-dyn-abi v1.6.0
[INFO] [stderr]     Checking anstyle v1.0.14
[INFO] [stderr]     Checking dashmap v6.2.1
[INFO] [stderr]     Checking sha1 v0.10.6
[INFO] [stderr]     Checking hashbrown v0.16.1
[INFO] [stderr]     Checking data-encoding v2.11.0
[INFO] [stderr]     Checking utf-8 v0.7.6
[INFO] [stderr]     Checking ark-poly v0.5.0
[INFO] [stderr]     Checking alloy-hardforks v0.4.7
[INFO] [stderr]     Checking alloy-rpc-types-any v2.1.0
[INFO] [stderr]    Compiling pin-project-internal v1.1.13
[INFO] [stderr]     Checking static_assertions v1.1.0
[INFO] [stderr]     Checking reth-trie-common v2.1.0 (https://github.com/paradigmxyz/reth?rev=7839f3d#7839f3d8)
[INFO] [stderr]     Checking utf8parse v0.2.2
[INFO] [stderr]    Compiling time-macros v0.2.30
[INFO] [stderr]     Checking alloy-transport v2.1.0
[INFO] [stderr]     Checking alloy-signer v2.1.0
[INFO] [stderr]     Checking powerfmt v0.2.0
[INFO] [stderr]     Checking alloy-network v2.1.0
[INFO] [stderr]     Checking ark-ec v0.5.0
[INFO] [stderr]    Compiling doctest-file v1.1.1
[INFO] [stderr]     Checking deranged v0.5.8
[INFO] [stderr]    Compiling thiserror v1.0.69
[INFO] [stderr]     Checking pin-project v1.1.13
[INFO] [stderr]     Checking tokio-stream v0.1.18
[INFO] [stderr]    Compiling thiserror-impl v1.0.69
[INFO] [stderr]     Checking interprocess v2.4.2
[INFO] [stderr]     Checking colorchoice v1.0.5
[INFO] [stderr]     Checking konst_macro_rules v0.2.19
[INFO] [stderr]     Checking bimap v0.6.3
[INFO] [stderr]     Checking konst v0.2.20
[INFO] [stderr]     Checking webpki-roots v0.26.11
[INFO] [stderr]     Checking alloy-pubsub v2.1.0
[INFO] [stderr]     Checking pem v3.0.6
[INFO] [stderr]    Compiling parity-scale-codec v3.7.5
[INFO] [stderr]    Compiling const_format_proc_macros v0.2.34
[INFO] [stderr]     Checking reth-ethereum-primitives v2.1.0 (https://github.com/paradigmxyz/reth?rev=7839f3d#7839f3d8)
[INFO] [stderr]     Checking alloy-rpc-types-trace v2.1.0
[INFO] [stderr]    Compiling fixed-map-derive v0.9.5
[INFO] [stderr]     Checking time v0.3.51
[INFO] [stderr]    Compiling impl-trait-for-tuples v0.2.3
[INFO] [stderr]     Checking ark-bls12-381 v0.5.0
[INFO] [stderr]     Checking ark-bn254 v0.5.0
[INFO] [stderr]     Checking const_format v0.2.36
[INFO] [stderr]    Compiling modular-bitfield-impl v0.13.1
[INFO] [stderr]     Checking anstyle-query v1.1.5
[INFO] [stderr]     Checking is_terminal_polyfill v1.70.2
[INFO] [stderr]     Checking revm-precompile v34.0.0
[INFO] [stderr]     Checking byte-slice-cast v1.2.3
[INFO] [stderr]     Checking alloy-transport-ipc v2.1.0
[INFO] [stderr]     Checking reth-stages-types v2.1.0 (https://github.com/paradigmxyz/reth?rev=7839f3d#7839f3d8)
[INFO] [stderr]     Checking revm-handler v18.1.0
[INFO] [stderr]     Checking reth-ethereum-forks v2.1.0 (https://github.com/paradigmxyz/reth?rev=7839f3d#7839f3d8)
[INFO] [stderr]     Checking simple_asn1 v0.6.4
[INFO] [stderr]     Checking alloy-rpc-types-txpool v2.1.0
[INFO] [stderr]     Checking reth-network-peers v2.1.0 (https://github.com/paradigmxyz/reth?rev=7839f3d#7839f3d8)
[INFO] [stderr]     Checking modular-bitfield v0.13.1
[INFO] [stderr]    Compiling reth-codecs-derive v0.3.0 (https://github.com/paradigmxyz/reth-core?rev=6b12498#6b124988)
[INFO] [stderr]     Checking revm-inspector v19.0.0
[INFO] [stderr]    Compiling async-stream-impl v0.3.6
[INFO] [stderr]     Checking fixed-map v0.9.5
[INFO] [stderr]     Checking regex v1.12.4
[INFO] [stderr]     Checking lru v0.16.4
[INFO] [stderr]     Checking reth-prune-types v2.1.0 (https://github.com/paradigmxyz/reth?rev=7839f3d#7839f3d8)
[INFO] [stderr]     Checking revm v38.0.0
[INFO] [stderr]     Checking reth-static-file-types v2.1.0 (https://github.com/paradigmxyz/reth?rev=7839f3d#7839f3d8)
[INFO] [stderr]     Checking alloy-evm v0.33.3
[INFO] [stderr]     Checking alloy-rpc-types-debug v2.1.0
[INFO] [stderr]     Checking async-stream v0.3.6
[INFO] [stderr]     Checking reth-codecs v0.3.0 (https://github.com/paradigmxyz/reth-core?rev=6b12498#6b124988)
[INFO] [stderr]     Checking reth-db-models v2.1.0 (https://github.com/paradigmxyz/reth?rev=7839f3d#7839f3d8)
[INFO] [stderr]    Compiling semver v1.0.28
[INFO] [stderr]     Checking digest v0.9.0
[INFO] [stderr]     Checking block-buffer v0.9.0
[INFO] [stderr]     Checking reth-storage-errors v2.1.0 (https://github.com/paradigmxyz/reth?rev=7839f3d#7839f3d8)
[INFO] [stderr]     Checking opaque-debug v0.3.1
[INFO] [stderr]     Checking subtle-ng v2.5.0
[INFO] [stderr]     Checking byteorder v1.5.0
[INFO] [stderr]     Checking sha2 v0.9.9
[INFO] [stderr]     Checking reth-rpc-traits v0.3.0
[INFO] [stderr]     Checking jsonrpsee-types v0.26.0
[INFO] [stderr]     Checking curve25519-dalek-ng v4.1.1
[INFO] [stderr]     Checking ed25519-consensus v2.1.0
[INFO] [stderr]     Checking thread_local v1.1.9
[INFO] [stderr]     Checking reth-execution-types v2.1.0 (https://github.com/paradigmxyz/reth?rev=7839f3d#7839f3d8)
[INFO] [stderr]     Checking reth-chainspec v2.1.0 (https://github.com/paradigmxyz/reth?rev=7839f3d#7839f3d8)
[INFO] [stderr]     Checking reth-execution-errors v2.1.0 (https://github.com/paradigmxyz/reth?rev=7839f3d#7839f3d8)
[INFO] [stderr]     Checking scoped-tls v1.0.1
[INFO] [stderr]     Checking cpufeatures v0.3.0
[INFO] [stderr]     Checking bumpalo v3.20.3
[INFO] [stderr]    Compiling readme-rustdocifier v0.1.1
[INFO] [stderr]     Checking is-terminal v0.4.17
[INFO] [stderr]     Checking same-file v1.0.6
[INFO] [stderr]     Checking walkdir v2.5.0
[INFO] [stderr]     Checking yansi v1.0.1
[INFO] [stderr]     Checking anstyle-parse v0.2.7
[INFO] [stderr]     Checking option-ext v0.2.0
[INFO] [stderr]     Checking dirs-sys v0.5.0
[INFO] [stderr]    Compiling stumpalo v0.2.1
[INFO] [stderr]     Checking anstyle-parse v1.0.0
[INFO] [stderr]     Checking inout v0.1.4
[INFO] [stderr]     Checking cipher v0.4.4
[INFO] [stderr]     Checking anstream v1.0.0
[INFO] [stderr]     Checking dirs v6.0.0
[INFO] [stderr]     Checking anstream v0.6.21
[INFO] [stderr]    Compiling eyre v0.6.12
[INFO] [stderr]     Checking keccak v0.1.6
[INFO] [stderr]    Compiling solar-config v0.1.8 (https://github.com/paradigmxyz/solar?rev=530f129#530f129b)
[INFO] [stderr]     Checking sha3 v0.10.9
[INFO] [stderr]     Checking terminal_size v0.4.4
[INFO] [stderr]     Checking serde_spanned v1.1.1
[INFO] [stderr]    Compiling svm-rs v0.5.25
[INFO] [stderr]     Checking index_vec v0.1.4
[INFO] [stderr]     Checking indenter v0.3.4
[INFO] [stderr]     Checking normalize-path v0.2.1
[INFO] [stderr]     Checking clap_lex v1.1.0
[INFO] [stderr]     Checking boxcar v0.2.14
[INFO] [stderr]    Compiling anyhow v1.0.102
[INFO] [stderr]     Checking inturn v0.1.3
[INFO] [stderr]     Checking solar-data-structures v0.1.8 (https://github.com/paradigmxyz/solar?rev=530f129#530f129b)
[INFO] [stderr]     Checking clap_builder v4.6.0
[INFO] [stderr]     Checking annotate-snippets v0.12.16
[INFO] [stderr]     Checking once_map v0.4.24
[INFO] [stderr]     Checking bs58 v0.5.1
[INFO] [stderr]    Compiling solar-macros v0.1.8 (https://github.com/paradigmxyz/solar?rev=530f129#530f129b)
[INFO] [stderr]    Compiling clap_derive v4.6.1
[INFO] [stderr]     Checking base64 v0.21.7
[INFO] [stderr]     Checking toml_writer v1.1.1+spec-1.1.0
[INFO] [stderr]    Compiling prettyplease v0.2.37
[INFO] [stderr]     Checking bech32 v0.9.1
[INFO] [stderr]     Checking coins-core v0.12.0
[INFO] [stderr]     Checking solar-interface v0.1.8 (https://github.com/paradigmxyz/solar?rev=530f129#530f129b)
[INFO] [stderr]     Checking salsa20 v0.10.2
[INFO] [stderr]     Checking alloy-rpc-types-anvil v2.1.0
[INFO] [stderr]     Checking pbkdf2 v0.11.0
[INFO] [stderr]     Checking xxhash-rust v0.8.15
[INFO] [stderr]     Checking scrypt v0.10.0
[INFO] [stderr]     Checking coins-bip32 v0.12.0
[INFO] [stderr]     Checking clap v4.6.1
[INFO] [stderr]     Checking ctr v0.9.2
[INFO] [stderr]     Checking aes v0.8.4
[INFO] [stderr]     Checking uuid v0.8.2
[INFO] [stderr]     Checking pbkdf2 v0.12.2
[INFO] [stderr]     Checking simd-adler32 v0.3.9
[INFO] [stderr]     Checking coins-bip39 v0.12.0
[INFO] [stderr]     Checking solar-ast v0.1.8 (https://github.com/paradigmxyz/solar?rev=530f129#530f129b)
[INFO] [stderr]     Checking eth-keystore v0.5.0
[INFO] [stderr]     Checking sha2 v0.11.0
[INFO] [stderr]     Checking adler2 v2.0.1
[INFO] [stderr]     Checking path-slash v0.2.1
[INFO] [stderr]     Checking miniz_oxide v0.8.9
[INFO] [stderr]     Checking alloy-signer-local v2.1.0
[INFO] [stderr]    Compiling signal-hook v0.3.18
[INFO] [stderr]    Compiling darling_core v0.20.11
[INFO] [stderr]     Checking toml v1.1.2+spec-1.1.0
[INFO] [stderr]     Checking op-alloy-consensus v0.24.0 (https://github.com/ethereum-optimism/optimism?rev=42f5117c2e7de0614cd3b96f274d0a3078f9701c#42f5117c)
[INFO] [stderr]    Compiling crc32fast v1.5.0
[INFO] [stderr]    Compiling bon-macros v3.9.3
[INFO] [stderr]     Checking solar-parse v0.1.8 (https://github.com/paradigmxyz/solar?rev=530f129#530f129b)
[INFO] [stderr]     Checking iana-time-zone v0.1.65
[INFO] [stderr]     Checking chrono v0.4.45
[INFO] [stderr]     Checking op-revm v19.0.0 (https://github.com/ethereum-optimism/optimism?rev=42f5117c2e7de0614cd3b96f274d0a3078f9701c#42f5117c)
[INFO] [stderr]     Checking bstr v1.12.1
[INFO] [stderr]     Checking alloy-op-hardforks v0.4.7 (https://github.com/ethereum-optimism/optimism?rev=42f5117c2e7de0614cd3b96f274d0a3078f9701c#42f5117c)
[INFO] [stderr]    Compiling litrs v1.0.0
[INFO] [stderr]     Checking signal-hook-mio v0.2.5
[INFO] [stderr]     Checking op-alloy-rpc-types v0.24.0 (https://github.com/ethereum-optimism/optimism?rev=42f5117c2e7de0614cd3b96f274d0a3078f9701c#42f5117c)
[INFO] [stderr]     Checking zlib-rs v0.6.4
[INFO] [stderr]    Compiling document-features v0.2.12
[INFO] [stderr]     Checking zopfli v0.8.3
[INFO] [stderr]     Checking solar-sema v0.1.8 (https://github.com/paradigmxyz/solar?rev=530f129#530f129b)
[INFO] [stderr]    Compiling vergen-lib v10.0.0
[INFO] [stderr]     Checking crossterm v0.29.0
[INFO] [stderr]     Checking uuid v1.23.3
[INFO] [stderr]     Checking toml_datetime v0.7.5+spec-1.1.0
[INFO] [stderr]     Checking unit-prefix v0.5.2
[INFO] [stderr]     Checking winnow v0.7.15
[INFO] [stderr]     Checking globset v0.4.18
[INFO] [stderr]     Checking flate2 v1.1.9
[INFO] [stderr]    Compiling vergen v10.0.0
[INFO] [stderr]    Compiling uncased v0.9.10
[INFO] [stderr]     Checking encoding_rs v0.8.35
[INFO] [stderr]     Checking home v0.5.12
[INFO] [stderr]     Checking zip v4.6.1
[INFO] [stderr]    Compiling darling_macro v0.20.11
[INFO] [stderr]    Compiling darling v0.20.11
[INFO] [stderr]    Compiling derive_builder_core v0.20.2
[INFO] [stderr]    Compiling num_threads v0.1.7
[INFO] [stderr]     Checking zip-extract v0.4.1
[INFO] [stderr]     Checking ignore v0.4.26
[INFO] [stderr]     Checking comfy-table v7.2.2
[INFO] [stderr]     Checking sanitize-filename v0.6.0
[INFO] [stderr]     Checking itertools v0.15.0
[INFO] [stderr]     Checking toml_edit v0.23.10+spec-1.0.0
[INFO] [stderr]    Compiling derive_builder_macro v0.20.2
[INFO] [stderr]     Checking derive_builder v0.20.2
[INFO] [stderr]    Compiling vergen-gitcl v10.0.0
[INFO] [stderr]    Compiling figment2 v0.11.5
[INFO] [stderr]     Checking rtoolbox v0.0.5
[INFO] [stderr]     Checking solar-compiler v0.1.8 (https://github.com/paradigmxyz/solar?rev=530f129#530f129b)
[INFO] [stderr]     Checking rpassword v7.5.4
[INFO] [stderr]    Compiling bon v3.9.3
[INFO] [stderr]     Checking toml_edit v0.24.1+spec-1.1.0
[INFO] [stderr]     Checking mesc v0.3.0
[INFO] [stderr]     Checking half v2.7.1
[INFO] [stderr]     Checking ciborium-io v0.2.2
[INFO] [stderr]     Checking jiff v0.2.29
[INFO] [stderr]     Checking glob v0.3.3
[INFO] [stderr]     Checking ciborium-ll v0.2.2
[INFO] [stderr]     Checking num-format v0.4.4
[INFO] [stderr]    Compiling commonware-macros-impl v2026.5.0
[INFO] [stderr]     Checking ciborium v0.2.2
[INFO] [stderr]    Compiling rustc_version v0.4.1
[INFO] [stderr]     Checking tracing-subscriber v0.2.25
[INFO] [stderr]    Compiling curve25519-dalek v4.1.3
[INFO] [stderr]    Compiling curve25519-dalek-derive v0.1.1
[INFO] [stderr]    Compiling blake3 v1.8.5
[INFO] [stderr]     Checking ark-relations v0.5.1
[INFO] [stderr]    Compiling alloy-core v1.6.0
[INFO] [stderr]     Checking cmov v0.5.0-pre.0
[INFO] [stderr]     Checking ark-r1cs-std v0.5.0
[INFO] [stderr]     Checking constant_time_eq v0.4.2
[INFO] [stderr]     Checking spin v0.10.0
[INFO] [stderr]     Checking crc-fast v1.10.0
[INFO] [stderr]    Compiling foundry-common v1.7.1 (/opt/rustwide/workdir/crates/common)
[INFO] [stderr]     Checking ctutils v0.3.2
[INFO] [stderr]    Compiling alloy v2.1.0
[INFO] [stderr]    Compiling tempo-precompiles-macros v1.6.0 (/opt/rustwide/workdir/crates/tempo-precompiles-macros)
[INFO] [stderr]    Compiling pkg-config v0.3.33
[INFO] [stderr]    Compiling toml v0.9.12+spec-1.1.0
[INFO] [stderr]     Checking reth-consensus v2.1.0 (https://github.com/paradigmxyz/reth?rev=7839f3d#7839f3d8)
[INFO] [stderr]     Checking x25519-dalek v2.0.1
[INFO] [stderr]    Compiling foundry-macros v1.7.1 (/opt/rustwide/workdir/crates/macros)
[INFO] [stderr]     Checking reth-consensus-common v2.1.0 (https://github.com/paradigmxyz/reth?rev=7839f3d#7839f3d8)
[INFO] [stderr]    Compiling zstd-safe v7.2.4
[INFO] [stderr]     Checking reth-ethereum-consensus v2.1.0 (https://github.com/paradigmxyz/reth?rev=7839f3d#7839f3d8)
[INFO] [stderr]     Checking op-alloy v0.24.0 (https://github.com/ethereum-optimism/optimism?rev=42f5117c2e7de0614cd3b96f274d0a3078f9701c#42f5117c)
[INFO] [stderr]    Compiling zstd-sys v2.0.16+zstd.1.5.7
[INFO] [stderr]     Checking console v0.16.3
[INFO] [stderr]     Checking alloy-op-evm v0.31.0 (https://github.com/ethereum-optimism/optimism?rev=42f5117c2e7de0614cd3b96f274d0a3078f9701c#42f5117c)
[INFO] [stderr]     Checking revm-inspectors v0.39.1
[INFO] [stderr]     Checking foundry-cheatcodes-spec v1.7.1 (/opt/rustwide/workdir/crates/cheatcodes/spec)
[INFO] [stderr]     Checking indicatif v0.18.4
[INFO] [stderr]     Checking lazy_static v1.5.0
[INFO] [stderr]    Compiling owo-colors v4.3.0
[INFO] [stderr]     Checking sharded-slab v0.1.7
[INFO] [stderr]     Checking matchers v0.2.0
[INFO] [stderr]     Checking tracing-log v0.2.0
[INFO] [stderr]    Compiling object v0.37.3
[INFO] [stderr]     Checking commonware-macros v2026.5.0
[INFO] [stderr]     Checking commonware-formatting v2026.5.0
[INFO] [stderr]     Checking commonware-codec v2026.5.0
[INFO] [stderr]     Checking commonware-parallel v2026.5.0
[INFO] [stderr]    Compiling siphasher v1.0.3
[INFO] [stderr]     Checking nu-ansi-term v0.50.3
[INFO] [stderr]     Checking gimli v0.32.3
[INFO] [stderr]     Checking tracing-subscriber v0.3.23
[INFO] [stderr]     Checking commonware-utils v2026.5.0
[INFO] [stderr]    Compiling color-spantrace v0.3.0
[INFO] [stderr]     Checking tracing-error v0.2.1
[INFO] [stderr]     Checking rustc-demangle v0.1.27
[INFO] [stderr]     Checking commonware-math v2026.5.0
[INFO] [stderr]     Checking shell-words v1.1.1
[INFO] [stderr]    Compiling cfg_aliases v0.2.1
[INFO] [stderr]     Checking dialoguer v0.12.0
[INFO] [stderr]     Checking jsonpath_lib v0.3.0
[INFO] [stderr]     Checking foundry-evm-sancov v1.7.1 (/opt/rustwide/workdir/crates/evm/sancov)
[INFO] [stderr]    Compiling tikv-jemalloc-sys v0.7.1+5.3.1-0-g81034ce1f1373e37dc865038e1bc8eeecf559ce8
[INFO] [stderr]     Checking similar v2.7.0
[INFO] [stderr]     Checking addr2line v0.25.1
[INFO] [stderr]     Checking clap_complete v4.6.5
[INFO] [stderr]    Compiling nix v0.31.3
[INFO] [stderr]     Checking foundry-cli-markdown v1.7.1 (/opt/rustwide/workdir/crates/cli-markdown)
[INFO] [stderr]     Checking clap_complete_nushell v4.6.0
[INFO] [stderr]     Checking dotenvy v0.15.7
[INFO] [stderr]    Compiling phf_shared v0.11.3
[INFO] [stderr]    Compiling camino v1.2.3
[INFO] [stderr]     Checking utf8-width v0.1.8
[INFO] [stderr]     Checking html-escape v0.2.13
[INFO] [stderr]     Checking backtrace v0.3.76
[INFO] [stderr]     Checking color-eyre v0.6.5
[INFO] [stdout] error: CRATER ERROR: C-variadic argument with type `NonZero<usize>`.
[INFO] [stdout]    --> /opt/rustwide/cargo-home/registry/src/index.crates.io-1949cf8c6b5b557f/nix-0.31.3/src/sys/prctl.rs:225:97
[INFO] [stdout]     |
[INFO] [stdout] 225 |     let res = unsafe { libc::prctl(libc::PR_SET_VMA, libc::PR_SET_VMA_ANON_NAME, addr.as_ptr(), length, nameref) };
[INFO] [stdout]     |                                                                                                 ^^^^^^
[INFO] [stdout] 
[INFO] [stdout] 
[INFO] [stdout] warning: type `NonZero<usize>` does not implement `VaArgSafe`
[INFO] [stdout]    --> /opt/rustwide/cargo-home/registry/src/index.crates.io-1949cf8c6b5b557f/nix-0.31.3/src/sys/prctl.rs:225:97
[INFO] [stdout]     |
[INFO] [stdout] 225 |     let res = unsafe { libc::prctl(libc::PR_SET_VMA, libc::PR_SET_VMA_ANON_NAME, addr.as_ptr(), length, nameref) };
[INFO] [stdout]     |                                                                                                 ^^^^^^
[INFO] [stdout]     |
[INFO] [stdout]     = note: values passed as C-variadic arguments must implement `core::ffi::VaArgSafe`
[INFO] [stdout]     = warning: this was previously accepted by the compiler but is being phased out; it will become a hard error in a future release!
[INFO] [stdout]     = note: for more information, see issue #162483 <https://github.com/rust-lang/rust/issues/162483>
[INFO] [stdout]     = note: requested on the command line with `--force-warn invalid-c-variadic-arguments`
[INFO] [stdout] 
[INFO] [stdout] 
[INFO] [stdout] error: CRATER ERROR: C-variadic argument with type `AtFlags`.
[INFO] [stdout]     --> /opt/rustwide/cargo-home/registry/src/index.crates.io-1949cf8c6b5b557f/nix-0.31.3/src/unistd.rs:1240:13
[INFO] [stdout]      |
[INFO] [stdout] 1240 |             flags,
[INFO] [stdout]      |             ^^^^^
[INFO] [stdout] 
[INFO] [stdout] 
[INFO] [stdout] warning: type `AtFlags` does not implement `VaArgSafe`
[INFO] [stdout]     --> /opt/rustwide/cargo-home/registry/src/index.crates.io-1949cf8c6b5b557f/nix-0.31.3/src/unistd.rs:1240:13
[INFO] [stdout]      |
[INFO] [stdout] 1240 |             flags,
[INFO] [stdout]      |             ^^^^^
[INFO] [stdout]      |
[INFO] [stdout]      = note: values passed as C-variadic arguments must implement `core::ffi::VaArgSafe`
[INFO] [stdout]      = warning: this was previously accepted by the compiler but is being phased out; it will become a hard error in a future release!
[INFO] [stdout]      = note: for more information, see issue #162483 <https://github.com/rust-lang/rust/issues/162483>
[INFO] [stdout] 
[INFO] [stdout] 
[INFO] [stderr] error: could not compile `nix` (lib) due to 2 previous errors; 2 warnings emitted
[INFO] [stderr] warning: build failed, waiting for other jobs to finish...
[INFO] [stderr] error: failed to run custom build command for `tikv-jemalloc-sys v0.7.1+5.3.1-0-g81034ce1f1373e37dc865038e1bc8eeecf559ce8`
[INFO] [stderr] note: To improve backtraces for build dependencies, set the CARGO_PROFILE_DEV_BUILD_OVERRIDE_DEBUG=true environment variable to enable debug information generation.
[INFO] [stderr] 
[INFO] [stderr] Caused by:
[INFO] [stderr]   process didn't exit successfully: `/opt/rustwide/target/debug/build/tikv-jemalloc-sys/0312b650e2c83118/out/build_script_build` (exit status: 101)
[INFO] [stderr]   --- stdout
[INFO] [stderr]   TARGET=x86_64-unknown-linux-gnu
[INFO] [stderr]   HOST=x86_64-unknown-linux-gnu
[INFO] [stderr]   NUM_JOBS=8
[INFO] [stderr]   OUT_DIR="/opt/rustwide/target/debug/build/tikv-jemalloc-sys/49ddf403ca7f06b4/out"
[INFO] [stderr]   BUILD_DIR="/opt/rustwide/target/debug/build/tikv-jemalloc-sys/49ddf403ca7f06b4/out/build"
[INFO] [stderr]   SRC_DIR="/opt/rustwide/cargo-home/registry/src/index.crates.io-1949cf8c6b5b557f/tikv-jemalloc-sys-0.7.1+5.3.1-0-g81034ce1f1373e37dc865038e1bc8eeecf559ce8"
[INFO] [stderr]   cargo:rustc-cfg=prefixed
[INFO] [stderr]   cargo:rerun-if-env-changed=X86_64_UNKNOWN_LINUX_GNU_JEMALLOC_OVERRIDE
[INFO] [stderr]   cargo:rerun-if-env-changed=JEMALLOC_OVERRIDE
[INFO] [stderr]   cargo:rerun-if-env-changed=CC_x86_64-unknown-linux-gnu
[INFO] [stderr]   CC_x86_64-unknown-linux-gnu = None
[INFO] [stderr]   cargo:rerun-if-env-changed=CC_x86_64_unknown_linux_gnu
[INFO] [stderr]   CC_x86_64_unknown_linux_gnu = None
[INFO] [stderr]   cargo:rerun-if-env-changed=HOST_CC
[INFO] [stderr]   HOST_CC = None
[INFO] [stderr]   cargo:rerun-if-env-changed=CC
[INFO] [stderr]   CC = None
[INFO] [stderr]   cargo:rerun-if-env-changed=CC_ENABLE_DEBUG_OUTPUT
[INFO] [stderr]   cargo:rerun-if-env-changed=CRATE_CC_NO_DEFAULTS
[INFO] [stderr]   CRATE_CC_NO_DEFAULTS = None
[INFO] [stderr]   cargo:rerun-if-env-changed=CFLAGS
[INFO] [stderr]   CFLAGS = None
[INFO] [stderr]   cargo:rerun-if-env-changed=HOST_CFLAGS
[INFO] [stderr]   HOST_CFLAGS = None
[INFO] [stderr]   cargo:rerun-if-env-changed=CFLAGS_x86_64_unknown_linux_gnu
[INFO] [stderr]   CFLAGS_x86_64_unknown_linux_gnu = None
[INFO] [stderr]   cargo:rerun-if-env-changed=CFLAGS_x86_64-unknown-linux-gnu
[INFO] [stderr]   CFLAGS_x86_64-unknown-linux-gnu = None
[INFO] [stderr]   cargo:rerun-if-env-changed=X86_64_UNKNOWN_LINUX_GNU_LDFLAGS
[INFO] [stderr]   cargo:rerun-if-env-changed=LDFLAGS
[INFO] [stderr]   cargo:rerun-if-env-changed=X86_64_UNKNOWN_LINUX_GNU_CPPFLAGS
[INFO] [stderr]   cargo:rerun-if-env-changed=CPPFLAGS
[INFO] [stderr]   CC="cc"
[INFO] [stderr]   CFLAGS="-O0 -ffunction-sections -fdata-sections -fPIC -g -gdwarf-4 -fno-omit-frame-pointer -m64 -Wall"
[INFO] [stderr]   LDFLAGS=""
[INFO] [stderr]   CPPFLAGS=""
[INFO] [stderr]   JEMALLOC_REPO_DIR="jemalloc"
[INFO] [stderr]   cargo:rerun-if-env-changed=X86_64_UNKNOWN_LINUX_GNU_JEMALLOC_SYS_WITH_MALLOC_CONF
[INFO] [stderr]   cargo:rerun-if-env-changed=JEMALLOC_SYS_WITH_MALLOC_CONF
[INFO] [stderr]   cargo:rerun-if-env-changed=X86_64_UNKNOWN_LINUX_GNU_JEMALLOC_SYS_WITH_LG_PAGE
[INFO] [stderr]   cargo:rerun-if-env-changed=JEMALLOC_SYS_WITH_LG_PAGE
[INFO] [stderr]   cargo:rerun-if-env-changed=X86_64_UNKNOWN_LINUX_GNU_JEMALLOC_SYS_WITH_LG_HUGEPAGE
[INFO] [stderr]   cargo:rerun-if-env-changed=JEMALLOC_SYS_WITH_LG_HUGEPAGE
[INFO] [stderr]   cargo:rerun-if-env-changed=X86_64_UNKNOWN_LINUX_GNU_JEMALLOC_SYS_WITH_LG_QUANTUM
[INFO] [stderr]   cargo:rerun-if-env-changed=JEMALLOC_SYS_WITH_LG_QUANTUM
[INFO] [stderr]   cargo:rerun-if-env-changed=X86_64_UNKNOWN_LINUX_GNU_JEMALLOC_SYS_WITH_LG_VADDR
[INFO] [stderr]   cargo:rerun-if-env-changed=JEMALLOC_SYS_WITH_LG_VADDR
[INFO] [stderr]   --with-jemalloc-prefix=_rjem_
[INFO] [stderr]   CARGO_FEATURE_STATS not set
[INFO] [stderr]   running: cd "/opt/rustwide/target/debug/build/tikv-jemalloc-sys/49ddf403ca7f06b4/out/build" && CC="cc" CFLAGS="-O0 -ffunction-sections -fdata-sections -fPIC -g -gdwarf-4 -fno-omit-frame-pointer -m64 -Wall" CPPFLAGS="" LDFLAGS="" "sh" "/opt/rustwide/target/debug/build/tikv-jemalloc-sys/49ddf403ca7f06b4/out/build/configure" "--with-version=5.3.1-0-g81034ce1f1373e37dc865038e1bc8eeecf559ce8" "--disable-cxx" "--enable-doc=no" "--enable-shared=no" "--with-jemalloc-prefix=_rjem_" "--with-private-namespace=_rjem_" "--disable-stats" "--host=x86_64-unknown-linux-gnu" "--build=x86_64-unknown-linux-gnu" "--prefix=/opt/rustwide/target/debug/build/tikv-jemalloc-sys/49ddf403ca7f06b4/out"
[INFO] [stderr]   checking for xsltproc... false
[INFO] [stderr]   checking for x86_64-unknown-linux-gnu-gcc... cc
[INFO] [stderr]   checking whether the C compiler works... yes
[INFO] [stderr]   checking for C compiler default output file name... a.out
[INFO] [stderr]   checking for suffix of executables... 
[INFO] [stderr]   checking whether we are cross compiling... no
[INFO] [stderr]   checking for suffix of object files... o
[INFO] [stderr]   checking whether the compiler supports GNU C... yes
[INFO] [stderr]   checking whether cc accepts -g... yes
[INFO] [stderr]   checking for cc option to enable C11 features... none needed
[INFO] [stderr]   checking whether compiler is cray... no
[INFO] [stderr]   checking whether compiler supports -std=gnu11... yes
[INFO] [stderr]   checking whether compiler supports -Werror=unknown-warning-option... no
[INFO] [stderr]   checking whether compiler supports -Wall... yes
[INFO] [stderr]   checking whether compiler supports -Wextra... yes
[INFO] [stderr]   checking whether compiler supports -Wshorten-64-to-32... no
[INFO] [stderr]   checking whether compiler supports -Wsign-compare... yes
[INFO] [stderr]   checking whether compiler supports -Wundef... yes
[INFO] [stderr]   checking whether compiler supports -Wno-format-zero-length... yes
[INFO] [stderr]   checking whether compiler supports -Wpointer-arith... yes
[INFO] [stderr]   checking whether compiler supports -Wno-missing-braces... yes
[INFO] [stderr]   checking whether compiler supports -Wno-missing-field-initializers... yes
[INFO] [stderr]   checking whether compiler supports -Wno-missing-attributes... yes
[INFO] [stderr]   checking whether compiler supports -pipe... yes
[INFO] [stderr]   checking whether compiler supports -g3... yes
[INFO] [stderr]   checking how to run the C preprocessor... cc -E
[INFO] [stderr]   checking for stdio.h... yes
[INFO] [stderr]   checking for stdlib.h... yes
[INFO] [stderr]   checking for string.h... yes
[INFO] [stderr]   checking for inttypes.h... yes
[INFO] [stderr]   checking for stdint.h... yes
[INFO] [stderr]   checking for strings.h... yes
[INFO] [stderr]   checking for sys/stat.h... yes
[INFO] [stderr]   checking for sys/types.h... yes
[INFO] [stderr]   checking for unistd.h... yes
[INFO] [stderr]   checking whether byte ordering is bigendian... no
[INFO] [stderr]   checking size of void *... 8
[INFO] [stderr]   checking size of int... 4
[INFO] [stderr]   checking size of long... 8
[INFO] [stderr]   checking size of long long... 8
[INFO] [stderr]   checking size of intmax_t... 8
[INFO] [stderr]   checking build system type... x86_64-unknown-linux-gnu
[INFO] [stderr]   checking host system type... x86_64-unknown-linux-gnu
[INFO] [stderr]   checking whether pause instruction is compilable... yes
[INFO] [stderr]   checking number of significant virtual address bits... 48
[INFO] [stderr]   checking rdtscp support... yes
[INFO] [stderr]   checking asm volatile support... yes
[INFO] [stderr]   checking __int128 support... yes
[INFO] [stderr]   checking for x86_64-unknown-linux-gnu-ar... no
[INFO] [stderr]   checking for ar... ar
[INFO] [stderr]   checking for x86_64-unknown-linux-gnu-nm... no
[INFO] [stderr]   checking for nm... nm
[INFO] [stderr]   checking for gawk... no
[INFO] [stderr]   checking for mawk... mawk
[INFO] [stderr]   checking for malloc.h... yes
[INFO] [stderr]   checking whether malloc_usable_size definition can use const argument... no
[INFO] [stderr]   checking for library containing log... -lm
[INFO] [stderr]   checking whether __attribute__ syntax is compilable... yes
[INFO] [stderr]   checking whether compiler supports -fvisibility=hidden... yes
[INFO] [stderr]   checking whether compiler supports -fvisibility=hidden... no
[INFO] [stderr]   checking whether compiler supports -Werror... yes
[INFO] [stderr]   checking whether compiler supports -herror_on_warning... no
[INFO] [stderr]   checking whether tls_model attribute is compilable... yes
[INFO] [stderr]   checking whether compiler supports -Werror... yes
[INFO] [stderr]   checking whether compiler supports -herror_on_warning... no
[INFO] [stderr]   checking whether alloc_size attribute is compilable... yes
[INFO] [stderr]   checking whether compiler supports -Werror... yes
[INFO] [stderr]   checking whether compiler supports -herror_on_warning... no
[INFO] [stderr]   checking whether format(gnu_printf, ...) attribute is compilable... yes
[INFO] [stderr]   checking whether compiler supports -Werror... yes
[INFO] [stderr]   checking whether compiler supports -herror_on_warning... no
[INFO] [stderr]   checking whether format(printf, ...) attribute is compilable... yes
[INFO] [stderr]   checking whether compiler supports -Werror... yes
[INFO] [stderr]   checking whether compiler supports -herror_on_warning... no
[INFO] [stderr]   checking whether format(printf, ...) attribute is compilable... yes
[INFO] [stderr]   checking whether compiler supports -Wimplicit-fallthrough... yes
[INFO] [stderr]   checking whether fallthrough attribute is compilable... yes
[INFO] [stderr]   checking whether compiler supports -Wimplicit-fallthrough... yes
[INFO] [stderr]   checking whether compiler supports -Wimplicit-fallthrough... no
[INFO] [stderr]   checking whether compiler supports -Werror... yes
[INFO] [stderr]   checking whether compiler supports -herror_on_warning... no
[INFO] [stderr]   checking whether cold attribute is compilable... yes
[INFO] [stderr]   checking whether compiler supports -Wdeprecated-declarations... yes
[INFO] [stderr]   checking whether deprecated attribute is compilable... yes
[INFO] [stderr]   checking whether compiler supports -Wdeprecated-declarations... yes
[INFO] [stderr]   checking whether compiler supports -Wdeprecated-declarations... no
[INFO] [stderr]   checking whether vm_make_tag is compilable... no
[INFO] [stderr]   checking for a BSD-compatible install... /usr/bin/install -c
[INFO] [stderr]   checking for x86_64-unknown-linux-gnu-ranlib... no
[INFO] [stderr]   checking for ranlib... ranlib
[INFO] [stderr]   checking for ld... /usr/bin/ld
[INFO] [stderr]   checking for autoconf... /usr/bin/autoconf
[INFO] [stderr]   checking for memalign... yes
[INFO] [stderr]   checking for valloc... yes
[INFO] [stderr]   checking for pvalloc... yes
[INFO] [stderr]   checking for malloc_size... no
[INFO] [stderr]   checking whether compiler supports -O3... yes
[INFO] [stderr]   checking whether compiler supports -O3... no
[INFO] [stderr]   checking whether compiler supports -funroll-loops... yes
[INFO] [stderr]   checking configured backtracing method... N/A
[INFO] [stderr]   checking for sbrk... yes
[INFO] [stderr]   checking whether utrace(2) is compilable... no
[INFO] [stderr]   checking whether utrace(2) with label is compilable... no
[INFO] [stderr]   checking whether a program using __builtin_unreachable is compilable... yes
[INFO] [stderr]   checking whether a program using __builtin_ffsl is compilable... yes
[INFO] [stderr]   checking whether a program using __builtin_popcountl is compilable... yes
[INFO] [stderr]   checking LG_PAGE... 12
[INFO] [stderr]   checking for pthread.h... yes
[INFO] [stderr]   checking for pthread_create in -lpthread... yes
[INFO] [stderr]   checking for dlfcn.h... yes
[INFO] [stderr]   checking for dlsym... yes
[INFO] [stderr]   checking whether pthread_atfork(3) is compilable... yes
[INFO] [stderr]   checking whether pthread_setname_np(3) is compilable... yes
[INFO] [stderr]   checking whether pthread_getname_np(3) is compilable... yes
[INFO] [stderr]   checking whether pthread_set_name_np(3) is compilable... no
[INFO] [stderr]   checking whether pthread_get_name_np(3) is compilable... no
[INFO] [stderr]   checking for library containing clock_gettime... none required
[INFO] [stderr]   checking whether clock_gettime(CLOCK_MONOTONIC_COARSE, ...) is compilable... yes
[INFO] [stderr]   checking whether clock_gettime(CLOCK_MONOTONIC, ...) is compilable... yes
[INFO] [stderr]   checking whether mach_absolute_time() is compilable... no
[INFO] [stderr]   checking whether clock_gettime(CLOCK_REALTIME, ...) is compilable... yes
[INFO] [stderr]   checking whether clock_gettime_nsec_np() is compilable... no
[INFO] [stderr]   checking whether compiler supports -Werror... yes
[INFO] [stderr]   checking whether syscall(2) is compilable... yes
[INFO] [stderr]   checking for secure_getenv... yes
[INFO] [stderr]   checking for sched_getcpu... yes
[INFO] [stderr]   checking for sched_setaffinity... yes
[INFO] [stderr]   checking for pthread_setaffinity_np... yes
[INFO] [stderr]   checking for issetugid... no
[INFO] [stderr]   checking for _malloc_thread_cleanup... no
[INFO] [stderr]   checking for _pthread_mutex_init_calloc_cb... no
[INFO] [stderr]   checking for memcntl... no
[INFO] [stderr]   checking for prctl... yes
[INFO] [stderr]   checking for TLS... yes
[INFO] [stderr]   checking whether C11 atomics is compilable... yes
[INFO] [stderr]   checking whether GCC __atomic atomics is compilable... yes
[INFO] [stderr]   checking whether GCC 8-bit __atomic atomics is compilable... yes
[INFO] [stderr]   checking whether GCC __sync atomics is compilable... yes
[INFO] [stderr]   checking whether GCC 8-bit __sync atomics is compilable... yes
[INFO] [stderr]   checking whether Darwin OSAtomic*() is compilable... no
[INFO] [stderr]   checking whether madvise(2) is compilable... yes
[INFO] [stderr]   checking whether madvise(..., MADV_FREE) is compilable... yes
[INFO] [stderr]   checking whether madvise(..., MADV_DONTNEED) is compilable... yes
[INFO] [stderr]   checking whether madvise(..., MADV_DO[NT]DUMP) is compilable... yes
[INFO] [stderr]   checking whether madvise(..., MADV_[NO]HUGEPAGE) is compilable... yes
[INFO] [stderr]   checking whether madvise(..., MADV_[NO]CORE) is compilable... no
[INFO] [stderr]   checking whether madvise(..., MADV_COLLAPSE) is compilable... yes
[INFO] [stderr]   checking whether process_madvise(2) is compilable... yes
[INFO] [stderr]   checking whether mprotect(2) is compilable... yes
[INFO] [stderr]   checking for __builtin_clz... yes
[INFO] [stderr]   checking whether Darwin os_unfair_lock_*() is compilable... no
[INFO] [stderr]   checking whether glibc malloc hook is compilable... no
[INFO] [stderr]   checking whether glibc memalign hook is compilable... no
[INFO] [stderr]   checking whether pthreads adaptive mutexes is compilable... yes
[INFO] [stderr]   checking whether gettid is compilable... yes
[INFO] [stderr]   checking whether compiler supports -D_GNU_SOURCE... yes
[INFO] [stderr]   checking whether compiler supports -Werror... yes
[INFO] [stderr]   checking whether compiler supports -herror_on_warning... no
[INFO] [stderr]   checking whether strerror_r returns char with gnu source is compilable... yes
[INFO] [stderr]   checking for _Bool... yes
[INFO] [stderr]   checking for stdbool.h that conforms to C99... yes
[INFO] [stderr]   configure: creating ./config.status
[INFO] [stderr]   config.status: creating Makefile
[INFO] [stderr]   config.status: creating jemalloc.pc
[INFO] [stderr]   config.status: creating doc/html.xsl
[INFO] [stderr]   config.status: creating doc/manpages.xsl
[INFO] [stderr]   config.status: creating doc/jemalloc.xml
[INFO] [stderr]   config.status: creating include/jemalloc/jemalloc_macros.h
[INFO] [stderr]   config.status: creating include/jemalloc/jemalloc_protos.h
[INFO] [stderr]   config.status: creating include/jemalloc/jemalloc_typedefs.h
[INFO] [stderr]   config.status: creating include/jemalloc/internal/jemalloc_preamble.h
[INFO] [stderr]   config.status: creating test/test.sh
[INFO] [stderr]   config.status: creating test/include/test/jemalloc_test.h
[INFO] [stderr]   config.status: creating config.stamp
[INFO] [stderr]   config.status: creating bin/jemalloc-config
[INFO] [stderr]   config.status: creating bin/jemalloc.sh
[INFO] [stderr]   config.status: creating bin/jeprof
[INFO] [stderr]   config.status: creating include/jemalloc/jemalloc_defs.h
[INFO] [stderr]   config.status: creating include/jemalloc/internal/jemalloc_internal_defs.h
[INFO] [stderr]   config.status: creating test/include/test/jemalloc_test_defs.h
[INFO] [stderr]   config.status: executing include/jemalloc/internal/public_symbols.txt commands
[INFO] [stderr]   config.status: executing include/jemalloc/internal/private_symbols.awk commands
[INFO] [stderr]   config.status: executing include/jemalloc/internal/private_symbols_jet.awk commands
[INFO] [stderr]   config.status: executing include/jemalloc/internal/public_namespace.h commands
[INFO] [stderr]   config.status: executing include/jemalloc/internal/public_unnamespace.h commands
[INFO] [stderr]   config.status: executing include/jemalloc/jemalloc_protos_jet.h commands
[INFO] [stderr]   config.status: executing include/jemalloc/jemalloc_rename.h commands
[INFO] [stderr]   config.status: executing include/jemalloc/jemalloc_mangle.h commands
[INFO] [stderr]   config.status: executing include/jemalloc/jemalloc_mangle_jet.h commands
[INFO] [stderr]   config.status: executing include/jemalloc/jemalloc.h commands
[INFO] [stderr]   ===============================================================================
[INFO] [stderr]   jemalloc version   : 5.3.1-0-g81034ce1f1373e37dc865038e1bc8eeecf559ce8
[INFO] [stderr]   library revision   : 2
[INFO] [stderr] 
[INFO] [stderr]   CONFIG             : --with-version=5.3.1-0-g81034ce1f1373e37dc865038e1bc8eeecf559ce8 --disable-cxx --enable-doc=no --enable-shared=no --with-jemalloc-prefix=_rjem_ --with-private-namespace=_rjem_ --disable-stats --host=x86_64-unknown-linux-gnu --build=x86_64-unknown-linux-gnu --prefix=/opt/rustwide/target/debug/build/tikv-jemalloc-sys/49ddf403ca7f06b4/out build_alias=x86_64-unknown-linux-gnu host_alias=x86_64-unknown-linux-gnu CC=cc 'CFLAGS=-O0 -ffunction-sections -fdata-sections -fPIC -g -gdwarf-4 -fno-omit-frame-pointer -m64 -Wall' LDFLAGS= CPPFLAGS=
[INFO] [stderr]   CC                 : cc
[INFO] [stderr]   CONFIGURE_CFLAGS   : -std=gnu11 -Wall -Wextra -Wsign-compare -Wundef -Wno-format-zero-length -Wpointer-arith -Wno-missing-braces -Wno-missing-field-initializers -Wno-missing-attributes -pipe -g3 -fvisibility=hidden -Wimplicit-fallthrough -Wdeprecated-declarations -O3 -funroll-loops
[INFO] [stderr]   SPECIFIED_CFLAGS   : -O0 -ffunction-sections -fdata-sections -fPIC -g -gdwarf-4 -fno-omit-frame-pointer -m64 -Wall
[INFO] [stderr]   EXTRA_CFLAGS       : 
[INFO] [stderr]   CPPFLAGS           : -D_GNU_SOURCE -D_REENTRANT
[INFO] [stderr]   CXX                : 
[INFO] [stderr]   CONFIGURE_CXXFLAGS : 
[INFO] [stderr]   SPECIFIED_CXXFLAGS : 
[INFO] [stderr]   EXTRA_CXXFLAGS     : 
[INFO] [stderr]   CONFIGURE_LDFLAGS  : 
[INFO] [stderr]   SPECIFIED_LDFLAGS  : 
[INFO] [stderr]   EXTRA_LDFLAGS      : 
[INFO] [stderr]   DSO_LDFLAGS        : -shared -Wl,-soname,$(@F)
[INFO] [stderr]   LIBS               : -lm  -pthread
[INFO] [stderr]   RPATH_EXTRA        : 
[INFO] [stderr] 
[INFO] [stderr]   XSLTPROC           : false
[INFO] [stderr]   XSLROOT            : 
[INFO] [stderr] 
[INFO] [stderr]   PREFIX             : /opt/rustwide/target/debug/build/tikv-jemalloc-sys/49ddf403ca7f06b4/out
[INFO] [stderr]   BINDIR             : /opt/rustwide/target/debug/build/tikv-jemalloc-sys/49ddf403ca7f06b4/out/bin
[INFO] [stderr]   DATADIR            : /opt/rustwide/target/debug/build/tikv-jemalloc-sys/49ddf403ca7f06b4/out/share
[INFO] [stderr]   INCLUDEDIR         : /opt/rustwide/target/debug/build/tikv-jemalloc-sys/49ddf403ca7f06b4/out/include
[INFO] [stderr]   LIBDIR             : /opt/rustwide/target/debug/build/tikv-jemalloc-sys/49ddf403ca7f06b4/out/lib
[INFO] [stderr]   MANDIR             : /opt/rustwide/target/debug/build/tikv-jemalloc-sys/49ddf403ca7f06b4/out/share/man
[INFO] [stderr] 
[INFO] [stderr]   LG_PAGE            : 12
[INFO] [stderr] 
[INFO] [stderr]   srcroot            : 
[INFO] [stderr]   abs_srcroot        : /opt/rustwide/target/debug/build/tikv-jemalloc-sys/49ddf403ca7f06b4/out/build/
[INFO] [stderr]   objroot            : 
[INFO] [stderr]   abs_objroot        : /opt/rustwide/target/debug/build/tikv-jemalloc-sys/49ddf403ca7f06b4/out/build/
[INFO] [stderr] 
[INFO] [stderr]   JEMALLOC_PREFIX    : _rjem_
[INFO] [stderr]   JEMALLOC_PRIVATE_NAMESPACE
[INFO] [stderr]                      : _rjem_je_
[INFO] [stderr]   install_suffix     : 
[INFO] [stderr]   malloc_conf        : 
[INFO] [stderr]   documentation      : 0
[INFO] [stderr]   shared libs        : 0
[INFO] [stderr]   static libs        : 1
[INFO] [stderr]   autogen            : 0
[INFO] [stderr]   debug              : 0
[INFO] [stderr]   stats              : 0
[INFO] [stderr]   user_config        : 1
[INFO] [stderr]   experimental_smallocx : 0
[INFO] [stderr]   prof               : 0
[INFO] [stderr]   prof-libunwind     : 0
[INFO] [stderr]   prof-frameptr      : 0
[INFO] [stderr]   prof-libgcc        : 0
[INFO] [stderr]   prof-gcc           : 0
[INFO] [stderr]   fill               : 1
[INFO] [stderr]   utrace             : 0
[INFO] [stderr]   xmalloc            : 0
[INFO] [stderr]   log                : 0
[INFO] [stderr]   lazy_lock          : 0
[INFO] [stderr]   cache-oblivious    : 1
[INFO] [stderr]   pageid             : 0
[INFO] [stderr]   cxx                : 0
[INFO] [stderr]   dss                : 1
[INFO] [stderr]   tsan               : 0
[INFO] [stderr]   ubsan              : 0
[INFO] [stderr]   ===============================================================================
[INFO] [stderr]   running: cd "/opt/rustwide/target/debug/build/tikv-jemalloc-sys/49ddf403ca7f06b4/out/build" && MAKEFLAGS="-j --jobserver-fds=4,5 --jobserver-auth=4,5" "make"
[INFO] [stderr]   cc -std=gnu11 -Wall -Wextra -Wsign-compare -Wundef -Wno-format-zero-length -Wpointer-arith -Wno-missing-braces -Wno-missing-field-initializers -Wno-missing-attributes -pipe -g3 -fvisibility=hidden -Wimplicit-fallthrough -Wdeprecated-declarations -O3 -funroll-loops -O0 -ffunction-sections -fdata-sections -fPIC -g -gdwarf-4 -fno-omit-frame-pointer -m64 -Wall -c -D_GNU_SOURCE -D_REENTRANT -Iinclude -Iinclude -DJEMALLOC_NO_PRIVATE_NAMESPACE -o src/jemalloc.sym.o src/jemalloc.c
[INFO] [stderr]   cc -std=gnu11 -Wall -Wextra -Wsign-compare -Wundef -Wno-format-zero-length -Wpointer-arith -Wno-missing-braces -Wno-missing-field-initializers -Wno-missing-attributes -pipe -g3 -fvisibility=hidden -Wimplicit-fallthrough -Wdeprecated-declarations -O3 -funroll-loops -O0 -ffunction-sections -fdata-sections -fPIC -g -gdwarf-4 -fno-omit-frame-pointer -m64 -Wall -c -D_GNU_SOURCE -D_REENTRANT -Iinclude -Iinclude -DJEMALLOC_NO_PRIVATE_NAMESPACE -o src/base.sym.o src/base.c
[INFO] [stderr]   cc -std=gnu11 -Wall -Wextra -Wsign-compare -Wundef -Wno-format-zero-length -Wpointer-arith -Wno-missing-braces -Wno-missing-field-initializers -Wno-missing-attributes -pipe -g3 -fvisibility=hidden -Wimplicit-fallthrough -Wdeprecated-declarations -O3 -funroll-loops -O0 -ffunction-sections -fdata-sections -fPIC -g -gdwarf-4 -fno-omit-frame-pointer -m64 -Wall -c -D_GNU_SOURCE -D_REENTRANT -Iinclude -Iinclude -DJEMALLOC_NO_PRIVATE_NAMESPACE -o src/arena.sym.o src/arena.c
[INFO] [stderr]   cc -std=gnu11 -Wall -Wextra -Wsign-compare -Wundef -Wno-format-zero-length -Wpointer-arith -Wno-missing-braces -Wno-missing-field-initializers -Wno-missing-attributes -pipe -g3 -fvisibility=hidden -Wimplicit-fallthrough -Wdeprecated-declarations -O3 -funroll-loops -O0 -ffunction-sections -fdata-sections -fPIC -g -gdwarf-4 -fno-omit-frame-pointer -m64 -Wall -c -D_GNU_SOURCE -D_REENTRANT -Iinclude -Iinclude -DJEMALLOC_NO_PRIVATE_NAMESPACE -o src/bin.sym.o src/bin.c
[INFO] [stderr]   cc -std=gnu11 -Wall -Wextra -Wsign-compare -Wundef -Wno-format-zero-length -Wpointer-arith -Wno-missing-braces -Wno-missing-field-initializers -Wno-missing-attributes -pipe -g3 -fvisibility=hidden -Wimplicit-fallthrough -Wdeprecated-declarations -O3 -funroll-loops -O0 -ffunction-sections -fdata-sections -fPIC -g -gdwarf-4 -fno-omit-frame-pointer -m64 -Wall -c -D_GNU_SOURCE -D_REENTRANT -Iinclude -Iinclude -DJEMALLOC_NO_PRIVATE_NAMESPACE -o src/background_thread.sym.o src/background_thread.c
[INFO] [stderr]   cc -std=gnu11 -Wall -Wextra -Wsign-compare -Wundef -Wno-format-zero-length -Wpointer-arith -Wno-missing-braces -Wno-missing-field-initializers -Wno-missing-attributes -pipe -g3 -fvisibility=hidden -Wimplicit-fallthrough -Wdeprecated-declarations -O3 -funroll-loops -O0 -ffunction-sections -fdata-sections -fPIC -g -gdwarf-4 -fno-omit-frame-pointer -m64 -Wall -c -D_GNU_SOURCE -D_REENTRANT -Iinclude -Iinclude -DJEMALLOC_NO_PRIVATE_NAMESPACE -o src/bin_info.sym.o src/bin_info.c
[INFO] [stderr]   cc -std=gnu11 -Wall -Wextra -Wsign-compare -Wundef -Wno-format-zero-length -Wpointer-arith -Wno-missing-braces -Wno-missing-field-initializers -Wno-missing-attributes -pipe -g3 -fvisibility=hidden -Wimplicit-fallthrough -Wdeprecated-declarations -O3 -funroll-loops -O0 -ffunction-sections -fdata-sections -fPIC -g -gdwarf-4 -fno-omit-frame-pointer -m64 -Wall -c -D_GNU_SOURCE -D_REENTRANT -Iinclude -Iinclude -DJEMALLOC_NO_PRIVATE_NAMESPACE -o src/bitmap.sym.o src/bitmap.c
[INFO] [stderr]   cc -std=gnu11 -Wall -Wextra -Wsign-compare -Wundef -Wno-format-zero-length -Wpointer-arith -Wno-missing-braces -Wno-missing-field-initializers -Wno-missing-attributes -pipe -g3 -fvisibility=hidden -Wimplicit-fallthrough -Wdeprecated-declarations -O3 -funroll-loops -O0 -ffunction-sections -fdata-sections -fPIC -g -gdwarf-4 -fno-omit-frame-pointer -m64 -Wall -c -D_GNU_SOURCE -D_REENTRANT -Iinclude -Iinclude -DJEMALLOC_NO_PRIVATE_NAMESPACE -o src/buf_writer.sym.o src/buf_writer.c
[INFO] [stderr]   cc -std=gnu11 -Wall -Wextra -Wsign-compare -Wundef -Wno-format-zero-length -Wpointer-arith -Wno-missing-braces -Wno-missing-field-initializers -Wno-missing-attributes -pipe -g3 -fvisibility=hidden -Wimplicit-fallthrough -Wdeprecated-declarations -O3 -funroll-loops -O0 -ffunction-sections -fdata-sections -fPIC -g -gdwarf-4 -fno-omit-frame-pointer -m64 -Wall -c -D_GNU_SOURCE -D_REENTRANT -Iinclude -Iinclude -DJEMALLOC_NO_PRIVATE_NAMESPACE -o src/cache_bin.sym.o src/cache_bin.c
[INFO] [stderr]   cc -std=gnu11 -Wall -Wextra -Wsign-compare -Wundef -Wno-format-zero-length -Wpointer-arith -Wno-missing-braces -Wno-missing-field-initializers -Wno-missing-attributes -pipe -g3 -fvisibility=hidden -Wimplicit-fallthrough -Wdeprecated-declarations -O3 -funroll-loops -O0 -ffunction-sections -fdata-sections -fPIC -g -gdwarf-4 -fno-omit-frame-pointer -m64 -Wall -c -D_GNU_SOURCE -D_REENTRANT -Iinclude -Iinclude -DJEMALLOC_NO_PRIVATE_NAMESPACE -o src/ckh.sym.o src/ckh.c
[INFO] [stderr]   cc -std=gnu11 -Wall -Wextra -Wsign-compare -Wundef -Wno-format-zero-length -Wpointer-arith -Wno-missing-braces -Wno-missing-field-initializers -Wno-missing-attributes -pipe -g3 -fvisibility=hidden -Wimplicit-fallthrough -Wdeprecated-declarations -O3 -funroll-loops -O0 -ffunction-sections -fdata-sections -fPIC -g -gdwarf-4 -fno-omit-frame-pointer -m64 -Wall -c -D_GNU_SOURCE -D_REENTRANT -Iinclude -Iinclude -DJEMALLOC_NO_PRIVATE_NAMESPACE -o src/counter.sym.o src/counter.c
[INFO] [stderr]   cc -std=gnu11 -Wall -Wextra -Wsign-compare -Wundef -Wno-format-zero-length -Wpointer-arith -Wno-missing-braces -Wno-missing-field-initializers -Wno-missing-attributes -pipe -g3 -fvisibility=hidden -Wimplicit-fallthrough -Wdeprecated-declarations -O3 -funroll-loops -O0 -ffunction-sections -fdata-sections -fPIC -g -gdwarf-4 -fno-omit-frame-pointer -m64 -Wall -c -D_GNU_SOURCE -D_REENTRANT -Iinclude -Iinclude -DJEMALLOC_NO_PRIVATE_NAMESPACE -o src/ctl.sym.o src/ctl.c
[INFO] [stderr]   cc -std=gnu11 -Wall -Wextra -Wsign-compare -Wundef -Wno-format-zero-length -Wpointer-arith -Wno-missing-braces -Wno-missing-field-initializers -Wno-missing-attributes -pipe -g3 -fvisibility=hidden -Wimplicit-fallthrough -Wdeprecated-declarations -O3 -funroll-loops -O0 -ffunction-sections -fdata-sections -fPIC -g -gdwarf-4 -fno-omit-frame-pointer -m64 -Wall -c -D_GNU_SOURCE -D_REENTRANT -Iinclude -Iinclude -DJEMALLOC_NO_PRIVATE_NAMESPACE -o src/decay.sym.o src/decay.c
[INFO] [stderr]   cc -std=gnu11 -Wall -Wextra -Wsign-compare -Wundef -Wno-format-zero-length -Wpointer-arith -Wno-missing-braces -Wno-missing-field-initializers -Wno-missing-attributes -pipe -g3 -fvisibility=hidden -Wimplicit-fallthrough -Wdeprecated-declarations -O3 -funroll-loops -O0 -ffunction-sections -fdata-sections -fPIC -g -gdwarf-4 -fno-omit-frame-pointer -m64 -Wall -c -D_GNU_SOURCE -D_REENTRANT -Iinclude -Iinclude -DJEMALLOC_NO_PRIVATE_NAMESPACE -o src/div.sym.o src/div.c
[INFO] [stderr]   cc -std=gnu11 -Wall -Wextra -Wsign-compare -Wundef -Wno-format-zero-length -Wpointer-arith -Wno-missing-braces -Wno-missing-field-initializers -Wno-missing-attributes -pipe -g3 -fvisibility=hidden -Wimplicit-fallthrough -Wdeprecated-declarations -O3 -funroll-loops -O0 -ffunction-sections -fdata-sections -fPIC -g -gdwarf-4 -fno-omit-frame-pointer -m64 -Wall -c -D_GNU_SOURCE -D_REENTRANT -Iinclude -Iinclude -DJEMALLOC_NO_PRIVATE_NAMESPACE -o src/ecache.sym.o src/ecache.c
[INFO] [stderr]   cc -std=gnu11 -Wall -Wextra -Wsign-compare -Wundef -Wno-format-zero-length -Wpointer-arith -Wno-missing-braces -Wno-missing-field-initializers -Wno-missing-attributes -pipe -g3 -fvisibility=hidden -Wimplicit-fallthrough -Wdeprecated-declarations -O3 -funroll-loops -O0 -ffunction-sections -fdata-sections -fPIC -g -gdwarf-4 -fno-omit-frame-pointer -m64 -Wall -c -D_GNU_SOURCE -D_REENTRANT -Iinclude -Iinclude -DJEMALLOC_NO_PRIVATE_NAMESPACE -o src/edata.sym.o src/edata.c
[INFO] [stderr]   cc -std=gnu11 -Wall -Wextra -Wsign-compare -Wundef -Wno-format-zero-length -Wpointer-arith -Wno-missing-braces -Wno-missing-field-initializers -Wno-missing-attributes -pipe -g3 -fvisibility=hidden -Wimplicit-fallthrough -Wdeprecated-declarations -O3 -funroll-loops -O0 -ffunction-sections -fdata-sections -fPIC -g -gdwarf-4 -fno-omit-frame-pointer -m64 -Wall -c -D_GNU_SOURCE -D_REENTRANT -Iinclude -Iinclude -DJEMALLOC_NO_PRIVATE_NAMESPACE -o src/edata_cache.sym.o src/edata_cache.c
[INFO] [stderr]   cc -std=gnu11 -Wall -Wextra -Wsign-compare -Wundef -Wno-format-zero-length -Wpointer-arith -Wno-missing-braces -Wno-missing-field-initializers -Wno-missing-attributes -pipe -g3 -fvisibility=hidden -Wimplicit-fallthrough -Wdeprecated-declarations -O3 -funroll-loops -O0 -ffunction-sections -fdata-sections -fPIC -g -gdwarf-4 -fno-omit-frame-pointer -m64 -Wall -c -D_GNU_SOURCE -D_REENTRANT -Iinclude -Iinclude -DJEMALLOC_NO_PRIVATE_NAMESPACE -o src/ehooks.sym.o src/ehooks.c
[INFO] [stderr]   cc -std=gnu11 -Wall -Wextra -Wsign-compare -Wundef -Wno-format-zero-length -Wpointer-arith -Wno-missing-braces -Wno-missing-field-initializers -Wno-missing-attributes -pipe -g3 -fvisibility=hidden -Wimplicit-fallthrough -Wdeprecated-declarations -O3 -funroll-loops -O0 -ffunction-sections -fdata-sections -fPIC -g -gdwarf-4 -fno-omit-frame-pointer -m64 -Wall -c -D_GNU_SOURCE -D_REENTRANT -Iinclude -Iinclude -DJEMALLOC_NO_PRIVATE_NAMESPACE -o src/emap.sym.o src/emap.c
[INFO] [stderr]   cc -std=gnu11 -Wall -Wextra -Wsign-compare -Wundef -Wno-format-zero-length -Wpointer-arith -Wno-missing-braces -Wno-missing-field-initializers -Wno-missing-attributes -pipe -g3 -fvisibility=hidden -Wimplicit-fallthrough -Wdeprecated-declarations -O3 -funroll-loops -O0 -ffunction-sections -fdata-sections -fPIC -g -gdwarf-4 -fno-omit-frame-pointer -m64 -Wall -c -D_GNU_SOURCE -D_REENTRANT -Iinclude -Iinclude -DJEMALLOC_NO_PRIVATE_NAMESPACE -o src/eset.sym.o src/eset.c
[INFO] [stderr]   cc -std=gnu11 -Wall -Wextra -Wsign-compare -Wundef -Wno-format-zero-length -Wpointer-arith -Wno-missing-braces -Wno-missing-field-initializers -Wno-missing-attributes -pipe -g3 -fvisibility=hidden -Wimplicit-fallthrough -Wdeprecated-declarations -O3 -funroll-loops -O0 -ffunction-sections -fdata-sections -fPIC -g -gdwarf-4 -fno-omit-frame-pointer -m64 -Wall -c -D_GNU_SOURCE -D_REENTRANT -Iinclude -Iinclude -DJEMALLOC_NO_PRIVATE_NAMESPACE -o src/exp_grow.sym.o src/exp_grow.c
[INFO] [stderr]   cc -std=gnu11 -Wall -Wextra -Wsign-compare -Wundef -Wno-format-zero-length -Wpointer-arith -Wno-missing-braces -Wno-missing-field-initializers -Wno-missing-attributes -pipe -g3 -fvisibility=hidden -Wimplicit-fallthrough -Wdeprecated-declarations -O3 -funroll-loops -O0 -ffunction-sections -fdata-sections -fPIC -g -gdwarf-4 -fno-omit-frame-pointer -m64 -Wall -c -D_GNU_SOURCE -D_REENTRANT -Iinclude -Iinclude -DJEMALLOC_NO_PRIVATE_NAMESPACE -o src/extent.sym.o src/extent.c
[INFO] [stderr]   cc -std=gnu11 -Wall -Wextra -Wsign-compare -Wundef -Wno-format-zero-length -Wpointer-arith -Wno-missing-braces -Wno-missing-field-initializers -Wno-missing-attributes -pipe -g3 -fvisibility=hidden -Wimplicit-fallthrough -Wdeprecated-declarations -O3 -funroll-loops -O0 -ffunction-sections -fdata-sections -fPIC -g -gdwarf-4 -fno-omit-frame-pointer -m64 -Wall -c -D_GNU_SOURCE -D_REENTRANT -Iinclude -Iinclude -DJEMALLOC_NO_PRIVATE_NAMESPACE -o src/extent_dss.sym.o src/extent_dss.c
[INFO] [stderr]   cc -std=gnu11 -Wall -Wextra -Wsign-compare -Wundef -Wno-format-zero-length -Wpointer-arith -Wno-missing-braces -Wno-missing-field-initializers -Wno-missing-attributes -pipe -g3 -fvisibility=hidden -Wimplicit-fallthrough -Wdeprecated-declarations -O3 -funroll-loops -O0 -ffunction-sections -fdata-sections -fPIC -g -gdwarf-4 -fno-omit-frame-pointer -m64 -Wall -c -D_GNU_SOURCE -D_REENTRANT -Iinclude -Iinclude -DJEMALLOC_NO_PRIVATE_NAMESPACE -o src/extent_mmap.sym.o src/extent_mmap.c
[INFO] [stderr]   cc -std=gnu11 -Wall -Wextra -Wsign-compare -Wundef -Wno-format-zero-length -Wpointer-arith -Wno-missing-braces -Wno-missing-field-initializers -Wno-missing-attributes -pipe -g3 -fvisibility=hidden -Wimplicit-fallthrough -Wdeprecated-declarations -O3 -funroll-loops -O0 -ffunction-sections -fdata-sections -fPIC -g -gdwarf-4 -fno-omit-frame-pointer -m64 -Wall -c -D_GNU_SOURCE -D_REENTRANT -Iinclude -Iinclude -DJEMALLOC_NO_PRIVATE_NAMESPACE -o src/fxp.sym.o src/fxp.c
[INFO] [stderr]   cc -std=gnu11 -Wall -Wextra -Wsign-compare -Wundef -Wno-format-zero-length -Wpointer-arith -Wno-missing-braces -Wno-missing-field-initializers -Wno-missing-attributes -pipe -g3 -fvisibility=hidden -Wimplicit-fallthrough -Wdeprecated-declarations -O3 -funroll-loops -O0 -ffunction-sections -fdata-sections -fPIC -g -gdwarf-4 -fno-omit-frame-pointer -m64 -Wall -c -D_GNU_SOURCE -D_REENTRANT -Iinclude -Iinclude -DJEMALLOC_NO_PRIVATE_NAMESPACE -o src/san.sym.o src/san.c
[INFO] [stderr]   cc -std=gnu11 -Wall -Wextra -Wsign-compare -Wundef -Wno-format-zero-length -Wpointer-arith -Wno-missing-braces -Wno-missing-field-initializers -Wno-missing-attributes -pipe -g3 -fvisibility=hidden -Wimplicit-fallthrough -Wdeprecated-declarations -O3 -funroll-loops -O0 -ffunction-sections -fdata-sections -fPIC -g -gdwarf-4 -fno-omit-frame-pointer -m64 -Wall -c -D_GNU_SOURCE -D_REENTRANT -Iinclude -Iinclude -DJEMALLOC_NO_PRIVATE_NAMESPACE -o src/san_bump.sym.o src/san_bump.c
[INFO] [stderr]   cc -std=gnu11 -Wall -Wextra -Wsign-compare -Wundef -Wno-format-zero-length -Wpointer-arith -Wno-missing-braces -Wno-missing-field-initializers -Wno-missing-attributes -pipe -g3 -fvisibility=hidden -Wimplicit-fallthrough -Wdeprecated-declarations -O3 -funroll-loops -O0 -ffunction-sections -fdata-sections -fPIC -g -gdwarf-4 -fno-omit-frame-pointer -m64 -Wall -c -D_GNU_SOURCE -D_REENTRANT -Iinclude -Iinclude -DJEMALLOC_NO_PRIVATE_NAMESPACE -o src/hook.sym.o src/hook.c
[INFO] [stderr]   cc -std=gnu11 -Wall -Wextra -Wsign-compare -Wundef -Wno-format-zero-length -Wpointer-arith -Wno-missing-braces -Wno-missing-field-initializers -Wno-missing-attributes -pipe -g3 -fvisibility=hidden -Wimplicit-fallthrough -Wdeprecated-declarations -O3 -funroll-loops -O0 -ffunction-sections -fdata-sections -fPIC -g -gdwarf-4 -fno-omit-frame-pointer -m64 -Wall -c -D_GNU_SOURCE -D_REENTRANT -Iinclude -Iinclude -DJEMALLOC_NO_PRIVATE_NAMESPACE -o src/hpa.sym.o src/hpa.c
[INFO] [stderr]   cc -std=gnu11 -Wall -Wextra -Wsign-compare -Wundef -Wno-format-zero-length -Wpointer-arith -Wno-missing-braces -Wno-missing-field-initializers -Wno-missing-attributes -pipe -g3 -fvisibility=hidden -Wimplicit-fallthrough -Wdeprecated-declarations -O3 -funroll-loops -O0 -ffunction-sections -fdata-sections -fPIC -g -gdwarf-4 -fno-omit-frame-pointer -m64 -Wall -c -D_GNU_SOURCE -D_REENTRANT -Iinclude -Iinclude -DJEMALLOC_NO_PRIVATE_NAMESPACE -o src/hpa_central.sym.o src/hpa_central.c
[INFO] [stderr]   cc -std=gnu11 -Wall -Wextra -Wsign-compare -Wundef -Wno-format-zero-length -Wpointer-arith -Wno-missing-braces -Wno-missing-field-initializers -Wno-missing-attributes -pipe -g3 -fvisibility=hidden -Wimplicit-fallthrough -Wdeprecated-declarations -O3 -funroll-loops -O0 -ffunction-sections -fdata-sections -fPIC -g -gdwarf-4 -fno-omit-frame-pointer -m64 -Wall -c -D_GNU_SOURCE -D_REENTRANT -Iinclude -Iinclude -DJEMALLOC_NO_PRIVATE_NAMESPACE -o src/hpa_hooks.sym.o src/hpa_hooks.c
[INFO] [stderr]   cc -std=gnu11 -Wall -Wextra -Wsign-compare -Wundef -Wno-format-zero-length -Wpointer-arith -Wno-missing-braces -Wno-missing-field-initializers -Wno-missing-attributes -pipe -g3 -fvisibility=hidden -Wimplicit-fallthrough -Wdeprecated-declarations -O3 -funroll-loops -O0 -ffunction-sections -fdata-sections -fPIC -g -gdwarf-4 -fno-omit-frame-pointer -m64 -Wall -c -D_GNU_SOURCE -D_REENTRANT -Iinclude -Iinclude -DJEMALLOC_NO_PRIVATE_NAMESPACE -o src/hpa_utils.sym.o src/hpa_utils.c
[INFO] [stderr]   cc -std=gnu11 -Wall -Wextra -Wsign-compare -Wundef -Wno-format-zero-length -Wpointer-arith -Wno-missing-braces -Wno-missing-field-initializers -Wno-missing-attributes -pipe -g3 -fvisibility=hidden -Wimplicit-fallthrough -Wdeprecated-declarations -O3 -funroll-loops -O0 -ffunction-sections -fdata-sections -fPIC -g -gdwarf-4 -fno-omit-frame-pointer -m64 -Wall -c -D_GNU_SOURCE -D_REENTRANT -Iinclude -Iinclude -DJEMALLOC_NO_PRIVATE_NAMESPACE -o src/hpdata.sym.o src/hpdata.c
[INFO] [stderr]   cc -std=gnu11 -Wall -Wextra -Wsign-compare -Wundef -Wno-format-zero-length -Wpointer-arith -Wno-missing-braces -Wno-missing-field-initializers -Wno-missing-attributes -pipe -g3 -fvisibility=hidden -Wimplicit-fallthrough -Wdeprecated-declarations -O3 -funroll-loops -O0 -ffunction-sections -fdata-sections -fPIC -g -gdwarf-4 -fno-omit-frame-pointer -m64 -Wall -c -D_GNU_SOURCE -D_REENTRANT -Iinclude -Iinclude -DJEMALLOC_NO_PRIVATE_NAMESPACE -o src/inspect.sym.o src/inspect.c
[INFO] [stderr]   cc -std=gnu11 -Wall -Wextra -Wsign-compare -Wundef -Wno-format-zero-length -Wpointer-arith -Wno-missing-braces -Wno-missing-field-initializers -Wno-missing-attributes -pipe -g3 -fvisibility=hidden -Wimplicit-fallthrough -Wdeprecated-declarations -O3 -funroll-loops -O0 -ffunction-sections -fdata-sections -fPIC -g -gdwarf-4 -fno-omit-frame-pointer -m64 -Wall -c -D_GNU_SOURCE -D_REENTRANT -Iinclude -Iinclude -DJEMALLOC_NO_PRIVATE_NAMESPACE -o src/large.sym.o src/large.c
[INFO] [stderr]   cc -std=gnu11 -Wall -Wextra -Wsign-compare -Wundef -Wno-format-zero-length -Wpointer-arith -Wno-missing-braces -Wno-missing-field-initializers -Wno-missing-attributes -pipe -g3 -fvisibility=hidden -Wimplicit-fallthrough -Wdeprecated-declarations -O3 -funroll-loops -O0 -ffunction-sections -fdata-sections -fPIC -g -gdwarf-4 -fno-omit-frame-pointer -m64 -Wall -c -D_GNU_SOURCE -D_REENTRANT -Iinclude -Iinclude -DJEMALLOC_NO_PRIVATE_NAMESPACE -o src/log.sym.o src/log.c
[INFO] [stderr]   cc -std=gnu11 -Wall -Wextra -Wsign-compare -Wundef -Wno-format-zero-length -Wpointer-arith -Wno-missing-braces -Wno-missing-field-initializers -Wno-missing-attributes -pipe -g3 -fvisibility=hidden -Wimplicit-fallthrough -Wdeprecated-declarations -O3 -funroll-loops -O0 -ffunction-sections -fdata-sections -fPIC -g -gdwarf-4 -fno-omit-frame-pointer -m64 -Wall -c -D_GNU_SOURCE -D_REENTRANT -Iinclude -Iinclude -DJEMALLOC_NO_PRIVATE_NAMESPACE -o src/malloc_io.sym.o src/malloc_io.c
[INFO] [stderr]   cc -std=gnu11 -Wall -Wextra -Wsign-compare -Wundef -Wno-format-zero-length -Wpointer-arith -Wno-missing-braces -Wno-missing-field-initializers -Wno-missing-attributes -pipe -g3 -fvisibility=hidden -Wimplicit-fallthrough -Wdeprecated-declarations -O3 -funroll-loops -O0 -ffunction-sections -fdata-sections -fPIC -g -gdwarf-4 -fno-omit-frame-pointer -m64 -Wall -c -D_GNU_SOURCE -D_REENTRANT -Iinclude -Iinclude -DJEMALLOC_NO_PRIVATE_NAMESPACE -o src/conf.sym.o src/conf.c
[INFO] [stderr]   cc -std=gnu11 -Wall -Wextra -Wsign-compare -Wundef -Wno-format-zero-length -Wpointer-arith -Wno-missing-braces -Wno-missing-field-initializers -Wno-missing-attributes -pipe -g3 -fvisibility=hidden -Wimplicit-fallthrough -Wdeprecated-declarations -O3 -funroll-loops -O0 -ffunction-sections -fdata-sections -fPIC -g -gdwarf-4 -fno-omit-frame-pointer -m64 -Wall -c -D_GNU_SOURCE -D_REENTRANT -Iinclude -Iinclude -DJEMALLOC_NO_PRIVATE_NAMESPACE -o src/mutex.sym.o src/mutex.c
[INFO] [stderr]   cc -std=gnu11 -Wall -Wextra -Wsign-compare -Wundef -Wno-format-zero-length -Wpointer-arith -Wno-missing-braces -Wno-missing-field-initializers -Wno-missing-attributes -pipe -g3 -fvisibility=hidden -Wimplicit-fallthrough -Wdeprecated-declarations -O3 -funroll-loops -O0 -ffunction-sections -fdata-sections -fPIC -g -gdwarf-4 -fno-omit-frame-pointer -m64 -Wall -c -D_GNU_SOURCE -D_REENTRANT -Iinclude -Iinclude -DJEMALLOC_NO_PRIVATE_NAMESPACE -o src/nstime.sym.o src/nstime.c
[INFO] [stderr]   cc -std=gnu11 -Wall -Wextra -Wsign-compare -Wundef -Wno-format-zero-length -Wpointer-arith -Wno-missing-braces -Wno-missing-field-initializers -Wno-missing-attributes -pipe -g3 -fvisibility=hidden -Wimplicit-fallthrough -Wdeprecated-declarations -O3 -funroll-loops -O0 -ffunction-sections -fdata-sections -fPIC -g -gdwarf-4 -fno-omit-frame-pointer -m64 -Wall -c -D_GNU_SOURCE -D_REENTRANT -Iinclude -Iinclude -DJEMALLOC_NO_PRIVATE_NAMESPACE -o src/pa.sym.o src/pa.c
[INFO] [stderr]   cc -std=gnu11 -Wall -Wextra -Wsign-compare -Wundef -Wno-format-zero-length -Wpointer-arith -Wno-missing-braces -Wno-missing-field-initializers -Wno-missing-attributes -pipe -g3 -fvisibility=hidden -Wimplicit-fallthrough -Wdeprecated-declarations -O3 -funroll-loops -O0 -ffunction-sections -fdata-sections -fPIC -g -gdwarf-4 -fno-omit-frame-pointer -m64 -Wall -c -D_GNU_SOURCE -D_REENTRANT -Iinclude -Iinclude -DJEMALLOC_NO_PRIVATE_NAMESPACE -o src/pa_extra.sym.o src/pa_extra.c
[INFO] [stderr]   cc -std=gnu11 -Wall -Wextra -Wsign-compare -Wundef -Wno-format-zero-length -Wpointer-arith -Wno-missing-braces -Wno-missing-field-initializers -Wno-missing-attributes -pipe -g3 -fvisibility=hidden -Wimplicit-fallthrough -Wdeprecated-declarations -O3 -funroll-loops -O0 -ffunction-sections -fdata-sections -fPIC -g -gdwarf-4 -fno-omit-frame-pointer -m64 -Wall -c -D_GNU_SOURCE -D_REENTRANT -Iinclude -Iinclude -DJEMALLOC_NO_PRIVATE_NAMESPACE -o src/pac.sym.o src/pac.c
[INFO] [stderr]   cc -std=gnu11 -Wall -Wextra -Wsign-compare -Wundef -Wno-format-zero-length -Wpointer-arith -Wno-missing-braces -Wno-missing-field-initializers -Wno-missing-attributes -pipe -g3 -fvisibility=hidden -Wimplicit-fallthrough -Wdeprecated-declarations -O3 -funroll-loops -O0 -ffunction-sections -fdata-sections -fPIC -g -gdwarf-4 -fno-omit-frame-pointer -m64 -Wall -c -D_GNU_SOURCE -D_REENTRANT -Iinclude -Iinclude -DJEMALLOC_NO_PRIVATE_NAMESPACE -o src/pages.sym.o src/pages.c
[INFO] [stderr]   cc -std=gnu11 -Wall -Wextra -Wsign-compare -Wundef -Wno-format-zero-length -Wpointer-arith -Wno-missing-braces -Wno-missing-field-initializers -Wno-missing-attributes -pipe -g3 -fvisibility=hidden -Wimplicit-fallthrough -Wdeprecated-declarations -O3 -funroll-loops -O0 -ffunction-sections -fdata-sections -fPIC -g -gdwarf-4 -fno-omit-frame-pointer -m64 -Wall -c -D_GNU_SOURCE -D_REENTRANT -Iinclude -Iinclude -DJEMALLOC_NO_PRIVATE_NAMESPACE -o src/peak_event.sym.o src/peak_event.c
[INFO] [stderr]   cc -std=gnu11 -Wall -Wextra -Wsign-compare -Wundef -Wno-format-zero-length -Wpointer-arith -Wno-missing-braces -Wno-missing-field-initializers -Wno-missing-attributes -pipe -g3 -fvisibility=hidden -Wimplicit-fallthrough -Wdeprecated-declarations -O3 -funroll-loops -O0 -ffunction-sections -fdata-sections -fPIC -g -gdwarf-4 -fno-omit-frame-pointer -m64 -Wall -c -D_GNU_SOURCE -D_REENTRANT -Iinclude -Iinclude -DJEMALLOC_NO_PRIVATE_NAMESPACE -o src/prof.sym.o src/prof.c
[INFO] [stderr]   cc -std=gnu11 -Wall -Wextra -Wsign-compare -Wundef -Wno-format-zero-length -Wpointer-arith -Wno-missing-braces -Wno-missing-field-initializers -Wno-missing-attributes -pipe -g3 -fvisibility=hidden -Wimplicit-fallthrough -Wdeprecated-declarations -O3 -funroll-loops -O0 -ffunction-sections -fdata-sections -fPIC -g -gdwarf-4 -fno-omit-frame-pointer -m64 -Wall -c -D_GNU_SOURCE -D_REENTRANT -Iinclude -Iinclude -DJEMALLOC_NO_PRIVATE_NAMESPACE -o src/prof_data.sym.o src/prof_data.c
[INFO] [stderr]   cc -std=gnu11 -Wall -Wextra -Wsign-compare -Wundef -Wno-format-zero-length -Wpointer-arith -Wno-missing-braces -Wno-missing-field-initializers -Wno-missing-attributes -pipe -g3 -fvisibility=hidden -Wimplicit-fallthrough -Wdeprecated-declarations -O3 -funroll-loops -O0 -ffunction-sections -fdata-sections -fPIC -g -gdwarf-4 -fno-omit-frame-pointer -m64 -Wall -c -D_GNU_SOURCE -D_REENTRANT -Iinclude -Iinclude -DJEMALLOC_NO_PRIVATE_NAMESPACE -o src/prof_log.sym.o src/prof_log.c
[INFO] [stderr]   cc -std=gnu11 -Wall -Wextra -Wsign-compare -Wundef -Wno-format-zero-length -Wpointer-arith -Wno-missing-braces -Wno-missing-field-initializers -Wno-missing-attributes -pipe -g3 -fvisibility=hidden -Wimplicit-fallthrough -Wdeprecated-declarations -O3 -funroll-loops -O0 -ffunction-sections -fdata-sections -fPIC -g -gdwarf-4 -fno-omit-frame-pointer -m64 -Wall -c -D_GNU_SOURCE -D_REENTRANT -Iinclude -Iinclude -DJEMALLOC_NO_PRIVATE_NAMESPACE -o src/prof_stack_range.sym.o src/prof_stack_range.c
[INFO] [stderr]   cc -std=gnu11 -Wall -Wextra -Wsign-compare -Wundef -Wno-format-zero-length -Wpointer-arith -Wno-missing-braces -Wno-missing-field-initializers -Wno-missing-attributes -pipe -g3 -fvisibility=hidden -Wimplicit-fallthrough -Wdeprecated-declarations -O3 -funroll-loops -O0 -ffunction-sections -fdata-sections -fPIC -g -gdwarf-4 -fno-omit-frame-pointer -m64 -Wall -c -D_GNU_SOURCE -D_REENTRANT -Iinclude -Iinclude -DJEMALLOC_NO_PRIVATE_NAMESPACE -o src/prof_recent.sym.o src/prof_recent.c
[INFO] [stderr]   cc -std=gnu11 -Wall -Wextra -Wsign-compare -Wundef -Wno-format-zero-length -Wpointer-arith -Wno-missing-braces -Wno-missing-field-initializers -Wno-missing-attributes -pipe -g3 -fvisibility=hidden -Wimplicit-fallthrough -Wdeprecated-declarations -O3 -funroll-loops -O0 -ffunction-sections -fdata-sections -fPIC -g -gdwarf-4 -fno-omit-frame-pointer -m64 -Wall -c -D_GNU_SOURCE -D_REENTRANT -Iinclude -Iinclude -DJEMALLOC_NO_PRIVATE_NAMESPACE -o src/prof_stats.sym.o src/prof_stats.c
[INFO] [stderr]   cc -std=gnu11 -Wall -Wextra -Wsign-compare -Wundef -Wno-format-zero-length -Wpointer-arith -Wno-missing-braces -Wno-missing-field-initializers -Wno-missing-attributes -pipe -g3 -fvisibility=hidden -Wimplicit-fallthrough -Wdeprecated-declarations -O3 -funroll-loops -O0 -ffunction-sections -fdata-sections -fPIC -g -gdwarf-4 -fno-omit-frame-pointer -m64 -Wall -c -D_GNU_SOURCE -D_REENTRANT -Iinclude -Iinclude -DJEMALLOC_NO_PRIVATE_NAMESPACE -o src/prof_sys.sym.o src/prof_sys.c
[INFO] [stderr]   cc -std=gnu11 -Wall -Wextra -Wsign-compare -Wundef -Wno-format-zero-length -Wpointer-arith -Wno-missing-braces -Wno-missing-field-initializers -Wno-missing-attributes -pipe -g3 -fvisibility=hidden -Wimplicit-fallthrough -Wdeprecated-declarations -O3 -funroll-loops -O0 -ffunction-sections -fdata-sections -fPIC -g -gdwarf-4 -fno-omit-frame-pointer -m64 -Wall -c -D_GNU_SOURCE -D_REENTRANT -Iinclude -Iinclude -DJEMALLOC_NO_PRIVATE_NAMESPACE -o src/psset.sym.o src/psset.c
[INFO] [stderr]   cc -std=gnu11 -Wall -Wextra -Wsign-compare -Wundef -Wno-format-zero-length -Wpointer-arith -Wno-missing-braces -Wno-missing-field-initializers -Wno-missing-attributes -pipe -g3 -fvisibility=hidden -Wimplicit-fallthrough -Wdeprecated-declarations -O3 -funroll-loops -O0 -ffunction-sections -fdata-sections -fPIC -g -gdwarf-4 -fno-omit-frame-pointer -m64 -Wall -c -D_GNU_SOURCE -D_REENTRANT -Iinclude -Iinclude -DJEMALLOC_NO_PRIVATE_NAMESPACE -o src/rtree.sym.o src/rtree.c
[INFO] [stderr]   cc -std=gnu11 -Wall -Wextra -Wsign-compare -Wundef -Wno-format-zero-length -Wpointer-arith -Wno-missing-braces -Wno-missing-field-initializers -Wno-missing-attributes -pipe -g3 -fvisibility=hidden -Wimplicit-fallthrough -Wdeprecated-declarations -O3 -funroll-loops -O0 -ffunction-sections -fdata-sections -fPIC -g -gdwarf-4 -fno-omit-frame-pointer -m64 -Wall -c -D_GNU_SOURCE -D_REENTRANT -Iinclude -Iinclude -DJEMALLOC_NO_PRIVATE_NAMESPACE -o src/safety_check.sym.o src/safety_check.c
[INFO] [stderr]   cc -std=gnu11 -Wall -Wextra -Wsign-compare -Wundef -Wno-format-zero-length -Wpointer-arith -Wno-missing-braces -Wno-missing-field-initializers -Wno-missing-attributes -pipe -g3 -fvisibility=hidden -Wimplicit-fallthrough -Wdeprecated-declarations -O3 -funroll-loops -O0 -ffunction-sections -fdata-sections -fPIC -g -gdwarf-4 -fno-omit-frame-pointer -m64 -Wall -c -D_GNU_SOURCE -D_REENTRANT -Iinclude -Iinclude -DJEMALLOC_NO_PRIVATE_NAMESPACE -o src/sc.sym.o src/sc.c
[INFO] [stderr]   cc -std=gnu11 -Wall -Wextra -Wsign-compare -Wundef -Wno-format-zero-length -Wpointer-arith -Wno-missing-braces -Wno-missing-field-initializers -Wno-missing-attributes -pipe -g3 -fvisibility=hidden -Wimplicit-fallthrough -Wdeprecated-declarations -O3 -funroll-loops -O0 -ffunction-sections -fdata-sections -fPIC -g -gdwarf-4 -fno-omit-frame-pointer -m64 -Wall -c -D_GNU_SOURCE -D_REENTRANT -Iinclude -Iinclude -DJEMALLOC_NO_PRIVATE_NAMESPACE -o src/sec.sym.o src/sec.c
[INFO] [stderr]   cc -std=gnu11 -Wall -Wextra -Wsign-compare -Wundef -Wno-format-zero-length -Wpointer-arith -Wno-missing-braces -Wno-missing-field-initializers -Wno-missing-attributes -pipe -g3 -fvisibility=hidden -Wimplicit-fallthrough -Wdeprecated-declarations -O3 -funroll-loops -O0 -ffunction-sections -fdata-sections -fPIC -g -gdwarf-4 -fno-omit-frame-pointer -m64 -Wall -c -D_GNU_SOURCE -D_REENTRANT -Iinclude -Iinclude -DJEMALLOC_NO_PRIVATE_NAMESPACE -o src/stats.sym.o src/stats.c
[INFO] [stderr]   cc -std=gnu11 -Wall -Wextra -Wsign-compare -Wundef -Wno-format-zero-length -Wpointer-arith -Wno-missing-braces -Wno-missing-field-initializers -Wno-missing-attributes -pipe -g3 -fvisibility=hidden -Wimplicit-fallthrough -Wdeprecated-declarations -O3 -funroll-loops -O0 -ffunction-sections -fdata-sections -fPIC -g -gdwarf-4 -fno-omit-frame-pointer -m64 -Wall -c -D_GNU_SOURCE -D_REENTRANT -Iinclude -Iinclude -DJEMALLOC_NO_PRIVATE_NAMESPACE -o src/sz.sym.o src/sz.c
[INFO] [stderr]   cc -std=gnu11 -Wall -Wextra -Wsign-compare -Wundef -Wno-format-zero-length -Wpointer-arith -Wno-missing-braces -Wno-missing-field-initializers -Wno-missing-attributes -pipe -g3 -fvisibility=hidden -Wimplicit-fallthrough -Wdeprecated-declarations -O3 -funroll-loops -O0 -ffunction-sections -fdata-sections -fPIC -g -gdwarf-4 -fno-omit-frame-pointer -m64 -Wall -c -D_GNU_SOURCE -D_REENTRANT -Iinclude -Iinclude -DJEMALLOC_NO_PRIVATE_NAMESPACE -o src/tcache.sym.o src/tcache.c
[INFO] [stderr]   cc -std=gnu11 -Wall -Wextra -Wsign-compare -Wundef -Wno-format-zero-length -Wpointer-arith -Wno-missing-braces -Wno-missing-field-initializers -Wno-missing-attributes -pipe -g3 -fvisibility=hidden -Wimplicit-fallthrough -Wdeprecated-declarations -O3 -funroll-loops -O0 -ffunction-sections -fdata-sections -fPIC -g -gdwarf-4 -fno-omit-frame-pointer -m64 -Wall -c -D_GNU_SOURCE -D_REENTRANT -Iinclude -Iinclude -DJEMALLOC_NO_PRIVATE_NAMESPACE -o src/test_hooks.sym.o src/test_hooks.c
[INFO] [stderr]   cc -std=gnu11 -Wall -Wextra -Wsign-compare -Wundef -Wno-format-zero-length -Wpointer-arith -Wno-missing-braces -Wno-missing-field-initializers -Wno-missing-attributes -pipe -g3 -fvisibility=hidden -Wimplicit-fallthrough -Wdeprecated-declarations -O3 -funroll-loops -O0 -ffunction-sections -fdata-sections -fPIC -g -gdwarf-4 -fno-omit-frame-pointer -m64 -Wall -c -D_GNU_SOURCE -D_REENTRANT -Iinclude -Iinclude -DJEMALLOC_NO_PRIVATE_NAMESPACE -o src/thread_event.sym.o src/thread_event.c
[INFO] [stderr]   cc -std=gnu11 -Wall -Wextra -Wsign-compare -Wundef -Wno-format-zero-length -Wpointer-arith -Wno-missing-braces -Wno-missing-field-initializers -Wno-missing-attributes -pipe -g3 -fvisibility=hidden -Wimplicit-fallthrough -Wdeprecated-declarations -O3 -funroll-loops -O0 -ffunction-sections -fdata-sections -fPIC -g -gdwarf-4 -fno-omit-frame-pointer -m64 -Wall -c -D_GNU_SOURCE -D_REENTRANT -Iinclude -Iinclude -DJEMALLOC_NO_PRIVATE_NAMESPACE -o src/thread_event_registry.sym.o src/thread_event_registry.c
[INFO] [stderr]   cc -std=gnu11 -Wall -Wextra -Wsign-compare -Wundef -Wno-format-zero-length -Wpointer-arith -Wno-missing-braces -Wno-missing-field-initializers -Wno-missing-attributes -pipe -g3 -fvisibility=hidden -Wimplicit-fallthrough -Wdeprecated-declarations -O3 -funroll-loops -O0 -ffunction-sections -fdata-sections -fPIC -g -gdwarf-4 -fno-omit-frame-pointer -m64 -Wall -c -D_GNU_SOURCE -D_REENTRANT -Iinclude -Iinclude -DJEMALLOC_NO_PRIVATE_NAMESPACE -o src/ticker.sym.o src/ticker.c
[INFO] [stderr]   cc -std=gnu11 -Wall -Wextra -Wsign-compare -Wundef -Wno-format-zero-length -Wpointer-arith -Wno-missing-braces -Wno-missing-field-initializers -Wno-missing-attributes -pipe -g3 -fvisibility=hidden -Wimplicit-fallthrough -Wdeprecated-declarations -O3 -funroll-loops -O0 -ffunction-sections -fdata-sections -fPIC -g -gdwarf-4 -fno-omit-frame-pointer -m64 -Wall -c -D_GNU_SOURCE -D_REENTRANT -Iinclude -Iinclude -DJEMALLOC_NO_PRIVATE_NAMESPACE -o src/tsd.sym.o src/tsd.c
[INFO] [stderr]   cc -std=gnu11 -Wall -Wextra -Wsign-compare -Wundef -Wno-format-zero-length -Wpointer-arith -Wno-missing-braces -Wno-missing-field-initializers -Wno-missing-attributes -pipe -g3 -fvisibility=hidden -Wimplicit-fallthrough -Wdeprecated-declarations -O3 -funroll-loops -O0 -ffunction-sections -fdata-sections -fPIC -g -gdwarf-4 -fno-omit-frame-pointer -m64 -Wall -c -D_GNU_SOURCE -D_REENTRANT -Iinclude -Iinclude -DJEMALLOC_NO_PRIVATE_NAMESPACE -o src/util.sym.o src/util.c
[INFO] [stderr]   cc -std=gnu11 -Wall -Wextra -Wsign-compare -Wundef -Wno-format-zero-length -Wpointer-arith -Wno-missing-braces -Wno-missing-field-initializers -Wno-missing-attributes -pipe -g3 -fvisibility=hidden -Wimplicit-fallthrough -Wdeprecated-declarations -O3 -funroll-loops -O0 -ffunction-sections -fdata-sections -fPIC -g -gdwarf-4 -fno-omit-frame-pointer -m64 -Wall -c -D_GNU_SOURCE -D_REENTRANT -Iinclude -Iinclude -DJEMALLOC_NO_PRIVATE_NAMESPACE -o src/witness.sym.o src/witness.c
[INFO] [stderr]   nm -a src/arena.sym.o | mawk -f include/jemalloc/internal/private_symbols.awk > src/arena.sym
[INFO] [stderr]   nm -a src/background_thread.sym.o | mawk -f include/jemalloc/internal/private_symbols.awk > src/background_thread.sym
[INFO] [stderr]   nm -a src/base.sym.o | mawk -f include/jemalloc/internal/private_symbols.awk > src/base.sym
[INFO] [stderr]   nm -a src/bin.sym.o | mawk -f include/jemalloc/internal/private_symbols.awk > src/bin.sym
[INFO] [stderr]   nm -a src/bin_info.sym.o | mawk -f include/jemalloc/internal/private_symbols.awk > src/bin_info.sym
[INFO] [stderr]   nm -a src/bitmap.sym.o | mawk -f include/jemalloc/internal/private_symbols.awk > src/bitmap.sym
[INFO] [stderr]   nm -a src/buf_writer.sym.o | mawk -f include/jemalloc/internal/private_symbols.awk > src/buf_writer.sym
[INFO] [stderr]   nm -a src/cache_bin.sym.o | mawk -f include/jemalloc/internal/private_symbols.awk > src/cache_bin.sym
[INFO] [stderr]   nm -a src/ckh.sym.o | mawk -f include/jemalloc/internal/private_symbols.awk > src/ckh.sym
[INFO] [stderr]   nm -a src/counter.sym.o | mawk -f include/jemalloc/internal/private_symbols.awk > src/counter.sym
[INFO] [stderr]   nm -a src/ctl.sym.o | mawk -f include/jemalloc/internal/private_symbols.awk > src/ctl.sym
[INFO] [stderr]   nm -a src/decay.sym.o | mawk -f include/jemalloc/internal/private_symbols.awk > src/decay.sym
[INFO] [stderr]   nm -a src/div.sym.o | mawk -f include/jemalloc/internal/private_symbols.awk > src/div.sym
[INFO] [stderr]   nm -a src/ecache.sym.o | mawk -f include/jemalloc/internal/private_symbols.awk > src/ecache.sym
[INFO] [stderr]   nm -a src/edata.sym.o | mawk -f include/jemalloc/internal/private_symbols.awk > src/edata.sym
[INFO] [stderr]   nm -a src/edata_cache.sym.o | mawk -f include/jemalloc/internal/private_symbols.awk > src/edata_cache.sym
[INFO] [stderr]   nm -a src/ehooks.sym.o | mawk -f include/jemalloc/internal/private_symbols.awk > src/ehooks.sym
[INFO] [stderr]   nm -a src/emap.sym.o | mawk -f include/jemalloc/internal/private_symbols.awk > src/emap.sym
[INFO] [stderr]   nm -a src/eset.sym.o | mawk -f include/jemalloc/internal/private_symbols.awk > src/eset.sym
[INFO] [stderr]   nm -a src/exp_grow.sym.o | mawk -f include/jemalloc/internal/private_symbols.awk > src/exp_grow.sym
[INFO] [stderr]   nm -a src/extent.sym.o | mawk -f include/jemalloc/internal/private_symbols.awk > src/extent.sym
[INFO] [stderr]   nm -a src/extent_dss.sym.o | mawk -f include/jemalloc/internal/private_symbols.awk > src/extent_dss.sym
[INFO] [stderr]   nm -a src/extent_mmap.sym.o | mawk -f include/jemalloc/internal/private_symbols.awk > src/extent_mmap.sym
[INFO] [stderr]   nm -a src/fxp.sym.o | mawk -f include/jemalloc/internal/private_symbols.awk > src/fxp.sym
[INFO] [stderr]   nm -a src/san.sym.o | mawk -f include/jemalloc/internal/private_symbols.awk > src/san.sym
[INFO] [stderr]   nm -a src/hook.sym.o | mawk -f include/jemalloc/internal/private_symbols.awk > src/hook.sym
[INFO] [stderr]   nm -a src/san_bump.sym.o | mawk -f include/jemalloc/internal/private_symbols.awk > src/san_bump.sym
[INFO] [stderr]   nm -a src/hpa.sym.o | mawk -f include/jemalloc/internal/private_symbols.awk > src/hpa.sym
[INFO] [stderr]   nm -a src/hpa_central.sym.o | mawk -f include/jemalloc/internal/private_symbols.awk > src/hpa_central.sym
[INFO] [stderr]   nm -a src/hpa_hooks.sym.o | mawk -f include/jemalloc/internal/private_symbols.awk > src/hpa_hooks.sym
[INFO] [stderr]   nm -a src/hpa_utils.sym.o | mawk -f include/jemalloc/internal/private_symbols.awk > src/hpa_utils.sym
[INFO] [stderr]   nm -a src/hpdata.sym.o | mawk -f include/jemalloc/internal/private_symbols.awk > src/hpdata.sym
[INFO] [stderr]   nm -a src/inspect.sym.o | mawk -f include/jemalloc/internal/private_symbols.awk > src/inspect.sym
[INFO] [stderr]   nm -a src/large.sym.o | mawk -f include/jemalloc/internal/private_symbols.awk > src/large.sym
[INFO] [stderr]   nm -a src/log.sym.o | mawk -f include/jemalloc/internal/private_symbols.awk > src/log.sym
[INFO] [stderr]   nm -a src/malloc_io.sym.o | mawk -f include/jemalloc/internal/private_symbols.awk > src/malloc_io.sym
[INFO] [stderr]   nm -a src/conf.sym.o | mawk -f include/jemalloc/internal/private_symbols.awk > src/conf.sym
[INFO] [stderr]   nm -a src/mutex.sym.o | mawk -f include/jemalloc/internal/private_symbols.awk > src/mutex.sym
[INFO] [stderr]   nm -a src/nstime.sym.o | mawk -f include/jemalloc/internal/private_symbols.awk > src/nstime.sym
[INFO] [stderr]   nm -a src/pa.sym.o | mawk -f include/jemalloc/internal/private_symbols.awk > src/pa.sym
[INFO] [stderr]   nm -a src/pa_extra.sym.o | mawk -f include/jemalloc/internal/private_symbols.awk > src/pa_extra.sym
[INFO] [stderr]   nm -a src/pac.sym.o | mawk -f include/jemalloc/internal/private_symbols.awk > src/pac.sym
[INFO] [stderr]   nm -a src/pages.sym.o | mawk -f include/jemalloc/internal/private_symbols.awk > src/pages.sym
[INFO] [stderr]   nm -a src/peak_event.sym.o | mawk -f include/jemalloc/internal/private_symbols.awk > src/peak_event.sym
[INFO] [stderr]   nm -a src/prof.sym.o | mawk -f include/jemalloc/internal/private_symbols.awk > src/prof.sym
[INFO] [stderr]   nm -a src/prof_log.sym.o | mawk -f include/jemalloc/internal/private_symbols.awk > src/prof_log.sym
[INFO] [stderr]   nm -a src/prof_recent.sym.o | mawk -f include/jemalloc/internal/private_symbols.awk > src/prof_recent.sym
[INFO] [stderr]   nm -a src/prof_stack_range.sym.o | mawk -f include/jemalloc/internal/private_symbols.awk > src/prof_stack_range.sym
[INFO] [stderr]   nm -a src/prof_stats.sym.o | mawk -f include/jemalloc/internal/private_symbols.awk > src/prof_stats.sym
[INFO] [stderr]   nm -a src/prof_sys.sym.o | mawk -f include/jemalloc/internal/private_symbols.awk > src/prof_sys.sym
[INFO] [stderr]   nm -a src/psset.sym.o | mawk -f include/jemalloc/internal/private_symbols.awk > src/psset.sym
[INFO] [stderr]   nm -a src/rtree.sym.o | mawk -f include/jemalloc/internal/private_symbols.awk > src/rtree.sym
[INFO] [stderr]   nm -a src/safety_check.sym.o | mawk -f include/jemalloc/internal/private_symbols.awk > src/safety_check.sym
[INFO] [stderr]   nm -a src/sc.sym.o | mawk -f include/jemalloc/internal/private_symbols.awk > src/sc.sym
[INFO] [stderr]   nm -a src/sz.sym.o | mawk -f include/jemalloc/internal/private_symbols.awk > src/sz.sym
[INFO] [stderr]   nm -a src/sec.sym.o | mawk -f include/jemalloc/internal/private_symbols.awk > src/sec.sym
[INFO] [stderr]   nm -a src/test_hooks.sym.o | mawk -f include/jemalloc/internal/private_symbols.awk > src/test_hooks.sym
[INFO] [stderr]   nm -a src/thread_event.sym.o | mawk -f include/jemalloc/internal/private_symbols.awk > src/thread_event.sym
[INFO] [stderr]   nm -a src/thread_event_registry.sym.o | mawk -f include/jemalloc/internal/private_symbols.awk > src/thread_event_registry.sym
[INFO] [stderr]   nm -a src/ticker.sym.o | mawk -f include/jemalloc/internal/private_symbols.awk > src/ticker.sym
[INFO] [stderr]   nm -a src/tsd.sym.o | mawk -f include/jemalloc/internal/private_symbols.awk > src/tsd.sym
[INFO] [stderr]   nm -a src/witness.sym.o | mawk -f include/jemalloc/internal/private_symbols.awk > src/witness.sym
[INFO] [stderr]   nm -a src/util.sym.o | mawk -f include/jemalloc/internal/private_symbols.awk > src/util.sym
[INFO] [stderr]   nm -a src/prof_data.sym.o | mawk -f include/jemalloc/internal/private_symbols.awk > src/prof_data.sym
[INFO] [stderr]   nm -a src/stats.sym.o | mawk -f include/jemalloc/internal/private_symbols.awk > src/stats.sym
[INFO] [stderr]   nm -a src/tcache.sym.o | mawk -f include/jemalloc/internal/private_symbols.awk > src/tcache.sym
[INFO] [stderr]   nm -a src/jemalloc.sym.o | mawk -f include/jemalloc/internal/private_symbols.awk > src/jemalloc.sym
[INFO] [stderr]   /bin/sh include/jemalloc/internal/private_namespace.sh src/jemalloc.sym src/arena.sym src/background_thread.sym src/base.sym src/bin.sym src/bin_info.sym src/bitmap.sym src/buf_writer.sym src/cache_bin.sym src/ckh.sym src/counter.sym src/ctl.sym src/decay.sym src/div.sym src/ecache.sym src/edata.sym src/edata_cache.sym src/ehooks.sym src/emap.sym src/eset.sym src/exp_grow.sym src/extent.sym src/extent_dss.sym src/extent_mmap.sym src/fxp.sym src/san.sym src/san_bump.sym src/hook.sym src/hpa.sym src/hpa_central.sym src/hpa_hooks.sym src/hpa_utils.sym src/hpdata.sym src/inspect.sym src/large.sym src/log.sym src/malloc_io.sym src/conf.sym src/mutex.sym src/nstime.sym src/pa.sym src/pa_extra.sym src/pac.sym src/pages.sym src/peak_event.sym src/prof.sym src/prof_data.sym src/prof_log.sym src/prof_recent.sym src/prof_stack_range.sym src/prof_stats.sym src/prof_sys.sym src/psset.sym src/rtree.sym src/safety_check.sym src/sc.sym src/sec.sym src/stats.sym src/sz.sym src/tcache.sym src/test_hooks.sym src/thread_event.sym src/thread_event_registry.sym src/ticker.sym src/tsd.sym src/util.sym src/witness.sym > include/jemalloc/internal/private_namespace.gen.h
[INFO] [stderr]   cp include/jemalloc/internal/private_namespace.gen.h include/jemalloc/internal/private_namespace.h
[INFO] [stderr]   cc -std=gnu11 -Wall -Wextra -Wsign-compare -Wundef -Wno-format-zero-length -Wpointer-arith -Wno-missing-braces -Wno-missing-field-initializers -Wno-missing-attributes -pipe -g3 -fvisibility=hidden -Wimplicit-fallthrough -Wdeprecated-declarations -O3 -funroll-loops -O0 -ffunction-sections -fdata-sections -fPIC -g -gdwarf-4 -fno-omit-frame-pointer -m64 -Wall -c -D_GNU_SOURCE -D_REENTRANT -Iinclude -Iinclude -o src/bin.o src/bin.c
[INFO] [stderr]   cc -std=gnu11 -Wall -Wextra -Wsign-compare -Wundef -Wno-format-zero-length -Wpointer-arith -Wno-missing-braces -Wno-missing-field-initializers -Wno-missing-attributes -pipe -g3 -fvisibility=hidden -Wimplicit-fallthrough -Wdeprecated-declarations -O3 -funroll-loops -O0 -ffunction-sections -fdata-sections -fPIC -g -gdwarf-4 -fno-omit-frame-pointer -m64 -Wall -c -D_GNU_SOURCE -D_REENTRANT -Iinclude -Iinclude -o src/jemalloc.o src/jemalloc.c
[INFO] [stderr]   cc -std=gnu11 -Wall -Wextra -Wsign-compare -Wundef -Wno-format-zero-length -Wpointer-arith -Wno-missing-braces -Wno-missing-field-initializers -Wno-missing-attributes -pipe -g3 -fvisibility=hidden -Wimplicit-fallthrough -Wdeprecated-declarations -O3 -funroll-loops -O0 -ffunction-sections -fdata-sections -fPIC -g -gdwarf-4 -fno-omit-frame-pointer -m64 -Wall -c -D_GNU_SOURCE -D_REENTRANT -Iinclude -Iinclude -o src/arena.o src/arena.c
[INFO] [stderr]   cc -std=gnu11 -Wall -Wextra -Wsign-compare -Wundef -Wno-format-zero-length -Wpointer-arith -Wno-missing-braces -Wno-missing-field-initializers -Wno-missing-attributes -pipe -g3 -fvisibility=hidden -Wimplicit-fallthrough -Wdeprecated-declarations -O3 -funroll-loops -O0 -ffunction-sections -fdata-sections -fPIC -g -gdwarf-4 -fno-omit-frame-pointer -m64 -Wall -c -D_GNU_SOURCE -D_REENTRANT -Iinclude -Iinclude -o src/background_thread.o src/background_thread.c
[INFO] [stderr]   cc -std=gnu11 -Wall -Wextra -Wsign-compare -Wundef -Wno-format-zero-length -Wpointer-arith -Wno-missing-braces -Wno-missing-field-initializers -Wno-missing-attributes -pipe -g3 -fvisibility=hidden -Wimplicit-fallthrough -Wdeprecated-declarations -O3 -funroll-loops -O0 -ffunction-sections -fdata-sections -fPIC -g -gdwarf-4 -fno-omit-frame-pointer -m64 -Wall -c -D_GNU_SOURCE -D_REENTRANT -Iinclude -Iinclude -o src/base.o src/base.c
[INFO] [stderr]   cc -std=gnu11 -Wall -Wextra -Wsign-compare -Wundef -Wno-format-zero-length -Wpointer-arith -Wno-missing-braces -Wno-missing-field-initializers -Wno-missing-attributes -pipe -g3 -fvisibility=hidden -Wimplicit-fallthrough -Wdeprecated-declarations -O3 -funroll-loops -O0 -ffunction-sections -fdata-sections -fPIC -g -gdwarf-4 -fno-omit-frame-pointer -m64 -Wall -c -D_GNU_SOURCE -D_REENTRANT -Iinclude -Iinclude -o src/bin_info.o src/bin_info.c
[INFO] [stderr]   cc -std=gnu11 -Wall -Wextra -Wsign-compare -Wundef -Wno-format-zero-length -Wpointer-arith -Wno-missing-braces -Wno-missing-field-initializers -Wno-missing-attributes -pipe -g3 -fvisibility=hidden -Wimplicit-fallthrough -Wdeprecated-declarations -O3 -funroll-loops -O0 -ffunction-sections -fdata-sections -fPIC -g -gdwarf-4 -fno-omit-frame-pointer -m64 -Wall -c -D_GNU_SOURCE -D_REENTRANT -Iinclude -Iinclude -o src/bitmap.o src/bitmap.c
[INFO] [stderr]   cc -std=gnu11 -Wall -Wextra -Wsign-compare -Wundef -Wno-format-zero-length -Wpointer-arith -Wno-missing-braces -Wno-missing-field-initializers -Wno-missing-attributes -pipe -g3 -fvisibility=hidden -Wimplicit-fallthrough -Wdeprecated-declarations -O3 -funroll-loops -O0 -ffunction-sections -fdata-sections -fPIC -g -gdwarf-4 -fno-omit-frame-pointer -m64 -Wall -c -D_GNU_SOURCE -D_REENTRANT -Iinclude -Iinclude -o src/buf_writer.o src/buf_writer.c
[INFO] [stderr]   cc -std=gnu11 -Wall -Wextra -Wsign-compare -Wundef -Wno-format-zero-length -Wpointer-arith -Wno-missing-braces -Wno-missing-field-initializers -Wno-missing-attributes -pipe -g3 -fvisibility=hidden -Wimplicit-fallthrough -Wdeprecated-declarations -O3 -funroll-loops -O0 -ffunction-sections -fdata-sections -fPIC -g -gdwarf-4 -fno-omit-frame-pointer -m64 -Wall -c -D_GNU_SOURCE -D_REENTRANT -Iinclude -Iinclude -o src/cache_bin.o src/cache_bin.c
[INFO] [stderr]   cc -std=gnu11 -Wall -Wextra -Wsign-compare -Wundef -Wno-format-zero-length -Wpointer-arith -Wno-missing-braces -Wno-missing-field-initializers -Wno-missing-attributes -pipe -g3 -fvisibility=hidden -Wimplicit-fallthrough -Wdeprecated-declarations -O3 -funroll-loops -O0 -ffunction-sections -fdata-sections -fPIC -g -gdwarf-4 -fno-omit-frame-pointer -m64 -Wall -c -D_GNU_SOURCE -D_REENTRANT -Iinclude -Iinclude -o src/ckh.o src/ckh.c
[INFO] [stderr]   cc -std=gnu11 -Wall -Wextra -Wsign-compare -Wundef -Wno-format-zero-length -Wpointer-arith -Wno-missing-braces -Wno-missing-field-initializers -Wno-missing-attributes -pipe -g3 -fvisibility=hidden -Wimplicit-fallthrough -Wdeprecated-declarations -O3 -funroll-loops -O0 -ffunction-sections -fdata-sections -fPIC -g -gdwarf-4 -fno-omit-frame-pointer -m64 -Wall -c -D_GNU_SOURCE -D_REENTRANT -Iinclude -Iinclude -o src/counter.o src/counter.c
[INFO] [stderr]   cc -std=gnu11 -Wall -Wextra -Wsign-compare -Wundef -Wno-format-zero-length -Wpointer-arith -Wno-missing-braces -Wno-missing-field-initializers -Wno-missing-attributes -pipe -g3 -fvisibility=hidden -Wimplicit-fallthrough -Wdeprecated-declarations -O3 -funroll-loops -O0 -ffunction-sections -fdata-sections -fPIC -g -gdwarf-4 -fno-omit-frame-pointer -m64 -Wall -c -D_GNU_SOURCE -D_REENTRANT -Iinclude -Iinclude -o src/ctl.o src/ctl.c
[INFO] [stderr]   cc -std=gnu11 -Wall -Wextra -Wsign-compare -Wundef -Wno-format-zero-length -Wpointer-arith -Wno-missing-braces -Wno-missing-field-initializers -Wno-missing-attributes -pipe -g3 -fvisibility=hidden -Wimplicit-fallthrough -Wdeprecated-declarations -O3 -funroll-loops -O0 -ffunction-sections -fdata-sections -fPIC -g -gdwarf-4 -fno-omit-frame-pointer -m64 -Wall -c -D_GNU_SOURCE -D_REENTRANT -Iinclude -Iinclude -o src/decay.o src/decay.c
[INFO] [stderr]   cc -std=gnu11 -Wall -Wextra -Wsign-compare -Wundef -Wno-format-zero-length -Wpointer-arith -Wno-missing-braces -Wno-missing-field-initializers -Wno-missing-attributes -pipe -g3 -fvisibility=hidden -Wimplicit-fallthrough -Wdeprecated-declarations -O3 -funroll-loops -O0 -ffunction-sections -fdata-sections -fPIC -g -gdwarf-4 -fno-omit-frame-pointer -m64 -Wall -c -D_GNU_SOURCE -D_REENTRANT -Iinclude -Iinclude -o src/div.o src/div.c
[INFO] [stderr]   cc -std=gnu11 -Wall -Wextra -Wsign-compare -Wundef -Wno-format-zero-length -Wpointer-arith -Wno-missing-braces -Wno-missing-field-initializers -Wno-missing-attributes -pipe -g3 -fvisibility=hidden -Wimplicit-fallthrough -Wdeprecated-declarations -O3 -funroll-loops -O0 -ffunction-sections -fdata-sections -fPIC -g -gdwarf-4 -fno-omit-frame-pointer -m64 -Wall -c -D_GNU_SOURCE -D_REENTRANT -Iinclude -Iinclude -o src/ecache.o src/ecache.c
[INFO] [stderr]   cc -std=gnu11 -Wall -Wextra -Wsign-compare -Wundef -Wno-format-zero-length -Wpointer-arith -Wno-missing-braces -Wno-missing-field-initializers -Wno-missing-attributes -pipe -g3 -fvisibility=hidden -Wimplicit-fallthrough -Wdeprecated-declarations -O3 -funroll-loops -O0 -ffunction-sections -fdata-sections -fPIC -g -gdwarf-4 -fno-omit-frame-pointer -m64 -Wall -c -D_GNU_SOURCE -D_REENTRANT -Iinclude -Iinclude -o src/edata.o src/edata.c
[INFO] [stderr]   cc -std=gnu11 -Wall -Wextra -Wsign-compare -Wundef -Wno-format-zero-length -Wpointer-arith -Wno-missing-braces -Wno-missing-field-initializers -Wno-missing-attributes -pipe -g3 -fvisibility=hidden -Wimplicit-fallthrough -Wdeprecated-declarations -O3 -funroll-loops -O0 -ffunction-sections -fdata-sections -fPIC -g -gdwarf-4 -fno-omit-frame-pointer -m64 -Wall -c -D_GNU_SOURCE -D_REENTRANT -Iinclude -Iinclude -o src/edata_cache.o src/edata_cache.c
[INFO] [stderr]   cc -std=gnu11 -Wall -Wextra -Wsign-compare -Wundef -Wno-format-zero-length -Wpointer-arith -Wno-missing-braces -Wno-missing-field-initializers -Wno-missing-attributes -pipe -g3 -fvisibility=hidden -Wimplicit-fallthrough -Wdeprecated-declarations -O3 -funroll-loops -O0 -ffunction-sections -fdata-sections -fPIC -g -gdwarf-4 -fno-omit-frame-pointer -m64 -Wall -c -D_GNU_SOURCE -D_REENTRANT -Iinclude -Iinclude -o src/ehooks.o src/ehooks.c
[INFO] [stderr]   cc -std=gnu11 -Wall -Wextra -Wsign-compare -Wundef -Wno-format-zero-length -Wpointer-arith -Wno-missing-braces -Wno-missing-field-initializers -Wno-missing-attributes -pipe -g3 -fvisibility=hidden -Wimplicit-fallthrough -Wdeprecated-declarations -O3 -funroll-loops -O0 -ffunction-sections -fdata-sections -fPIC -g -gdwarf-4 -fno-omit-frame-pointer -m64 -Wall -c -D_GNU_SOURCE -D_REENTRANT -Iinclude -Iinclude -o src/emap.o src/emap.c
[INFO] [stderr]   cc -std=gnu11 -Wall -Wextra -Wsign-compare -Wundef -Wno-format-zero-length -Wpointer-arith -Wno-missing-braces -Wno-missing-field-initializers -Wno-missing-attributes -pipe -g3 -fvisibility=hidden -Wimplicit-fallthrough -Wdeprecated-declarations -O3 -funroll-loops -O0 -ffunction-sections -fdata-sections -fPIC -g -gdwarf-4 -fno-omit-frame-pointer -m64 -Wall -c -D_GNU_SOURCE -D_REENTRANT -Iinclude -Iinclude -o src/eset.o src/eset.c
[INFO] [stderr]   cc -std=gnu11 -Wall -Wextra -Wsign-compare -Wundef -Wno-format-zero-length -Wpointer-arith -Wno-missing-braces -Wno-missing-field-initializers -Wno-missing-attributes -pipe -g3 -fvisibility=hidden -Wimplicit-fallthrough -Wdeprecated-declarations -O3 -funroll-loops -O0 -ffunction-sections -fdata-sections -fPIC -g -gdwarf-4 -fno-omit-frame-pointer -m64 -Wall -c -D_GNU_SOURCE -D_REENTRANT -Iinclude -Iinclude -o src/exp_grow.o src/exp_grow.c
[INFO] [stderr]   cc -std=gnu11 -Wall -Wextra -Wsign-compare -Wundef -Wno-format-zero-length -Wpointer-arith -Wno-missing-braces -Wno-missing-field-initializers -Wno-missing-attributes -pipe -g3 -fvisibility=hidden -Wimplicit-fallthrough -Wdeprecated-declarations -O3 -funroll-loops -O0 -ffunction-sections -fdata-sections -fPIC -g -gdwarf-4 -fno-omit-frame-pointer -m64 -Wall -c -D_GNU_SOURCE -D_REENTRANT -Iinclude -Iinclude -o src/extent.o src/extent.c
[INFO] [stderr]   cc -std=gnu11 -Wall -Wextra -Wsign-compare -Wundef -Wno-format-zero-length -Wpointer-arith -Wno-missing-braces -Wno-missing-field-initializers -Wno-missing-attributes -pipe -g3 -fvisibility=hidden -Wimplicit-fallthrough -Wdeprecated-declarations -O3 -funroll-loops -O0 -ffunction-sections -fdata-sections -fPIC -g -gdwarf-4 -fno-omit-frame-pointer -m64 -Wall -c -D_GNU_SOURCE -D_REENTRANT -Iinclude -Iinclude -o src/extent_dss.o src/extent_dss.c
[INFO] [stderr]   cc -std=gnu11 -Wall -Wextra -Wsign-compare -Wundef -Wno-format-zero-length -Wpointer-arith -Wno-missing-braces -Wno-missing-field-initializers -Wno-missing-attributes -pipe -g3 -fvisibility=hidden -Wimplicit-fallthrough -Wdeprecated-declarations -O3 -funroll-loops -O0 -ffunction-sections -fdata-sections -fPIC -g -gdwarf-4 -fno-omit-frame-pointer -m64 -Wall -c -D_GNU_SOURCE -D_REENTRANT -Iinclude -Iinclude -o src/extent_mmap.o src/extent_mmap.c
[INFO] [stderr]   cc -std=gnu11 -Wall -Wextra -Wsign-compare -Wundef -Wno-format-zero-length -Wpointer-arith -Wno-missing-braces -Wno-missing-field-initializers -Wno-missing-attributes -pipe -g3 -fvisibility=hidden -Wimplicit-fallthrough -Wdeprecated-declarations -O3 -funroll-loops -O0 -ffunction-sections -fdata-sections -fPIC -g -gdwarf-4 -fno-omit-frame-pointer -m64 -Wall -c -D_GNU_SOURCE -D_REENTRANT -Iinclude -Iinclude -o src/fxp.o src/fxp.c
[INFO] [stderr]   cc -std=gnu11 -Wall -Wextra -Wsign-compare -Wundef -Wno-format-zero-length -Wpointer-arith -Wno-missing-braces -Wno-missing-field-initializers -Wno-missing-attributes -pipe -g3 -fvisibility=hidden -Wimplicit-fallthrough -Wdeprecated-declarations -O3 -funroll-loops -O0 -ffunction-sections -fdata-sections -fPIC -g -gdwarf-4 -fno-omit-frame-pointer -m64 -Wall -c -D_GNU_SOURCE -D_REENTRANT -Iinclude -Iinclude -o src/san.o src/san.c
[INFO] [stderr]   cc -std=gnu11 -Wall -Wextra -Wsign-compare -Wundef -Wno-format-zero-length -Wpointer-arith -Wno-missing-braces -Wno-missing-field-initializers -Wno-missing-attributes -pipe -g3 -fvisibility=hidden -Wimplicit-fallthrough -Wdeprecated-declarations -O3 -funroll-loops -O0 -ffunction-sections -fdata-sections -fPIC -g -gdwarf-4 -fno-omit-frame-pointer -m64 -Wall -c -D_GNU_SOURCE -D_REENTRANT -Iinclude -Iinclude -o src/san_bump.o src/san_bump.c
[INFO] [stderr]   cc -std=gnu11 -Wall -Wextra -Wsign-compare -Wundef -Wno-format-zero-length -Wpointer-arith -Wno-missing-braces -Wno-missing-field-initializers -Wno-missing-attributes -pipe -g3 -fvisibility=hidden -Wimplicit-fallthrough -Wdeprecated-declarations -O3 -funroll-loops -O0 -ffunction-sections -fdata-sections -fPIC -g -gdwarf-4 -fno-omit-frame-pointer -m64 -Wall -c -D_GNU_SOURCE -D_REENTRANT -Iinclude -Iinclude -o src/hook.o src/hook.c
[INFO] [stderr]   cc -std=gnu11 -Wall -Wextra -Wsign-compare -Wundef -Wno-format-zero-length -Wpointer-arith -Wno-missing-braces -Wno-missing-field-initializers -Wno-missing-attributes -pipe -g3 -fvisibility=hidden -Wimplicit-fallthrough -Wdeprecated-declarations -O3 -funroll-loops -O0 -ffunction-sections -fdata-sections -fPIC -g -gdwarf-4 -fno-omit-frame-pointer -m64 -Wall -c -D_GNU_SOURCE -D_REENTRANT -Iinclude -Iinclude -o src/hpa.o src/hpa.c
[INFO] [stderr]   cc -std=gnu11 -Wall -Wextra -Wsign-compare -Wundef -Wno-format-zero-length -Wpointer-arith -Wno-missing-braces -Wno-missing-field-initializers -Wno-missing-attributes -pipe -g3 -fvisibility=hidden -Wimplicit-fallthrough -Wdeprecated-declarations -O3 -funroll-loops -O0 -ffunction-sections -fdata-sections -fPIC -g -gdwarf-4 -fno-omit-frame-pointer -m64 -Wall -c -D_GNU_SOURCE -D_REENTRANT -Iinclude -Iinclude -o src/hpa_central.o src/hpa_central.c
[INFO] [stderr]   cc -std=gnu11 -Wall -Wextra -Wsign-compare -Wundef -Wno-format-zero-length -Wpointer-arith -Wno-missing-braces -Wno-missing-field-initializers -Wno-missing-attributes -pipe -g3 -fvisibility=hidden -Wimplicit-fallthrough -Wdeprecated-declarations -O3 -funroll-loops -O0 -ffunction-sections -fdata-sections -fPIC -g -gdwarf-4 -fno-omit-frame-pointer -m64 -Wall -c -D_GNU_SOURCE -D_REENTRANT -Iinclude -Iinclude -o src/hpa_hooks.o src/hpa_hooks.c
[INFO] [stderr]   cc -std=gnu11 -Wall -Wextra -Wsign-compare -Wundef -Wno-format-zero-length -Wpointer-arith -Wno-missing-braces -Wno-missing-field-initializers -Wno-missing-attributes -pipe -g3 -fvisibility=hidden -Wimplicit-fallthrough -Wdeprecated-declarations -O3 -funroll-loops -O0 -ffunction-sections -fdata-sections -fPIC -g -gdwarf-4 -fno-omit-frame-pointer -m64 -Wall -c -D_GNU_SOURCE -D_REENTRANT -Iinclude -Iinclude -o src/hpa_utils.o src/hpa_utils.c
[INFO] [stderr]   cc -std=gnu11 -Wall -Wextra -Wsign-compare -Wundef -Wno-format-zero-length -Wpointer-arith -Wno-missing-braces -Wno-missing-field-initializers -Wno-missing-attributes -pipe -g3 -fvisibility=hidden -Wimplicit-fallthrough -Wdeprecated-declarations -O3 -funroll-loops -O0 -ffunction-sections -fdata-sections -fPIC -g -gdwarf-4 -fno-omit-frame-pointer -m64 -Wall -c -D_GNU_SOURCE -D_REENTRANT -Iinclude -Iinclude -o src/hpdata.o src/hpdata.c
[INFO] [stderr]   cc -std=gnu11 -Wall -Wextra -Wsign-compare -Wundef -Wno-format-zero-length -Wpointer-arith -Wno-missing-braces -Wno-missing-field-initializers -Wno-missing-attributes -pipe -g3 -fvisibility=hidden -Wimplicit-fallthrough -Wdeprecated-declarations -O3 -funroll-loops -O0 -ffunction-sections -fdata-sections -fPIC -g -gdwarf-4 -fno-omit-frame-pointer -m64 -Wall -c -D_GNU_SOURCE -D_REENTRANT -Iinclude -Iinclude -o src/inspect.o src/inspect.c
[INFO] [stderr]   cc -std=gnu11 -Wall -Wextra -Wsign-compare -Wundef -Wno-format-zero-length -Wpointer-arith -Wno-missing-braces -Wno-missing-field-initializers -Wno-missing-attributes -pipe -g3 -fvisibility=hidden -Wimplicit-fallthrough -Wdeprecated-declarations -O3 -funroll-loops -O0 -ffunction-sections -fdata-sections -fPIC -g -gdwarf-4 -fno-omit-frame-pointer -m64 -Wall -c -D_GNU_SOURCE -D_REENTRANT -Iinclude -Iinclude -o src/large.o src/large.c
[INFO] [stderr]   cc -std=gnu11 -Wall -Wextra -Wsign-compare -Wundef -Wno-format-zero-length -Wpointer-arith -Wno-missing-braces -Wno-missing-field-initializers -Wno-missing-attributes -pipe -g3 -fvisibility=hidden -Wimplicit-fallthrough -Wdeprecated-declarations -O3 -funroll-loops -O0 -ffunction-sections -fdata-sections -fPIC -g -gdwarf-4 -fno-omit-frame-pointer -m64 -Wall -c -D_GNU_SOURCE -D_REENTRANT -Iinclude -Iinclude -o src/log.o src/log.c
[INFO] [stderr]   cc -std=gnu11 -Wall -Wextra -Wsign-compare -Wundef -Wno-format-zero-length -Wpointer-arith -Wno-missing-braces -Wno-missing-field-initializers -Wno-missing-attributes -pipe -g3 -fvisibility=hidden -Wimplicit-fallthrough -Wdeprecated-declarations -O3 -funroll-loops -O0 -ffunction-sections -fdata-sections -fPIC -g -gdwarf-4 -fno-omit-frame-pointer -m64 -Wall -c -D_GNU_SOURCE -D_REENTRANT -Iinclude -Iinclude -o src/malloc_io.o src/malloc_io.c
[INFO] [stderr]   cc -std=gnu11 -Wall -Wextra -Wsign-compare -Wundef -Wno-format-zero-length -Wpointer-arith -Wno-missing-braces -Wno-missing-field-initializers -Wno-missing-attributes -pipe -g3 -fvisibility=hidden -Wimplicit-fallthrough -Wdeprecated-declarations -O3 -funroll-loops -O0 -ffunction-sections -fdata-sections -fPIC -g -gdwarf-4 -fno-omit-frame-pointer -m64 -Wall -c -D_GNU_SOURCE -D_REENTRANT -Iinclude -Iinclude -o src/conf.o src/conf.c
[INFO] [stderr]   cc -std=gnu11 -Wall -Wextra -Wsign-compare -Wundef -Wno-format-zero-length -Wpointer-arith -Wno-missing-braces -Wno-missing-field-initializers -Wno-missing-attributes -pipe -g3 -fvisibility=hidden -Wimplicit-fallthrough -Wdeprecated-declarations -O3 -funroll-loops -O0 -ffunction-sections -fdata-sections -fPIC -g -gdwarf-4 -fno-omit-frame-pointer -m64 -Wall -c -D_GNU_SOURCE -D_REENTRANT -Iinclude -Iinclude -o src/mutex.o src/mutex.c
[INFO] [stderr]   cc -std=gnu11 -Wall -Wextra -Wsign-compare -Wundef -Wno-format-zero-length -Wpointer-arith -Wno-missing-braces -Wno-missing-field-initializers -Wno-missing-attributes -pipe -g3 -fvisibility=hidden -Wimplicit-fallthrough -Wdeprecated-declarations -O3 -funroll-loops -O0 -ffunction-sections -fdata-sections -fPIC -g -gdwarf-4 -fno-omit-frame-pointer -m64 -Wall -c -D_GNU_SOURCE -D_REENTRANT -Iinclude -Iinclude -o src/nstime.o src/nstime.c
[INFO] [stderr]   cc -std=gnu11 -Wall -Wextra -Wsign-compare -Wundef -Wno-format-zero-length -Wpointer-arith -Wno-missing-braces -Wno-missing-field-initializers -Wno-missing-attributes -pipe -g3 -fvisibility=hidden -Wimplicit-fallthrough -Wdeprecated-declarations -O3 -funroll-loops -O0 -ffunction-sections -fdata-sections -fPIC -g -gdwarf-4 -fno-omit-frame-pointer -m64 -Wall -c -D_GNU_SOURCE -D_REENTRANT -Iinclude -Iinclude -o src/pa.o src/pa.c
[INFO] [stderr]   cc -std=gnu11 -Wall -Wextra -Wsign-compare -Wundef -Wno-format-zero-length -Wpointer-arith -Wno-missing-braces -Wno-missing-field-initializers -Wno-missing-attributes -pipe -g3 -fvisibility=hidden -Wimplicit-fallthrough -Wdeprecated-declarations -O3 -funroll-loops -O0 -ffunction-sections -fdata-sections -fPIC -g -gdwarf-4 -fno-omit-frame-pointer -m64 -Wall -c -D_GNU_SOURCE -D_REENTRANT -Iinclude -Iinclude -o src/pa_extra.o src/pa_extra.c
[INFO] [stderr]   cc -std=gnu11 -Wall -Wextra -Wsign-compare -Wundef -Wno-format-zero-length -Wpointer-arith -Wno-missing-braces -Wno-missing-field-initializers -Wno-missing-attributes -pipe -g3 -fvisibility=hidden -Wimplicit-fallthrough -Wdeprecated-declarations -O3 -funroll-loops -O0 -ffunction-sections -fdata-sections -fPIC -g -gdwarf-4 -fno-omit-frame-pointer -m64 -Wall -c -D_GNU_SOURCE -D_REENTRANT -Iinclude -Iinclude -o src/pac.o src/pac.c
[INFO] [stderr]   cc -std=gnu11 -Wall -Wextra -Wsign-compare -Wundef -Wno-format-zero-length -Wpointer-arith -Wno-missing-braces -Wno-missing-field-initializers -Wno-missing-attributes -pipe -g3 -fvisibility=hidden -Wimplicit-fallthrough -Wdeprecated-declarations -O3 -funroll-loops -O0 -ffunction-sections -fdata-sections -fPIC -g -gdwarf-4 -fno-omit-frame-pointer -m64 -Wall -c -D_GNU_SOURCE -D_REENTRANT -Iinclude -Iinclude -o src/pages.o src/pages.c
[INFO] [stderr]   cc -std=gnu11 -Wall -Wextra -Wsign-compare -Wundef -Wno-format-zero-length -Wpointer-arith -Wno-missing-braces -Wno-missing-field-initializers -Wno-missing-attributes -pipe -g3 -fvisibility=hidden -Wimplicit-fallthrough -Wdeprecated-declarations -O3 -funroll-loops -O0 -ffunction-sections -fdata-sections -fPIC -g -gdwarf-4 -fno-omit-frame-pointer -m64 -Wall -c -D_GNU_SOURCE -D_REENTRANT -Iinclude -Iinclude -o src/peak_event.o src/peak_event.c
[INFO] [stderr]   cc -std=gnu11 -Wall -Wextra -Wsign-compare -Wundef -Wno-format-zero-length -Wpointer-arith -Wno-missing-braces -Wno-missing-field-initializers -Wno-missing-attributes -pipe -g3 -fvisibility=hidden -Wimplicit-fallthrough -Wdeprecated-declarations -O3 -funroll-loops -O0 -ffunction-sections -fdata-sections -fPIC -g -gdwarf-4 -fno-omit-frame-pointer -m64 -Wall -c -D_GNU_SOURCE -D_REENTRANT -Iinclude -Iinclude -o src/prof.o src/prof.c
[INFO] [stderr]   cc -std=gnu11 -Wall -Wextra -Wsign-compare -Wundef -Wno-format-zero-length -Wpointer-arith -Wno-missing-braces -Wno-missing-field-initializers -Wno-missing-attributes -pipe -g3 -fvisibility=hidden -Wimplicit-fallthrough -Wdeprecated-declarations -O3 -funroll-loops -O0 -ffunction-sections -fdata-sections -fPIC -g -gdwarf-4 -fno-omit-frame-pointer -m64 -Wall -c -D_GNU_SOURCE -D_REENTRANT -Iinclude -Iinclude -o src/prof_data.o src/prof_data.c
[INFO] [stderr]   cc -std=gnu11 -Wall -Wextra -Wsign-compare -Wundef -Wno-format-zero-length -Wpointer-arith -Wno-missing-braces -Wno-missing-field-initializers -Wno-missing-attributes -pipe -g3 -fvisibility=hidden -Wimplicit-fallthrough -Wdeprecated-declarations -O3 -funroll-loops -O0 -ffunction-sections -fdata-sections -fPIC -g -gdwarf-4 -fno-omit-frame-pointer -m64 -Wall -c -D_GNU_SOURCE -D_REENTRANT -Iinclude -Iinclude -o src/prof_log.o src/prof_log.c
[INFO] [stderr]   cc -std=gnu11 -Wall -Wextra -Wsign-compare -Wundef -Wno-format-zero-length -Wpointer-arith -Wno-missing-braces -Wno-missing-field-initializers -Wno-missing-attributes -pipe -g3 -fvisibility=hidden -Wimplicit-fallthrough -Wdeprecated-declarations -O3 -funroll-loops -O0 -ffunction-sections -fdata-sections -fPIC -g -gdwarf-4 -fno-omit-frame-pointer -m64 -Wall -c -D_GNU_SOURCE -D_REENTRANT -Iinclude -Iinclude -o src/prof_recent.o src/prof_recent.c
[INFO] [stderr]   cc -std=gnu11 -Wall -Wextra -Wsign-compare -Wundef -Wno-format-zero-length -Wpointer-arith -Wno-missing-braces -Wno-missing-field-initializers -Wno-missing-attributes -pipe -g3 -fvisibility=hidden -Wimplicit-fallthrough -Wdeprecated-declarations -O3 -funroll-loops -O0 -ffunction-sections -fdata-sections -fPIC -g -gdwarf-4 -fno-omit-frame-pointer -m64 -Wall -c -D_GNU_SOURCE -D_REENTRANT -Iinclude -Iinclude -o src/prof_stack_range.o src/prof_stack_range.c
[INFO] [stderr]   cc -std=gnu11 -Wall -Wextra -Wsign-compare -Wundef -Wno-format-zero-length -Wpointer-arith -Wno-missing-braces -Wno-missing-field-initializers -Wno-missing-attributes -pipe -g3 -fvisibility=hidden -Wimplicit-fallthrough -Wdeprecated-declarations -O3 -funroll-loops -O0 -ffunction-sections -fdata-sections -fPIC -g -gdwarf-4 -fno-omit-frame-pointer -m64 -Wall -c -D_GNU_SOURCE -D_REENTRANT -Iinclude -Iinclude -o src/prof_stats.o src/prof_stats.c
[INFO] [stderr]   cc -std=gnu11 -Wall -Wextra -Wsign-compare -Wundef -Wno-format-zero-length -Wpointer-arith -Wno-missing-braces -Wno-missing-field-initializers -Wno-missing-attributes -pipe -g3 -fvisibility=hidden -Wimplicit-fallthrough -Wdeprecated-declarations -O3 -funroll-loops -O0 -ffunction-sections -fdata-sections -fPIC -g -gdwarf-4 -fno-omit-frame-pointer -m64 -Wall -c -D_GNU_SOURCE -D_REENTRANT -Iinclude -Iinclude -o src/prof_sys.o src/prof_sys.c
[INFO] [stderr]   cc -std=gnu11 -Wall -Wextra -Wsign-compare -Wundef -Wno-format-zero-length -Wpointer-arith -Wno-missing-braces -Wno-missing-field-initializers -Wno-missing-attributes -pipe -g3 -fvisibility=hidden -Wimplicit-fallthrough -Wdeprecated-declarations -O3 -funroll-loops -O0 -ffunction-sections -fdata-sections -fPIC -g -gdwarf-4 -fno-omit-frame-pointer -m64 -Wall -c -D_GNU_SOURCE -D_REENTRANT -Iinclude -Iinclude -o src/psset.o src/psset.c
[INFO] [stderr]   cc -std=gnu11 -Wall -Wextra -Wsign-compare -Wundef -Wno-format-zero-length -Wpointer-arith -Wno-missing-braces -Wno-missing-field-initializers -Wno-missing-attributes -pipe -g3 -fvisibility=hidden -Wimplicit-fallthrough -Wdeprecated-declarations -O3 -funroll-loops -O0 -ffunction-sections -fdata-sections -fPIC -g -gdwarf-4 -fno-omit-frame-pointer -m64 -Wall -c -D_GNU_SOURCE -D_REENTRANT -Iinclude -Iinclude -o src/rtree.o src/rtree.c
[INFO] [stderr]   cc -std=gnu11 -Wall -Wextra -Wsign-compare -Wundef -Wno-format-zero-length -Wpointer-arith -Wno-missing-braces -Wno-missing-field-initializers -Wno-missing-attributes -pipe -g3 -fvisibility=hidden -Wimplicit-fallthrough -Wdeprecated-declarations -O3 -funroll-loops -O0 -ffunction-sections -fdata-sections -fPIC -g -gdwarf-4 -fno-omit-frame-pointer -m64 -Wall -c -D_GNU_SOURCE -D_REENTRANT -Iinclude -Iinclude -o src/safety_check.o src/safety_check.c
[INFO] [stderr]   cc -std=gnu11 -Wall -Wextra -Wsign-compare -Wundef -Wno-format-zero-length -Wpointer-arith -Wno-missing-braces -Wno-missing-field-initializers -Wno-missing-attributes -pipe -g3 -fvisibility=hidden -Wimplicit-fallthrough -Wdeprecated-declarations -O3 -funroll-loops -O0 -ffunction-sections -fdata-sections -fPIC -g -gdwarf-4 -fno-omit-frame-pointer -m64 -Wall -c -D_GNU_SOURCE -D_REENTRANT -Iinclude -Iinclude -o src/sc.o src/sc.c
[INFO] [stderr]   cc -std=gnu11 -Wall -Wextra -Wsign-compare -Wundef -Wno-format-zero-length -Wpointer-arith -Wno-missing-braces -Wno-missing-field-initializers -Wno-missing-attributes -pipe -g3 -fvisibility=hidden -Wimplicit-fallthrough -Wdeprecated-declarations -O3 -funroll-loops -O0 -ffunction-sections -fdata-sections -fPIC -g -gdwarf-4 -fno-omit-frame-pointer -m64 -Wall -c -D_GNU_SOURCE -D_REENTRANT -Iinclude -Iinclude -o src/sec.o src/sec.c
[INFO] [stderr]   cc -std=gnu11 -Wall -Wextra -Wsign-compare -Wundef -Wno-format-zero-length -Wpointer-arith -Wno-missing-braces -Wno-missing-field-initializers -Wno-missing-attributes -pipe -g3 -fvisibility=hidden -Wimplicit-fallthrough -Wdeprecated-declarations -O3 -funroll-loops -O0 -ffunction-sections -fdata-sections -fPIC -g -gdwarf-4 -fno-omit-frame-pointer -m64 -Wall -c -D_GNU_SOURCE -D_REENTRANT -Iinclude -Iinclude -o src/stats.o src/stats.c
[INFO] [stderr]   cc -std=gnu11 -Wall -Wextra -Wsign-compare -Wundef -Wno-format-zero-length -Wpointer-arith -Wno-missing-braces -Wno-missing-field-initializers -Wno-missing-attributes -pipe -g3 -fvisibility=hidden -Wimplicit-fallthrough -Wdeprecated-declarations -O3 -funroll-loops -O0 -ffunction-sections -fdata-sections -fPIC -g -gdwarf-4 -fno-omit-frame-pointer -m64 -Wall -c -D_GNU_SOURCE -D_REENTRANT -Iinclude -Iinclude -o src/sz.o src/sz.c
[INFO] [stderr]   cc -std=gnu11 -Wall -Wextra -Wsign-compare -Wundef -Wno-format-zero-length -Wpointer-arith -Wno-missing-braces -Wno-missing-field-initializers -Wno-missing-attributes -pipe -g3 -fvisibility=hidden -Wimplicit-fallthrough -Wdeprecated-declarations -O3 -funroll-loops -O0 -ffunction-sections -fdata-sections -fPIC -g -gdwarf-4 -fno-omit-frame-pointer -m64 -Wall -c -D_GNU_SOURCE -D_REENTRANT -Iinclude -Iinclude -o src/tcache.o src/tcache.c
[INFO] [stderr]   cc -std=gnu11 -Wall -Wextra -Wsign-compare -Wundef -Wno-format-zero-length -Wpointer-arith -Wno-missing-braces -Wno-missing-field-initializers -Wno-missing-attributes -pipe -g3 -fvisibility=hidden -Wimplicit-fallthrough -Wdeprecated-declarations -O3 -funroll-loops -O0 -ffunction-sections -fdata-sections -fPIC -g -gdwarf-4 -fno-omit-frame-pointer -m64 -Wall -c -D_GNU_SOURCE -D_REENTRANT -Iinclude -Iinclude -o src/test_hooks.o src/test_hooks.c
[INFO] [stderr]   cc -std=gnu11 -Wall -Wextra -Wsign-compare -Wundef -Wno-format-zero-length -Wpointer-arith -Wno-missing-braces -Wno-missing-field-initializers -Wno-missing-attributes -pipe -g3 -fvisibility=hidden -Wimplicit-fallthrough -Wdeprecated-declarations -O3 -funroll-loops -O0 -ffunction-sections -fdata-sections -fPIC -g -gdwarf-4 -fno-omit-frame-pointer -m64 -Wall -c -D_GNU_SOURCE -D_REENTRANT -Iinclude -Iinclude -o src/thread_event.o src/thread_event.c
[INFO] [stderr]   cc -std=gnu11 -Wall -Wextra -Wsign-compare -Wundef -Wno-format-zero-length -Wpointer-arith -Wno-missing-braces -Wno-missing-field-initializers -Wno-missing-attributes -pipe -g3 -fvisibility=hidden -Wimplicit-fallthrough -Wdeprecated-declarations -O3 -funroll-loops -O0 -ffunction-sections -fdata-sections -fPIC -g -gdwarf-4 -fno-omit-frame-pointer -m64 -Wall -c -D_GNU_SOURCE -D_REENTRANT -Iinclude -Iinclude -o src/thread_event_registry.o src/thread_event_registry.c
[INFO] [stderr]   cc -std=gnu11 -Wall -Wextra -Wsign-compare -Wundef -Wno-format-zero-length -Wpointer-arith -Wno-missing-braces -Wno-missing-field-initializers -Wno-missing-attributes -pipe -g3 -fvisibility=hidden -Wimplicit-fallthrough -Wdeprecated-declarations -O3 -funroll-loops -O0 -ffunction-sections -fdata-sections -fPIC -g -gdwarf-4 -fno-omit-frame-pointer -m64 -Wall -c -D_GNU_SOURCE -D_REENTRANT -Iinclude -Iinclude -o src/ticker.o src/ticker.c
[INFO] [stderr]   cc -std=gnu11 -Wall -Wextra -Wsign-compare -Wundef -Wno-format-zero-length -Wpointer-arith -Wno-missing-braces -Wno-missing-field-initializers -Wno-missing-attributes -pipe -g3 -fvisibility=hidden -Wimplicit-fallthrough -Wdeprecated-declarations -O3 -funroll-loops -O0 -ffunction-sections -fdata-sections -fPIC -g -gdwarf-4 -fno-omit-frame-pointer -m64 -Wall -c -D_GNU_SOURCE -D_REENTRANT -Iinclude -Iinclude -o src/tsd.o src/tsd.c
[INFO] [stderr]   cc -std=gnu11 -Wall -Wextra -Wsign-compare -Wundef -Wno-format-zero-length -Wpointer-arith -Wno-missing-braces -Wno-missing-field-initializers -Wno-missing-attributes -pipe -g3 -fvisibility=hidden -Wimplicit-fallthrough -Wdeprecated-declarations -O3 -funroll-loops -O0 -ffunction-sections -fdata-sections -fPIC -g -gdwarf-4 -fno-omit-frame-pointer -m64 -Wall -c -D_GNU_SOURCE -D_REENTRANT -Iinclude -Iinclude -o src/util.o src/util.c
[INFO] [stderr]   cc -std=gnu11 -Wall -Wextra -Wsign-compare -Wundef -Wno-format-zero-length -Wpointer-arith -Wno-missing-braces -Wno-missing-field-initializers -Wno-missing-attributes -pipe -g3 -fvisibility=hidden -Wimplicit-fallthrough -Wdeprecated-declarations -O3 -funroll-loops -O0 -ffunction-sections -fdata-sections -fPIC -g -gdwarf-4 -fno-omit-frame-pointer -m64 -Wall -c -D_GNU_SOURCE -D_REENTRANT -Iinclude -Iinclude -o src/witness.o src/witness.c
[INFO] [stderr]   cc -std=gnu11 -Wall -Wextra -Wsign-compare -Wundef -Wno-format-zero-length -Wpointer-arith -Wno-missing-braces -Wno-missing-field-initializers -Wno-missing-attributes -pipe -g3 -fvisibility=hidden -Wimplicit-fallthrough -Wdeprecated-declarations -O3 -funroll-loops -O0 -ffunction-sections -fdata-sections -fPIC -g -gdwarf-4 -fno-omit-frame-pointer -m64 -Wall -fPIC -DPIC -c -D_GNU_SOURCE -D_REENTRANT -Iinclude -Iinclude -o src/jemalloc.pic.o src/jemalloc.c
[INFO] [stderr]   cc -std=gnu11 -Wall -Wextra -Wsign-compare -Wundef -Wno-format-zero-length -Wpointer-arith -Wno-missing-braces -Wno-missing-field-initializers -Wno-missing-attributes -pipe -g3 -fvisibility=hidden -Wimplicit-fallthrough -Wdeprecated-declarations -O3 -funroll-loops -O0 -ffunction-sections -fdata-sections -fPIC -g -gdwarf-4 -fno-omit-frame-pointer -m64 -Wall -fPIC -DPIC -c -D_GNU_SOURCE -D_REENTRANT -Iinclude -Iinclude -o src/arena.pic.o src/arena.c
[INFO] [stderr]   cc -std=gnu11 -Wall -Wextra -Wsign-compare -Wundef -Wno-format-zero-length -Wpointer-arith -Wno-missing-braces -Wno-missing-field-initializers -Wno-missing-attributes -pipe -g3 -fvisibility=hidden -Wimplicit-fallthrough -Wdeprecated-declarations -O3 -funroll-loops -O0 -ffunction-sections -fdata-sections -fPIC -g -gdwarf-4 -fno-omit-frame-pointer -m64 -Wall -fPIC -DPIC -c -D_GNU_SOURCE -D_REENTRANT -Iinclude -Iinclude -o src/background_thread.pic.o src/background_thread.c
[INFO] [stderr]   cc -std=gnu11 -Wall -Wextra -Wsign-compare -Wundef -Wno-format-zero-length -Wpointer-arith -Wno-missing-braces -Wno-missing-field-initializers -Wno-missing-attributes -pipe -g3 -fvisibility=hidden -Wimplicit-fallthrough -Wdeprecated-declarations -O3 -funroll-loops -O0 -ffunction-sections -fdata-sections -fPIC -g -gdwarf-4 -fno-omit-frame-pointer -m64 -Wall -fPIC -DPIC -c -D_GNU_SOURCE -D_REENTRANT -Iinclude -Iinclude -o src/base.pic.o src/base.c
[INFO] [stderr]   cc -std=gnu11 -Wall -Wextra -Wsign-compare -Wundef -Wno-format-zero-length -Wpointer-arith -Wno-missing-braces -Wno-missing-field-initializers -Wno-missing-attributes -pipe -g3 -fvisibility=hidden -Wimplicit-fallthrough -Wdeprecated-declarations -O3 -funroll-loops -O0 -ffunction-sections -fdata-sections -fPIC -g -gdwarf-4 -fno-omit-frame-pointer -m64 -Wall -fPIC -DPIC -c -D_GNU_SOURCE -D_REENTRANT -Iinclude -Iinclude -o src/bin.pic.o src/bin.c
[INFO] [stderr]   cc -std=gnu11 -Wall -Wextra -Wsign-compare -Wundef -Wno-format-zero-length -Wpointer-arith -Wno-missing-braces -Wno-missing-field-initializers -Wno-missing-attributes -pipe -g3 -fvisibility=hidden -Wimplicit-fallthrough -Wdeprecated-declarations -O3 -funroll-loops -O0 -ffunction-sections -fdata-sections -fPIC -g -gdwarf-4 -fno-omit-frame-pointer -m64 -Wall -fPIC -DPIC -c -D_GNU_SOURCE -D_REENTRANT -Iinclude -Iinclude -o src/bin_info.pic.o src/bin_info.c
[INFO] [stderr]   cc -std=gnu11 -Wall -Wextra -Wsign-compare -Wundef -Wno-format-zero-length -Wpointer-arith -Wno-missing-braces -Wno-missing-field-initializers -Wno-missing-attributes -pipe -g3 -fvisibility=hidden -Wimplicit-fallthrough -Wdeprecated-declarations -O3 -funroll-loops -O0 -ffunction-sections -fdata-sections -fPIC -g -gdwarf-4 -fno-omit-frame-pointer -m64 -Wall -fPIC -DPIC -c -D_GNU_SOURCE -D_REENTRANT -Iinclude -Iinclude -o src/bitmap.pic.o src/bitmap.c
[INFO] [stderr]   cc -std=gnu11 -Wall -Wextra -Wsign-compare -Wundef -Wno-format-zero-length -Wpointer-arith -Wno-missing-braces -Wno-missing-field-initializers -Wno-missing-attributes -pipe -g3 -fvisibility=hidden -Wimplicit-fallthrough -Wdeprecated-declarations -O3 -funroll-loops -O0 -ffunction-sections -fdata-sections -fPIC -g -gdwarf-4 -fno-omit-frame-pointer -m64 -Wall -fPIC -DPIC -c -D_GNU_SOURCE -D_REENTRANT -Iinclude -Iinclude -o src/buf_writer.pic.o src/buf_writer.c
[INFO] [stderr]   cc -std=gnu11 -Wall -Wextra -Wsign-compare -Wundef -Wno-format-zero-length -Wpointer-arith -Wno-missing-braces -Wno-missing-field-initializers -Wno-missing-attributes -pipe -g3 -fvisibility=hidden -Wimplicit-fallthrough -Wdeprecated-declarations -O3 -funroll-loops -O0 -ffunction-sections -fdata-sections -fPIC -g -gdwarf-4 -fno-omit-frame-pointer -m64 -Wall -fPIC -DPIC -c -D_GNU_SOURCE -D_REENTRANT -Iinclude -Iinclude -o src/cache_bin.pic.o src/cache_bin.c
[INFO] [stderr]   cc -std=gnu11 -Wall -Wextra -Wsign-compare -Wundef -Wno-format-zero-length -Wpointer-arith -Wno-missing-braces -Wno-missing-field-initializers -Wno-missing-attributes -pipe -g3 -fvisibility=hidden -Wimplicit-fallthrough -Wdeprecated-declarations -O3 -funroll-loops -O0 -ffunction-sections -fdata-sections -fPIC -g -gdwarf-4 -fno-omit-frame-pointer -m64 -Wall -fPIC -DPIC -c -D_GNU_SOURCE -D_REENTRANT -Iinclude -Iinclude -o src/ckh.pic.o src/ckh.c
[INFO] [stderr]   cc -std=gnu11 -Wall -Wextra -Wsign-compare -Wundef -Wno-format-zero-length -Wpointer-arith -Wno-missing-braces -Wno-missing-field-initializers -Wno-missing-attributes -pipe -g3 -fvisibility=hidden -Wimplicit-fallthrough -Wdeprecated-declarations -O3 -funroll-loops -O0 -ffunction-sections -fdata-sections -fPIC -g -gdwarf-4 -fno-omit-frame-pointer -m64 -Wall -fPIC -DPIC -c -D_GNU_SOURCE -D_REENTRANT -Iinclude -Iinclude -o src/counter.pic.o src/counter.c
[INFO] [stderr]   cc -std=gnu11 -Wall -Wextra -Wsign-compare -Wundef -Wno-format-zero-length -Wpointer-arith -Wno-missing-braces -Wno-missing-field-initializers -Wno-missing-attributes -pipe -g3 -fvisibility=hidden -Wimplicit-fallthrough -Wdeprecated-declarations -O3 -funroll-loops -O0 -ffunction-sections -fdata-sections -fPIC -g -gdwarf-4 -fno-omit-frame-pointer -m64 -Wall -fPIC -DPIC -c -D_GNU_SOURCE -D_REENTRANT -Iinclude -Iinclude -o src/ctl.pic.o src/ctl.c
[INFO] [stderr]   cc -std=gnu11 -Wall -Wextra -Wsign-compare -Wundef -Wno-format-zero-length -Wpointer-arith -Wno-missing-braces -Wno-missing-field-initializers -Wno-missing-attributes -pipe -g3 -fvisibility=hidden -Wimplicit-fallthrough -Wdeprecated-declarations -O3 -funroll-loops -O0 -ffunction-sections -fdata-sections -fPIC -g -gdwarf-4 -fno-omit-frame-pointer -m64 -Wall -fPIC -DPIC -c -D_GNU_SOURCE -D_REENTRANT -Iinclude -Iinclude -o src/decay.pic.o src/decay.c
[INFO] [stderr]   cc -std=gnu11 -Wall -Wextra -Wsign-compare -Wundef -Wno-format-zero-length -Wpointer-arith -Wno-missing-braces -Wno-missing-field-initializers -Wno-missing-attributes -pipe -g3 -fvisibility=hidden -Wimplicit-fallthrough -Wdeprecated-declarations -O3 -funroll-loops -O0 -ffunction-sections -fdata-sections -fPIC -g -gdwarf-4 -fno-omit-frame-pointer -m64 -Wall -fPIC -DPIC -c -D_GNU_SOURCE -D_REENTRANT -Iinclude -Iinclude -o src/div.pic.o src/div.c
[INFO] [stderr]   cc -std=gnu11 -Wall -Wextra -Wsign-compare -Wundef -Wno-format-zero-length -Wpointer-arith -Wno-missing-braces -Wno-missing-field-initializers -Wno-missing-attributes -pipe -g3 -fvisibility=hidden -Wimplicit-fallthrough -Wdeprecated-declarations -O3 -funroll-loops -O0 -ffunction-sections -fdata-sections -fPIC -g -gdwarf-4 -fno-omit-frame-pointer -m64 -Wall -fPIC -DPIC -c -D_GNU_SOURCE -D_REENTRANT -Iinclude -Iinclude -o src/ecache.pic.o src/ecache.c
[INFO] [stderr]   cc -std=gnu11 -Wall -Wextra -Wsign-compare -Wundef -Wno-format-zero-length -Wpointer-arith -Wno-missing-braces -Wno-missing-field-initializers -Wno-missing-attributes -pipe -g3 -fvisibility=hidden -Wimplicit-fallthrough -Wdeprecated-declarations -O3 -funroll-loops -O0 -ffunction-sections -fdata-sections -fPIC -g -gdwarf-4 -fno-omit-frame-pointer -m64 -Wall -fPIC -DPIC -c -D_GNU_SOURCE -D_REENTRANT -Iinclude -Iinclude -o src/edata.pic.o src/edata.c
[INFO] [stderr]   cc -std=gnu11 -Wall -Wextra -Wsign-compare -Wundef -Wno-format-zero-length -Wpointer-arith -Wno-missing-braces -Wno-missing-field-initializers -Wno-missing-attributes -pipe -g3 -fvisibility=hidden -Wimplicit-fallthrough -Wdeprecated-declarations -O3 -funroll-loops -O0 -ffunction-sections -fdata-sections -fPIC -g -gdwarf-4 -fno-omit-frame-pointer -m64 -Wall -fPIC -DPIC -c -D_GNU_SOURCE -D_REENTRANT -Iinclude -Iinclude -o src/edata_cache.pic.o src/edata_cache.c
[INFO] [stderr]   cc -std=gnu11 -Wall -Wextra -Wsign-compare -Wundef -Wno-format-zero-length -Wpointer-arith -Wno-missing-braces -Wno-missing-field-initializers -Wno-missing-attributes -pipe -g3 -fvisibility=hidden -Wimplicit-fallthrough -Wdeprecated-declarations -O3 -funroll-loops -O0 -ffunction-sections -fdata-sections -fPIC -g -gdwarf-4 -fno-omit-frame-pointer -m64 -Wall -fPIC -DPIC -c -D_GNU_SOURCE -D_REENTRANT -Iinclude -Iinclude -o src/ehooks.pic.o src/ehooks.c
[INFO] [stderr]   cc -std=gnu11 -Wall -Wextra -Wsign-compare -Wundef -Wno-format-zero-length -Wpointer-arith -Wno-missing-braces -Wno-missing-field-initializers -Wno-missing-attributes -pipe -g3 -fvisibility=hidden -Wimplicit-fallthrough -Wdeprecated-declarations -O3 -funroll-loops -O0 -ffunction-sections -fdata-sections -fPIC -g -gdwarf-4 -fno-omit-frame-pointer -m64 -Wall -fPIC -DPIC -c -D_GNU_SOURCE -D_REENTRANT -Iinclude -Iinclude -o src/emap.pic.o src/emap.c
[INFO] [stderr]   cc -std=gnu11 -Wall -Wextra -Wsign-compare -Wundef -Wno-format-zero-length -Wpointer-arith -Wno-missing-braces -Wno-missing-field-initializers -Wno-missing-attributes -pipe -g3 -fvisibility=hidden -Wimplicit-fallthrough -Wdeprecated-declarations -O3 -funroll-loops -O0 -ffunction-sections -fdata-sections -fPIC -g -gdwarf-4 -fno-omit-frame-pointer -m64 -Wall -fPIC -DPIC -c -D_GNU_SOURCE -D_REENTRANT -Iinclude -Iinclude -o src/eset.pic.o src/eset.c
[INFO] [stderr]   cc -std=gnu11 -Wall -Wextra -Wsign-compare -Wundef -Wno-format-zero-length -Wpointer-arith -Wno-missing-braces -Wno-missing-field-initializers -Wno-missing-attributes -pipe -g3 -fvisibility=hidden -Wimplicit-fallthrough -Wdeprecated-declarations -O3 -funroll-loops -O0 -ffunction-sections -fdata-sections -fPIC -g -gdwarf-4 -fno-omit-frame-pointer -m64 -Wall -fPIC -DPIC -c -D_GNU_SOURCE -D_REENTRANT -Iinclude -Iinclude -o src/exp_grow.pic.o src/exp_grow.c
[INFO] [stderr] 
[INFO] [stderr]   --- stderr
[INFO] [stderr]   Assembler messages:
[INFO] [stderr]   {standard input}:165368: Warning: end of file in string; '"' inserted
[INFO] [stderr]   cc: fatal error: Killed signal terminated program cc1
[INFO] [stderr]   compilation terminated.
[INFO] [stderr]   make: *** [Makefile:509: src/jemalloc.o] Error 1
[INFO] [stderr]   make: *** Waiting for unfinished jobs....
[INFO] [stderr] 
[INFO] [stderr]   thread 'main' (7588) panicked at /opt/rustwide/cargo-home/registry/src/index.crates.io-1949cf8c6b5b557f/tikv-jemalloc-sys-0.7.1+5.3.1-0-g81034ce1f1373e37dc865038e1bc8eeecf559ce8/build.rs:441:9:
[INFO] [stderr]   command did not execute successfully: cd "/opt/rustwide/target/debug/build/tikv-jemalloc-sys/49ddf403ca7f06b4/out/build" && MAKEFLAGS="-j --jobserver-fds=4,5 --jobserver-auth=4,5" "make"
[INFO] [stderr]   expected success, got: exit status: 2
[INFO] [stderr]   stack backtrace:
[INFO] [stderr]      0:     0x635b2f523841 - std[424fb19f2a9daa83]::backtrace_rs::backtrace::libunwind::trace
[INFO] [stderr]                                  at /rustc/40527f3e444fde1deb361751bdef9b9e11d1b971/library/std/src/../../backtrace/src/backtrace/libunwind.rs:117:9
[INFO] [stderr]      1:     0x635b2f523841 - std[424fb19f2a9daa83]::backtrace_rs::backtrace::trace_unsynchronized::<std[424fb19f2a9daa83]::sys::backtrace::_print_fmt::{closure#1}>
[INFO] [stderr]                                  at /rustc/40527f3e444fde1deb361751bdef9b9e11d1b971/library/std/src/../../backtrace/src/backtrace/mod.rs:66:14
[INFO] [stderr]      2:     0x635b2f523841 - std[424fb19f2a9daa83]::sys::backtrace::_print_fmt
[INFO] [stderr]                                  at /rustc/40527f3e444fde1deb361751bdef9b9e11d1b971/library/std/src/sys/backtrace.rs:74:9
[INFO] [stderr]      3:     0x635b2f523841 - <<std[424fb19f2a9daa83]::sys::backtrace::BacktraceLock>::print::DisplayBacktrace as core[717fc4f5b532b94f]::fmt::Display>::fmt
[INFO] [stderr]                                  at /rustc/40527f3e444fde1deb361751bdef9b9e11d1b971/library/std/src/sys/backtrace.rs:44:26
[INFO] [stderr]      4:     0x635b2f53918a - <core[717fc4f5b532b94f]::fmt::rt::Argument>::fmt
[INFO] [stderr]                                  at /rustc/40527f3e444fde1deb361751bdef9b9e11d1b971/library/core/src/fmt/rt.rs:152:76
[INFO] [stderr]      5:     0x635b2f53918a - core[717fc4f5b532b94f]::fmt::write
[INFO] [stderr]      6:     0x635b2f529c8c - core[717fc4f5b532b94f]::io::write::default_write_fmt::<std[424fb19f2a9daa83]::sys::stdio::unix::Stderr>
[INFO] [stderr]                                  at /rustc/40527f3e444fde1deb361751bdef9b9e11d1b971/library/core/src/io/write.rs:402:11
[INFO] [stderr]      7:     0x635b2f529c8c - <std[424fb19f2a9daa83]::sys::stdio::unix::Stderr as core[717fc4f5b532b94f]::io::write::Write>::write_fmt
[INFO] [stderr]                                  at /rustc/40527f3e444fde1deb361751bdef9b9e11d1b971/library/core/src/io/write.rs:335:13
[INFO] [stderr]      8:     0x635b2f4fc566 - <std[424fb19f2a9daa83]::sys::backtrace::BacktraceLock>::print
[INFO] [stderr]                                  at /rustc/40527f3e444fde1deb361751bdef9b9e11d1b971/library/std/src/sys/backtrace.rs:47:9
[INFO] [stderr]      9:     0x635b2f4fc566 - std[424fb19f2a9daa83]::panicking::default_hook::{closure#0}
[INFO] [stderr]                                  at /rustc/40527f3e444fde1deb361751bdef9b9e11d1b971/library/std/src/panicking.rs:289:27
[INFO] [stderr]     10:     0x635b2f51a771 - std[424fb19f2a9daa83]::panicking::default_hook
[INFO] [stderr]                                  at /rustc/40527f3e444fde1deb361751bdef9b9e11d1b971/library/std/src/panicking.rs:316:9
[INFO] [stderr]     11:     0x635b2f51a92b - std[424fb19f2a9daa83]::panicking::panic_with_hook
[INFO] [stderr]                                  at /rustc/40527f3e444fde1deb361751bdef9b9e11d1b971/library/std/src/panicking.rs:811:13
[INFO] [stderr]     12:     0x635b2f4fc612 - std[424fb19f2a9daa83]::panicking::panic_handler::{closure#0}
[INFO] [stderr]                                  at /rustc/40527f3e444fde1deb361751bdef9b9e11d1b971/library/std/src/panicking.rs:685:13
[INFO] [stderr]     13:     0x635b2f4f4ce9 - std[424fb19f2a9daa83]::sys::backtrace::__rust_end_short_backtrace::<std[424fb19f2a9daa83]::panicking::panic_handler::{closure#0}, !>
[INFO] [stderr]                                  at /rustc/40527f3e444fde1deb361751bdef9b9e11d1b971/library/std/src/sys/backtrace.rs:182:18
[INFO] [stderr]     14:     0x635b2f4fd2fd - __rustc[1fc61c0a089715c4]::rust_begin_unwind
[INFO] [stderr]                                  at /rustc/40527f3e444fde1deb361751bdef9b9e11d1b971/library/std/src/panicking.rs:676:5
[INFO] [stderr]     15:     0x635b2f53997c - core[717fc4f5b532b94f]::panicking::panic_fmt
[INFO] [stderr]                                  at /rustc/40527f3e444fde1deb361751bdef9b9e11d1b971/library/core/src/panicking.rs:80:14
[INFO] [stderr]     16:     0x635b2f4553cf - build_script_build[5080b6cd309a25f9]::execute::<build_script_build[5080b6cd309a25f9]::run::{closure#0}>
[INFO] [stderr]     17:     0x635b2f457b4e - build_script_build[5080b6cd309a25f9]::run
[INFO] [stderr]     18:     0x635b2f45b5e2 - build_script_build[5080b6cd309a25f9]::main
[INFO] [stderr]     19:     0x635b2f45e003 - <fn() as core[717fc4f5b532b94f]::ops::function::FnOnce<()>>::call_once
[INFO] [stderr]     20:     0x635b2f45649e - std[424fb19f2a9daa83]::sys::backtrace::__rust_begin_short_backtrace::<fn(), ()>
[INFO] [stderr]     21:     0x635b2f456779 - std[424fb19f2a9daa83]::rt::lang_start::<()>::{closure#0}
[INFO] [stderr]     22:     0x635b2f519a78 - <&dyn core[717fc4f5b532b94f]::ops::function::Fn<(), Output = i32> + core[717fc4f5b532b94f]::panic::unwind_safe::RefUnwindSafe + core[717fc4f5b532b94f]::marker::Sync as core[717fc4f5b532b94f]::ops::function::FnOnce<()>>::call_once
[INFO] [stderr]                                  at /rustc/40527f3e444fde1deb361751bdef9b9e11d1b971/library/core/src/ops/function.rs:287:21
[INFO] [stderr]     23:     0x635b2f519a78 - std[424fb19f2a9daa83]::panicking::catch_unwind::do_call::<&dyn core[717fc4f5b532b94f]::ops::function::Fn<(), Output = i32> + core[717fc4f5b532b94f]::panic::unwind_safe::RefUnwindSafe + core[717fc4f5b532b94f]::marker::Sync, i32>
[INFO] [stderr]                                  at /rustc/40527f3e444fde1deb361751bdef9b9e11d1b971/library/std/src/panicking.rs:573:43
[INFO] [stderr]     24:     0x635b2f519a78 - std[424fb19f2a9daa83]::panicking::catch_unwind::<i32, &dyn core[717fc4f5b532b94f]::ops::function::Fn<(), Output = i32> + core[717fc4f5b532b94f]::panic::unwind_safe::RefUnwindSafe + core[717fc4f5b532b94f]::marker::Sync>
[INFO] [stderr]                                  at /rustc/40527f3e444fde1deb361751bdef9b9e11d1b971/library/std/src/panicking.rs:541:19
[INFO] [stderr]     25:     0x635b2f519a78 - std[424fb19f2a9daa83]::panic::catch_unwind::<&dyn core[717fc4f5b532b94f]::ops::function::Fn<(), Output = i32> + core[717fc4f5b532b94f]::panic::unwind_safe::RefUnwindSafe + core[717fc4f5b532b94f]::marker::Sync, i32>
[INFO] [stderr]                                  at /rustc/40527f3e444fde1deb361751bdef9b9e11d1b971/library/std/src/panic.rs:359:14
[INFO] [stderr]     26:     0x635b2f519a78 - std[424fb19f2a9daa83]::rt::lang_start_internal::{closure#0}
[INFO] [stderr]                                  at /rustc/40527f3e444fde1deb361751bdef9b9e11d1b971/library/std/src/rt.rs:175:24
[INFO] [stderr]     27:     0x635b2f519a78 - std[424fb19f2a9daa83]::panicking::catch_unwind::do_call::<std[424fb19f2a9daa83]::rt::lang_start_internal::{closure#0}, isize>
[INFO] [stderr]                                  at /rustc/40527f3e444fde1deb361751bdef9b9e11d1b971/library/std/src/panicking.rs:573:43
[INFO] [stderr]     28:     0x635b2f519a78 - std[424fb19f2a9daa83]::panicking::catch_unwind::<isize, std[424fb19f2a9daa83]::rt::lang_start_internal::{closure#0}>
[INFO] [stderr]                                  at /rustc/40527f3e444fde1deb361751bdef9b9e11d1b971/library/std/src/panicking.rs:541:19
[INFO] [stderr]     29:     0x635b2f519a78 - std[424fb19f2a9daa83]::panic::catch_unwind::<std[424fb19f2a9daa83]::rt::lang_start_internal::{closure#0}, isize>
[INFO] [stderr]                                  at /rustc/40527f3e444fde1deb361751bdef9b9e11d1b971/library/std/src/panic.rs:359:14
[INFO] [stderr]     30:     0x635b2f519a78 - std[424fb19f2a9daa83]::rt::lang_start_internal
[INFO] [stderr]                                  at /rustc/40527f3e444fde1deb361751bdef9b9e11d1b971/library/std/src/rt.rs:171:5
[INFO] [stderr]     31:     0x635b2f4563e1 - std[424fb19f2a9daa83]::rt::lang_start::<()>
[INFO] [stderr]     32:     0x635b2f45e085 - main
[INFO] [stderr]     33:     0x76ef4c5a3601 - <unknown>
[INFO] [stderr]     34:     0x76ef4c5a3718 - __libc_start_main
[INFO] [stderr]     35:     0x635b2f4544d5 - _start
[INFO] [stderr]     36:                0x0 - <unknown>
[INFO] running `Command { std: "docker" "inspect" "bb5ff20b9a1f2cc3466e140925c2332f93a6fe3a75ad0253ec39acf0a3d05e71", kill_on_drop: false }`
[INFO] running `Command { std: "docker" "rm" "-f" "bb5ff20b9a1f2cc3466e140925c2332f93a6fe3a75ad0253ec39acf0a3d05e71", kill_on_drop: false }`
[INFO] [stdout] bb5ff20b9a1f2cc3466e140925c2332f93a6fe3a75ad0253ec39acf0a3d05e71
